{"id":12201,"date":"2021-07-28T10:53:09","date_gmt":"2021-07-28T10:53:09","guid":{"rendered":"http:\/\/campingland24.com\/?product=coleman-kobuk-zelt-3-4-personen-3-4-mann-zelt-igluzelt-festivalzelt-leichtes-kuppelzelt-mit-vorzelt-patentierte-nachtschwarz-schlafkabine-wasserdicht-ws-4-500-mm"},"modified":"2023-02-23T18:38:05","modified_gmt":"2023-02-23T18:38:05","slug":"coleman-kobuk-zelt-3-4-personen-3-4-mann-zelt-igluzelt-festivalzelt-leichtes-kuppelzelt-mit-vorzelt-patentierte-nachtschwarz-schlafkabine-wasserdicht-ws-4-500-mm","status":"publish","type":"product","link":"http:\/\/campingland24.com\/?product=coleman-kobuk-zelt-3-4-personen-3-4-mann-zelt-igluzelt-festivalzelt-leichtes-kuppelzelt-mit-vorzelt-patentierte-nachtschwarz-schlafkabine-wasserdicht-ws-4-500-mm","title":{"rendered":"Coleman Kobuk 3 Plus Zelt, 3 Personen, 3 Mann Zelt, Igluzelt, Wasserdicht WS 4.500 mm"},"content":{"rendered":"<p><!-- show up to 2 reviews by default --> <\/p>\n<h5>Coleman Kobuk Valley Active-Zelt<\/h5>\n<p>Die bahnbrechenden Nachtschwarz-Schlafkabinen von Coleman revolutionieren das Schlaferlebnis beim Campen. Ideal geeignet f\u00fcr Eltern und lichtempfindliche Menschen. Unsere, zum Patent angemeldete, Technologie h\u00e4lt bis zu 99% des Tageslichtes aus Ihrem Schlafbereich fern. So schlafen Sie nicht nur l\u00e4nger, sondern auch erholsamer.<\/p>\n<p>Das Kobuk Valley ist ein kompaktes Kuppelzelt und mit der revolution\u00e4ren und zum Patent angemeldeten Nachtschwarz-Schlafkabine ausgestattet.<\/p>\n<p>Das Kobuk Valley ist durch die Kuppelkonstruktion schnell und einfach aufzubauen. Der komfortable Schlafbereich des Zeltes bietet gen\u00fcgend Platz f\u00fcr 3 oder 4 Personen und der praktische Vorraum ist ideal zum Verstauen von Ausr\u00fcstung oder schlammigen Stiefeln.<\/p>\n<p>Das Kobuk Valley ist so konzipiert, dass es bei jedem Wetter zuverl\u00e4ssigen Schutz bietet. Das wasserdichte Au\u00dfenzelt, gepaart mit windunempfindlichem Fiberglasgest\u00e4nge, h\u00e4lt 4.500 mm Wassers\u00e4ule stand.<\/p>\n<p>Der voll integrierte Boden sorgt f\u00fcr eine saubere, trockene und m\u00fcckenfreie Umgebung im Innern des Zeltes und die gro\u00dfz\u00fcgige Bel\u00fcftungssystem reduziert das Risiko von Kondensation.<\/p>\n<p>Alle Gewebe des Zeltes sind feuerhemmend und mit dem Coleman UVGuard haben Sie einen Sonnenschutz mit SF50.<\/p>\n<ul>\n<li>Personen: 3 oder 4 Personen<\/li>\n<li>Aufbau: Innenzelt zuerst<\/li>\n<li>Struktur: Kuppel<\/li>\n<li>Gest\u00e4nge: Fiberglas<\/li>\n<li>Boden: Herausnehmbarer PE Boden (Wohnraum) \/ PE, verschwei\u00dft, vollst\u00e4ndig integriert (Schlafbereich)<\/li>\n<li>Au\u00dfenzelt: Polyester, PU \u00fcberzogen, feuerhemmend<\/li>\n<li>Innenzelt: Atmungsaktives Polyester, PU \u00fcberzogen, Moskitonetz<\/li>\n<li>N\u00e4hte: Abgeklebt<\/li>\n<li>Tragetasche (Polyester): Inklusive<\/li>\n<li>Wassers\u00e4ule: 4.500 mm<\/li>\n<\/ul>\n<p>Nachschwarz-Schlafbereich (99% weniger Tageslicht) f\u00fcr einen erholsamen und vor allem langen Schlaf bis weit in den Morgen, ohne st\u00f6rende Sonnenstrahlen, oder Lichteinstrahlung in der Nacht<br \/>\nEin weiterer Vorteil des Nachtschwarz-Schlafbereichs ist, dass die Innenzelttemperatur an hei\u00dfen Tagen bis zu 5\u00b0 Celsius k\u00fchler ist.<br \/>\nReflektierende Abspannseile, Regensch\u00fcrze und Fiberglasgest\u00e4nge. Die N\u00e4hte sind geklebt und tragen zu einer besseren Wasserdichtheit bei<br \/>\nMit Moskitonetz und Bel\u00fcftungsschlitzen im Schlafbereich. Ferner sind im Lieferumfang Abspannleinen, Heringe f\u00fcr Grasboden sowie eine Transporttasche enthalten<br \/>\nInnenabmessungen Schlafbereich (LxBxH): 210 x 180 x 120 cm. Stauraum (LxBxH): 110 x 100 x 120 cm<br \/>\n<div class=\"main-cross-sell\" data-asin=\"B01M5FQ8NX\">\n\n\t<div class=\"WooZone-cross-sell-loader\">\n\t\t<div>\n\t\t\t<div id=\"floatingBarsG\">\n\t\t\t\t<div class=\"blockG\" id=\"rotateG_01\"><\/div>\n\t\t\t\t<div class=\"blockG\" id=\"rotateG_02\"><\/div>\n\t\t\t\t<div class=\"blockG\" id=\"rotateG_03\"><\/div>\n\t\t\t\t<div class=\"blockG\" id=\"rotateG_04\"><\/div>\n\t\t\t\t<div class=\"blockG\" id=\"rotateG_05\"><\/div>\n\t\t\t\t<div class=\"blockG\" id=\"rotateG_06\"><\/div>\n\t\t\t\t<div class=\"blockG\" id=\"rotateG_07\"><\/div>\n\t\t\t\t<div class=\"blockG\" id=\"rotateG_08\"><\/div>\n\t\t\t<\/div>\n\t\t\t<div class=\"WooZone-cross-sell-loader-text\"><\/div>\n\t\t<\/div>\n\t<\/div>\n\n\t\t\n<\/div>\n<div style=\"clear:both;\"><\/div><\/p>\n","protected":false},"excerpt":{"rendered":"<p>Nachschwarz-Schlafbereich (99% weniger Tageslicht) f\u00fcr einen erholsamen und vor allem langen Schlaf bis weit in den Morgen, ohne st\u00f6rende Sonnenstrahlen, oder Lichteinstrahlung in der Nacht<br \/>\nEin weiterer Vorteil des Nachtschwarz-Schlafbereichs ist, dass die Innenzelttemperatur an hei\u00dfen Tagen bis zu 5\u00b0 Celsius k\u00fchler ist.<br \/>\nReflektierende Abspannseile, Regensch\u00fcrze und Fiberglasgest\u00e4nge. Die N\u00e4hte sind geklebt und tragen zu einer besseren Wasserdichtheit bei<\/p>\n","protected":false},"featured_media":12202,"comment_status":"open","ping_status":"closed","template":"","meta":[],"product_cat":[70,19],"product_tag":[],"_links":{"self":[{"href":"http:\/\/campingland24.com\/index.php?rest_route=\/wp\/v2\/product\/12201"}],"collection":[{"href":"http:\/\/campingland24.com\/index.php?rest_route=\/wp\/v2\/product"}],"about":[{"href":"http:\/\/campingland24.com\/index.php?rest_route=\/wp\/v2\/types\/product"}],"replies":[{"embeddable":true,"href":"http:\/\/campingland24.com\/index.php?rest_route=%2Fwp%2Fv2%2Fcomments&post=12201"}],"version-history":[{"count":4,"href":"http:\/\/campingland24.com\/index.php?rest_route=\/wp\/v2\/product\/12201\/revisions"}],"predecessor-version":[{"id":19977,"href":"http:\/\/campingland24.com\/index.php?rest_route=\/wp\/v2\/product\/12201\/revisions\/19977"}],"wp:featuredmedia":[{"embeddable":true,"href":"http:\/\/campingland24.com\/index.php?rest_route=\/wp\/v2\/media\/12202"}],"wp:attachment":[{"href":"http:\/\/campingland24.com\/index.php?rest_route=%2Fwp%2Fv2%2Fmedia&parent=12201"}],"wp:term":[{"taxonomy":"product_cat","embeddable":true,"href":"http:\/\/campingland24.com\/index.php?rest_route=%2Fwp%2Fv2%2Fproduct_cat&post=12201"},{"taxonomy":"product_tag","embeddable":true,"href":"http:\/\/campingland24.com\/index.php?rest_route=%2Fwp%2Fv2%2Fproduct_tag&post=12201"}],"curies":[{"name":"wp","href":"https:\/\/api.w.org\/{rel}","templated":true}]}}