{"id":12290,"date":"2021-07-28T11:32:20","date_gmt":"2021-07-28T11:32:20","guid":{"rendered":"http:\/\/campingland24.com\/?product=salewa-zelt-sierra-leone-3-3-personen-zelt"},"modified":"2023-02-23T18:38:06","modified_gmt":"2023-02-23T18:38:06","slug":"salewa-zelt-sierra-leone-3-3-personen-zelt","status":"publish","type":"product","link":"http:\/\/campingland24.com\/?product=salewa-zelt-sierra-leone-3-3-personen-zelt","title":{"rendered":"Salewa Zelt Sierra Leone 3-3 Personen Zelt"},"content":{"rendered":"<p><!-- show up to 2 reviews by default --> <\/p>\n<p>Gewicht: 3,4kg Wassers\u00e4ule Au\u00dfenzelt 3,000mm Wassers\u00e4ule Boden 5,000mm Packma\u00df 40 x 23cm Windschutz (im Windkanal getestet)Min. 100 km\/h Windst\u00e4rke &#8211; getestet im Windkanal der Technischen Universit\u00e4t M\u00fcnchen Ma\u00dfe: Au\u00dfen 365 x 200 x 116 cm Ma\u00dfe: Innen 210 x 180 cm, 106\/80 cm Material Au\u00dfen: 100% Polyester (50D Polyester Ripstop, PU beschichtet) Wassers\u00e4ule: 3.000 mm Material Boden: 100% Nylon (70D Nylon Ripstop, PU beschichtet)Wassers\u00e4ule: 5.000 mm Material Innenzelt: 100% Polyester (66D Polyester Ripstop) mit Netz und Netzeingang Gest\u00e4nge: 4 x Aluminium 7001 T6 8,5 mm Sierra Leone 3 Personen Zelt Ebenfalls ein Zelt mit 100 % freistehender Konstruktion mit allen Vorteilen auf felsigem Grund oder wenn kein Platz f\u00fcr Abspannleinen und Heringe ist. Die Apside wird bereits mit dem Gest\u00e4nge geformt. Eine Regenrinne h\u00e4lt Wasser vom Eingang fern und leitet es seitlich ab. Das Zelt ist schnell aufzubauen u <\/p>\n<p>3,78m\u00b2 Innenzeltfl\u00e4che<br \/>\nWassers\u00e4ule: Au\u00dfenzelt 3000mm, Boden 5000mm<br \/>\nH\u00f6he Innenzelt: 1,06m<br \/>\nWindschutz: min. 100km\/h Windst\u00e4rke<br \/>\nSeitliche Ableitung von Regenwasser am Eingang<br \/>\n<div class=\"main-cross-sell\" data-asin=\"B01N5LQ7KX\">\n\n\t<div class=\"WooZone-cross-sell-loader\">\n\t\t<div>\n\t\t\t<div id=\"floatingBarsG\">\n\t\t\t\t<div class=\"blockG\" id=\"rotateG_01\"><\/div>\n\t\t\t\t<div class=\"blockG\" id=\"rotateG_02\"><\/div>\n\t\t\t\t<div class=\"blockG\" id=\"rotateG_03\"><\/div>\n\t\t\t\t<div class=\"blockG\" id=\"rotateG_04\"><\/div>\n\t\t\t\t<div class=\"blockG\" id=\"rotateG_05\"><\/div>\n\t\t\t\t<div class=\"blockG\" id=\"rotateG_06\"><\/div>\n\t\t\t\t<div class=\"blockG\" id=\"rotateG_07\"><\/div>\n\t\t\t\t<div class=\"blockG\" id=\"rotateG_08\"><\/div>\n\t\t\t<\/div>\n\t\t\t<div class=\"WooZone-cross-sell-loader-text\"><\/div>\n\t\t<\/div>\n\t<\/div>\n\n\t\t\n<\/div>\n<div style=\"clear:both;\"><\/div><\/p>\n","protected":false},"excerpt":{"rendered":"<p>3,78m\u00b2 Innenzeltfl\u00e4che<br \/>\nWassers\u00e4ule: Au\u00dfenzelt 3000mm, Boden 5000mm<br \/>\nH\u00f6he Innenzelt: 1,06m<\/p>\n","protected":false},"featured_media":12291,"comment_status":"open","ping_status":"closed","template":"","meta":[],"product_cat":[70,19],"product_tag":[],"_links":{"self":[{"href":"http:\/\/campingland24.com\/index.php?rest_route=\/wp\/v2\/product\/12290"}],"collection":[{"href":"http:\/\/campingland24.com\/index.php?rest_route=\/wp\/v2\/product"}],"about":[{"href":"http:\/\/campingland24.com\/index.php?rest_route=\/wp\/v2\/types\/product"}],"replies":[{"embeddable":true,"href":"http:\/\/campingland24.com\/index.php?rest_route=%2Fwp%2Fv2%2Fcomments&post=12290"}],"version-history":[{"count":1,"href":"http:\/\/campingland24.com\/index.php?rest_route=\/wp\/v2\/product\/12290\/revisions"}],"predecessor-version":[{"id":14136,"href":"http:\/\/campingland24.com\/index.php?rest_route=\/wp\/v2\/product\/12290\/revisions\/14136"}],"wp:featuredmedia":[{"embeddable":true,"href":"http:\/\/campingland24.com\/index.php?rest_route=\/wp\/v2\/media\/12291"}],"wp:attachment":[{"href":"http:\/\/campingland24.com\/index.php?rest_route=%2Fwp%2Fv2%2Fmedia&parent=12290"}],"wp:term":[{"taxonomy":"product_cat","embeddable":true,"href":"http:\/\/campingland24.com\/index.php?rest_route=%2Fwp%2Fv2%2Fproduct_cat&post=12290"},{"taxonomy":"product_tag","embeddable":true,"href":"http:\/\/campingland24.com\/index.php?rest_route=%2Fwp%2Fv2%2Fproduct_tag&post=12290"}],"curies":[{"name":"wp","href":"https:\/\/api.w.org\/{rel}","templated":true}]}}