{"id":12324,"date":"2021-07-28T11:32:42","date_gmt":"2021-07-28T11:32:42","guid":{"rendered":"http:\/\/campingland24.com\/?product=coleman-tunnelzelt-pinto-mountain-5-plus"},"modified":"2023-02-23T18:38:07","modified_gmt":"2023-02-23T18:38:07","slug":"coleman-tunnelzelt-pinto-mountain-5-plus","status":"publish","type":"product","link":"http:\/\/campingland24.com\/?product=coleman-tunnelzelt-pinto-mountain-5-plus","title":{"rendered":"Coleman Tunnelzelt Pinto Mountain 5 Plus"},"content":{"rendered":"<p><!-- show up to 2 reviews by default --><br \/>\nZwei gro\u00dfe verdunkelte-Schlafkabinen: bis zu 99% des Tageslichts werden blockiert und sorgen f\u00fcr einen erholsamen Schlaf; au\u00dferdem ist es innen auch tags\u00fcber bis zu 5\u00b0C k\u00fchler<br \/>\nGro\u00dfe, stabiles f\u00fcnf Personen Tunnelzelt: einfach aufzubauen; flexibles Fiberglasgest\u00e4nge f\u00fcr die ultimative Balance von Stabilit\u00e4t und Gewicht h\u00e4lt selbst starkem Wind Stand<br \/>\nPraktischer Vorraum: gro\u00df genug f\u00fcr die Aufbewahrung von Ausr\u00fcstung und Schuhen; PVC-Fenstern mit Verdunkelungsm\u00f6glichkeit bieten eine gute Balance zwischen Lichteinfall und Privatsph\u00e4re<br \/>\n100% wasserdichtes Zelt: 4500mm Wassers\u00e4ule in Kombination mit abgeklebten N\u00e4hten und vollst\u00e4ndig eingen\u00e4hter Bodenplane, absolut wasserdicht; UV Guard 50+ bietet hohen Schutz bei Sonneneinstrahlung<br \/>\nGr\u00f6\u00dfe Zelt aufgebaut: 6,3 x 3,1 x 1,85 m (LxBxH); Schlafkabine: 6m\u00b2 + Vorraum: 9,8m\u00b2 = 15, 8m\u00b2; Packma\u00df: 70 x 32 x 30 cm; Gewicht: 16,8 kg; inkl. Tragetasche, Abspannseile und ausreichend Zeltheringe<br \/>\n<div class=\"main-cross-sell\" data-asin=\"B0798RD5Z1\">\n\n\t<div class=\"WooZone-cross-sell-loader\">\n\t\t<div>\n\t\t\t<div id=\"floatingBarsG\">\n\t\t\t\t<div class=\"blockG\" id=\"rotateG_01\"><\/div>\n\t\t\t\t<div class=\"blockG\" id=\"rotateG_02\"><\/div>\n\t\t\t\t<div class=\"blockG\" id=\"rotateG_03\"><\/div>\n\t\t\t\t<div class=\"blockG\" id=\"rotateG_04\"><\/div>\n\t\t\t\t<div class=\"blockG\" id=\"rotateG_05\"><\/div>\n\t\t\t\t<div class=\"blockG\" id=\"rotateG_06\"><\/div>\n\t\t\t\t<div class=\"blockG\" id=\"rotateG_07\"><\/div>\n\t\t\t\t<div class=\"blockG\" id=\"rotateG_08\"><\/div>\n\t\t\t<\/div>\n\t\t\t<div class=\"WooZone-cross-sell-loader-text\"><\/div>\n\t\t<\/div>\n\t<\/div>\n\n\t\t\n<\/div>\n<div style=\"clear:both;\"><\/div><\/p>\n","protected":false},"excerpt":{"rendered":"<p>Zwei gro\u00dfe verdunkelte-Schlafkabinen: bis zu 99% des Tageslichts werden blockiert und sorgen f\u00fcr einen erholsamen Schlaf; au\u00dferdem ist es innen auch tags\u00fcber bis zu 5\u00b0C k\u00fchler<br \/>\nGro\u00dfe, stabiles f\u00fcnf Personen Tunnelzelt: einfach aufzubauen; flexibles Fiberglasgest\u00e4nge f\u00fcr die ultimative Balance von Stabilit\u00e4t und Gewicht h\u00e4lt selbst starkem Wind Stand<br \/>\nPraktischer Vorraum: gro\u00df genug f\u00fcr die Aufbewahrung von Ausr\u00fcstung und Schuhen; PVC-Fenstern mit Verdunkelungsm\u00f6glichkeit bieten eine gute Balance zwischen Lichteinfall und Privatsph\u00e4re<\/p>\n","protected":false},"featured_media":12325,"comment_status":"open","ping_status":"closed","template":"","meta":[],"product_cat":[70,19],"product_tag":[],"_links":{"self":[{"href":"http:\/\/campingland24.com\/index.php?rest_route=\/wp\/v2\/product\/12324"}],"collection":[{"href":"http:\/\/campingland24.com\/index.php?rest_route=\/wp\/v2\/product"}],"about":[{"href":"http:\/\/campingland24.com\/index.php?rest_route=\/wp\/v2\/types\/product"}],"replies":[{"embeddable":true,"href":"http:\/\/campingland24.com\/index.php?rest_route=%2Fwp%2Fv2%2Fcomments&post=12324"}],"version-history":[{"count":1,"href":"http:\/\/campingland24.com\/index.php?rest_route=\/wp\/v2\/product\/12324\/revisions"}],"predecessor-version":[{"id":14145,"href":"http:\/\/campingland24.com\/index.php?rest_route=\/wp\/v2\/product\/12324\/revisions\/14145"}],"wp:featuredmedia":[{"embeddable":true,"href":"http:\/\/campingland24.com\/index.php?rest_route=\/wp\/v2\/media\/12325"}],"wp:attachment":[{"href":"http:\/\/campingland24.com\/index.php?rest_route=%2Fwp%2Fv2%2Fmedia&parent=12324"}],"wp:term":[{"taxonomy":"product_cat","embeddable":true,"href":"http:\/\/campingland24.com\/index.php?rest_route=%2Fwp%2Fv2%2Fproduct_cat&post=12324"},{"taxonomy":"product_tag","embeddable":true,"href":"http:\/\/campingland24.com\/index.php?rest_route=%2Fwp%2Fv2%2Fproduct_tag&post=12324"}],"curies":[{"name":"wp","href":"https:\/\/api.w.org\/{rel}","templated":true}]}}