{"id":12416,"date":"2021-07-28T11:33:28","date_gmt":"2021-07-28T11:33:28","guid":{"rendered":"http:\/\/campingland24.com\/?product=mil-tec-1-mann-zelt-recon"},"modified":"2023-02-23T18:38:09","modified_gmt":"2023-02-23T18:38:09","slug":"mil-tec-1-mann-zelt-recon","status":"publish","type":"product","link":"http:\/\/campingland24.com\/?product=mil-tec-1-mann-zelt-recon","title":{"rendered":"Mil-Tec 1-Mann Zelt Recon"},"content":{"rendered":"<p><!-- show up to 2 reviews by default --> <\/p>\n<p>Gr\u00f6\u00dfe: 240 x 135 x 85 cm<\/p>\n<p>Au\u00dfenhaut:<br \/>190T Polyester, Polyurethan beschichtet<br \/>N\u00e4hte getaped<br \/>Wassers\u00e4ule: 1200 mm<\/p>\n<p>Innenzelt:<br \/>190T Polyester, Polyurethan beschichtet<br \/>Wassers\u00e4ule: 800 mm<\/p>\n<p>Zeltboden:<br \/>210D Oxford Polyester, Polyurethan beschichtet<br \/>Wassers\u00e4ule: 1500 mm<\/p>\n<p>Fiberglasgest\u00e4nge: <br \/>2 Stangen, Durchmesser 8,5 mm<br \/>1 Stange, Durchmesser 7,9 mm<\/p>\n<p>&#8211; Einmannzelt in kompakter, wind- und sturmsicherer Form<br \/>&#8211; Rei\u00dfverschluss im Eingangsbereich erm\u00f6glicht bequemen Zugang<br \/>&#8211; Abstellm\u00f6glichkeit f\u00fcr Ausr\u00fcstung im Vorraum<br \/>&#8211; L\u00fcfter rechts und links<br \/>&#8211; Moskitonetz im Eingang<\/p>\n<p>Einmannzelt in kompakter, wind- und sturmsicherer Form<br \/>\nL\u00fcfter rechts und links, Moskitonetz im Eingang<br \/>\nPersonenzahl: 1 Ma\u00dfe: 240 x 135 x 85 cm Packma\u00df: 53 x 15 x 12 cm Gewicht: 2.600 g<br \/>\nAbstellm\u00f6glichkeit f\u00fcr Ausr\u00fcstung im Vorraum<br \/>\nRei\u00dfverschluss im Eingangsbereich erm\u00f6glicht bequemen Zugang<br \/>\n<div class=\"main-cross-sell\" data-asin=\"B007OSL6SQ\">\n\n\t<div class=\"WooZone-cross-sell-loader\">\n\t\t<div>\n\t\t\t<div id=\"floatingBarsG\">\n\t\t\t\t<div class=\"blockG\" id=\"rotateG_01\"><\/div>\n\t\t\t\t<div class=\"blockG\" id=\"rotateG_02\"><\/div>\n\t\t\t\t<div class=\"blockG\" id=\"rotateG_03\"><\/div>\n\t\t\t\t<div class=\"blockG\" id=\"rotateG_04\"><\/div>\n\t\t\t\t<div class=\"blockG\" id=\"rotateG_05\"><\/div>\n\t\t\t\t<div class=\"blockG\" id=\"rotateG_06\"><\/div>\n\t\t\t\t<div class=\"blockG\" id=\"rotateG_07\"><\/div>\n\t\t\t\t<div class=\"blockG\" id=\"rotateG_08\"><\/div>\n\t\t\t<\/div>\n\t\t\t<div class=\"WooZone-cross-sell-loader-text\"><\/div>\n\t\t<\/div>\n\t<\/div>\n\n\t\t\n<\/div>\n<div style=\"clear:both;\"><\/div><\/p>\n","protected":false},"excerpt":{"rendered":"<p>Einmannzelt in kompakter, wind- und sturmsicherer Form<br \/>\nL\u00fcfter rechts und links, Moskitonetz im Eingang<br \/>\nPersonenzahl: 1 Ma\u00dfe: 240 x 135 x 85 cm Packma\u00df: 53 x 15 x 12 cm Gewicht: 2.600 g<\/p>\n","protected":false},"featured_media":12417,"comment_status":"open","ping_status":"closed","template":"","meta":[],"product_cat":[70,19],"product_tag":[],"_links":{"self":[{"href":"http:\/\/campingland24.com\/index.php?rest_route=\/wp\/v2\/product\/12416"}],"collection":[{"href":"http:\/\/campingland24.com\/index.php?rest_route=\/wp\/v2\/product"}],"about":[{"href":"http:\/\/campingland24.com\/index.php?rest_route=\/wp\/v2\/types\/product"}],"replies":[{"embeddable":true,"href":"http:\/\/campingland24.com\/index.php?rest_route=%2Fwp%2Fv2%2Fcomments&post=12416"}],"version-history":[{"count":1,"href":"http:\/\/campingland24.com\/index.php?rest_route=\/wp\/v2\/product\/12416\/revisions"}],"predecessor-version":[{"id":14168,"href":"http:\/\/campingland24.com\/index.php?rest_route=\/wp\/v2\/product\/12416\/revisions\/14168"}],"wp:featuredmedia":[{"embeddable":true,"href":"http:\/\/campingland24.com\/index.php?rest_route=\/wp\/v2\/media\/12417"}],"wp:attachment":[{"href":"http:\/\/campingland24.com\/index.php?rest_route=%2Fwp%2Fv2%2Fmedia&parent=12416"}],"wp:term":[{"taxonomy":"product_cat","embeddable":true,"href":"http:\/\/campingland24.com\/index.php?rest_route=%2Fwp%2Fv2%2Fproduct_cat&post=12416"},{"taxonomy":"product_tag","embeddable":true,"href":"http:\/\/campingland24.com\/index.php?rest_route=%2Fwp%2Fv2%2Fproduct_tag&post=12416"}],"curies":[{"name":"wp","href":"https:\/\/api.w.org\/{rel}","templated":true}]}}