{"id":12456,"date":"2021-07-28T11:33:48","date_gmt":"2021-07-28T11:33:48","guid":{"rendered":"http:\/\/campingland24.com\/?product=10t-zelt-bateman-4-mann-tunnelzelt-5000mm-campingzelt-wasserdichtes-familienzelt-bodenwanne-vordach"},"modified":"2023-02-23T18:38:10","modified_gmt":"2023-02-23T18:38:10","slug":"10t-zelt-bateman-4-mann-tunnelzelt-5000mm-campingzelt-wasserdichtes-familienzelt-bodenwanne-vordach","status":"publish","type":"product","link":"http:\/\/campingland24.com\/?product=10t-zelt-bateman-4-mann-tunnelzelt-5000mm-campingzelt-wasserdichtes-familienzelt-bodenwanne-vordach","title":{"rendered":"10T Zelt Bateman 4 Mann Tunnelzelt 5000mm Campingzelt wasserdichtes Familienzelt Bodenwanne Vordach"},"content":{"rendered":"<p><!-- show up to 2 reviews by default --> <\/p>\n<p> <strong>10T Camping-Zelt Bateman 4 Tunnelzelt mit Schlafkabine f\u00fcr 4 Personen Outdoor Familienzelt mit Wohnraum Steilwandzelt mit Sonnendach, eingen\u00e4hte Bodenwanne, wasserdicht mit 5000mm Wassers\u00e4ule<\/strong> <\/p>\n<p> <strong>Material\u00fcbersicht<\/strong><br \/> \u2022 Au\u00dfenzelt: 100 % Polyester, PU beschichtet, seam taped \u2022 Innenzelt: 100 % Polyester, PU, atmungsaktiv \u2022 Boden: PE 130g\/qm \u2022 Wassers\u00e4ule Au\u00dfenzelt: 5000 mm \u2022 Wassers\u00e4ule Boden: 100 % wasserdicht \u2022 Gest\u00e4nge: Stahl \u2022 Heringe: Stahl<br \/><strong>Produktmerkmale<\/strong><br \/> \u2022 Empfohlene Personenzahl: 4 \u2022 Zelttyp: Tunnelzelt \u2022 Aufbau: Au\u00dfenzelt zuerst \u2022 Aufbauhilfe: inkl. Anleitung \u2022 Zelteing\u00e4nge: 2 \u2022 Ventilationen: 6 \u2022 PVC Klarsichtfenster: 5 (blickdicht verschlie\u00dfbar) \u2022 Kombi-Fenster (Mesh &#8211; PVC): 1 Mesh (blickdicht verschlie\u00dfbar) \u2022 Bodenausf\u00fchrung Au\u00dfenzelt: Bodenwanne, fest am Au\u00dfenzelt angen\u00e4ht \u2022 Bodenausf\u00fchrung Innenzelt: Bodenwanne, fest am Innenzelt angen\u00e4ht \u2022 Schlafkabinen: 1 (per Trenntuch in 2 Schlafbereiche teilbar) \u2022 Innenzelttaschen: vorhanden \u2022 Zeltorganizer: vorhanden \u2022 Elektrovorbereitung: Kabeleingang + Kabelf\u00fchrung \u2022 Produktlinie: 10T @TENTion &#8211; SiG (sewn-in-groundsheet)<br \/><strong>Ma\u00dfangaben<\/strong><br \/> \u2022 L\u00e4nge max. ca.: 500 cm (640 cm) \u2022 Breite max. ca.: 310 cm \u2022 H\u00f6he max. ca.: 220 cm<br \/><strong>Farben, Formen, Designs<\/strong><br \/> \u2022 Hauptfarbe Au\u00dfenzelt: blau \u2022 Nebenfarbe Au\u00dfenzelt: grau \u2022 Bodenfarbe: schwarz \u2022 Farbe Innenzelt: wei\u00df<\/p>\n<\/p>\n<p>Tunnelzelt aus wasserdichtem Polyester &#8211; 500(640)x310x220 cm &#8211; Blau \/ Grau | teilbarer Schlafbereich f\u00fcr 4 Personen &#8211; 290&#215;210 cm | Wassers\u00e4ule: 5000mm | Sonnendach | Dauerbel\u00fcftung | Insektenschutz<br \/>\nAusstattung: 2 Eing\u00e4nge | 6 Ventilationen | atmungsaktives Innenzelt | Moskitonetze | 6 blickdicht verschlie\u00dfbare Fenster (1 Kombi- &amp; 5 Klarsichtfenster | angen\u00e4hte Bodenwanne | gro\u00dfer Wohnraum<br \/>\nKomfort Familienzelt | einfacher Aufbau dank farblich markiertem Stahl Gest\u00e4nge | Zeltn\u00e4hte versiegelt &amp; getaped | stabile Rei\u00dfverschl\u00fcsse mit Abdeckleiste | UV &amp; wetterbest\u00e4ndiges Material<br \/>\nDoppelwandiges Zelt | kleines Packma\u00df: \u00d8 50 x 80 cm &#8211; 30 kg | komfortabel, gro\u00dfe Tasche f\u00fcr leichtes Einpacken | Lieferumfang: Zelt, Schlafkabinen, Gest\u00e4nge, Heringe, Abspannleinen &amp; Pack-Tasche<br \/>\nGro\u00dffl\u00e4chige Panoramafenster mit Sichtschutz<br \/>\n<div class=\"main-cross-sell\" data-asin=\"B06XC4C1D2\">\n\n\t<div class=\"WooZone-cross-sell-loader\">\n\t\t<div>\n\t\t\t<div id=\"floatingBarsG\">\n\t\t\t\t<div class=\"blockG\" id=\"rotateG_01\"><\/div>\n\t\t\t\t<div class=\"blockG\" id=\"rotateG_02\"><\/div>\n\t\t\t\t<div class=\"blockG\" id=\"rotateG_03\"><\/div>\n\t\t\t\t<div class=\"blockG\" id=\"rotateG_04\"><\/div>\n\t\t\t\t<div class=\"blockG\" id=\"rotateG_05\"><\/div>\n\t\t\t\t<div class=\"blockG\" id=\"rotateG_06\"><\/div>\n\t\t\t\t<div class=\"blockG\" id=\"rotateG_07\"><\/div>\n\t\t\t\t<div class=\"blockG\" id=\"rotateG_08\"><\/div>\n\t\t\t<\/div>\n\t\t\t<div class=\"WooZone-cross-sell-loader-text\"><\/div>\n\t\t<\/div>\n\t<\/div>\n\n\t\t\n<\/div>\n<div style=\"clear:both;\"><\/div><\/p>\n","protected":false},"excerpt":{"rendered":"<p>Tunnelzelt aus wasserdichtem Polyester &#8211; 500(640)x310x220 cm &#8211; Blau \/ Grau | teilbarer Schlafbereich f\u00fcr 4 Personen &#8211; 290&#215;210 cm | Wassers\u00e4ule: 5000mm | Sonnendach | Dauerbel\u00fcftung | Insektenschutz<br \/>\nAusstattung: 2 Eing\u00e4nge | 6 Ventilationen | atmungsaktives Innenzelt | Moskitonetze | 6 blickdicht verschlie\u00dfbare Fenster (1 Kombi- &amp; 5 Klarsichtfenster | angen\u00e4hte Bodenwanne | gro\u00dfer Wohnraum<br \/>\nKomfort Familienzelt | einfacher Aufbau dank farblich markiertem Stahl Gest\u00e4nge | Zeltn\u00e4hte versiegelt &amp; getaped | stabile Rei\u00dfverschl\u00fcsse mit Abdeckleiste | UV &amp; wetterbest\u00e4ndiges Material<\/p>\n","protected":false},"featured_media":12457,"comment_status":"open","ping_status":"closed","template":"","meta":[],"product_cat":[70,19],"product_tag":[],"_links":{"self":[{"href":"http:\/\/campingland24.com\/index.php?rest_route=\/wp\/v2\/product\/12456"}],"collection":[{"href":"http:\/\/campingland24.com\/index.php?rest_route=\/wp\/v2\/product"}],"about":[{"href":"http:\/\/campingland24.com\/index.php?rest_route=\/wp\/v2\/types\/product"}],"replies":[{"embeddable":true,"href":"http:\/\/campingland24.com\/index.php?rest_route=%2Fwp%2Fv2%2Fcomments&post=12456"}],"version-history":[{"count":1,"href":"http:\/\/campingland24.com\/index.php?rest_route=\/wp\/v2\/product\/12456\/revisions"}],"predecessor-version":[{"id":14178,"href":"http:\/\/campingland24.com\/index.php?rest_route=\/wp\/v2\/product\/12456\/revisions\/14178"}],"wp:featuredmedia":[{"embeddable":true,"href":"http:\/\/campingland24.com\/index.php?rest_route=\/wp\/v2\/media\/12457"}],"wp:attachment":[{"href":"http:\/\/campingland24.com\/index.php?rest_route=%2Fwp%2Fv2%2Fmedia&parent=12456"}],"wp:term":[{"taxonomy":"product_cat","embeddable":true,"href":"http:\/\/campingland24.com\/index.php?rest_route=%2Fwp%2Fv2%2Fproduct_cat&post=12456"},{"taxonomy":"product_tag","embeddable":true,"href":"http:\/\/campingland24.com\/index.php?rest_route=%2Fwp%2Fv2%2Fproduct_tag&post=12456"}],"curies":[{"name":"wp","href":"https:\/\/api.w.org\/{rel}","templated":true}]}}