{"id":12504,"date":"2021-07-28T11:34:08","date_gmt":"2021-07-28T11:34:08","guid":{"rendered":"http:\/\/campingland24.com\/?product=high-peak-zelt-mesos-4-dunkelgrau-gruen-l"},"modified":"2023-02-23T18:38:12","modified_gmt":"2023-02-23T18:38:12","slug":"high-peak-zelt-mesos-4-dunkelgrau-gruen-l","status":"publish","type":"product","link":"http:\/\/campingland24.com\/?product=high-peak-zelt-mesos-4-dunkelgrau-gruen-l","title":{"rendered":"High Peak Zelt Mesos 4, dunkelgrau\/Gr\u00fcn, L"},"content":{"rendered":"<p><!-- show up to 2 reviews by default --> <\/p>\n<p>High Peak Zelt Mesos 4P | 11525 <\/p>\n<p>Hochwertiges Polyester PU beschichtet, 4.000 mm Wassers\u00e4ule wasserdicht durch Nahtversiegelung. Atmungsaktives Polyestergewebe Wasserdichter, unverrottbarer Polyethylenen Zeltboden Extrem belastbarer, leichtg\u00e4ngiger Marken Rei\u00dfverschluss<br \/>\nWettergesch\u00fctzter Eingang h\u00e4lt den Innenraum trocken Vorbau mit Stauraum f\u00fcr Campingausr\u00fcstung. Vorbau mit Faulstreifen h\u00e4lt Schmutz und Feuchtigkeit ab. Klarsichtfolien Fenster bringen Licht ins Innere. Gardinen sch\u00fctzen vor neugierigen Blicke. Seiteneingang mit Rei\u00dfverschluss Einfassband nahtversiegelt f\u00fcr Wasserdichtigkeit auch an der Seitent\u00fcr. Klarsichtfolien Fenster bringen Licht ins Innere. Gardinen sch\u00fctzen vor neugierigen Blicke. 3 Dauerventilationen mit Abstandhalter f\u00fcr ein besseres Zeltklima und optimale Bel\u00fcftung. Gut sichtbarer neongr\u00fcner Bodenstreifen in der D\u00e4mmerung. Gest\u00e4nge Markierungen erleichtert den Aufbau<br \/>\nVario Vent Control Eingang l\u00e4sst sich das Bel\u00fcftungsfenster variabel je nach Klima bedienen. Optimale Bel\u00fcftung und M\u00fcckenschutz. Der Wannenboden verhindert Eindringen von N\u00e4sse und Schmutz. Innentaschen f\u00fcr diverser Utensilien Lampenhalter zum Aufh\u00e4ngen eine Camping- oder Taschenlampe<br \/>\nKompressionspacksack in \u00dcbergr\u00f6\u00dfe vereinfacht das Einpacken Extra starke 5 mm Erdn\u00e4gel. Hochwertige, gut sichtbare neongr\u00fcne Abspannleinen. Angen\u00e4hter Zeltboden an der Innenzelfront f\u00fcr einen sauberen Vorraum<br \/>\nHochwertiges Gest\u00e4nge aus Fiberglas 8,5 mm mit praktischem Gummizug verbunden<br \/>\n<div class=\"main-cross-sell\" data-asin=\"B01L9DS5R6\">\n\n\t<div class=\"WooZone-cross-sell-loader\">\n\t\t<div>\n\t\t\t<div id=\"floatingBarsG\">\n\t\t\t\t<div class=\"blockG\" id=\"rotateG_01\"><\/div>\n\t\t\t\t<div class=\"blockG\" id=\"rotateG_02\"><\/div>\n\t\t\t\t<div class=\"blockG\" id=\"rotateG_03\"><\/div>\n\t\t\t\t<div class=\"blockG\" id=\"rotateG_04\"><\/div>\n\t\t\t\t<div class=\"blockG\" id=\"rotateG_05\"><\/div>\n\t\t\t\t<div class=\"blockG\" id=\"rotateG_06\"><\/div>\n\t\t\t\t<div class=\"blockG\" id=\"rotateG_07\"><\/div>\n\t\t\t\t<div class=\"blockG\" id=\"rotateG_08\"><\/div>\n\t\t\t<\/div>\n\t\t\t<div class=\"WooZone-cross-sell-loader-text\"><\/div>\n\t\t<\/div>\n\t<\/div>\n\n\t\t\n<\/div>\n<div style=\"clear:both;\"><\/div><\/p>\n","protected":false},"excerpt":{"rendered":"<p>Hochwertiges Polyester PU beschichtet, 4.000 mm Wassers\u00e4ule wasserdicht durch Nahtversiegelung. Atmungsaktives Polyestergewebe Wasserdichter, unverrottbarer Polyethylenen Zeltboden Extrem belastbarer, leichtg\u00e4ngiger Marken Rei\u00dfverschluss<br \/>\nWettergesch\u00fctzter Eingang h\u00e4lt den Innenraum trocken Vorbau mit Stauraum f\u00fcr Campingausr\u00fcstung. Vorbau mit Faulstreifen h\u00e4lt Schmutz und Feuchtigkeit ab. Klarsichtfolien Fenster bringen Licht ins Innere. Gardinen sch\u00fctzen vor neugierigen Blicke. Seiteneingang mit Rei\u00dfverschluss Einfassband nahtversiegelt f\u00fcr Wasserdichtigkeit auch an der Seitent\u00fcr. Klarsichtfolien Fenster bringen Licht ins Innere. Gardinen sch\u00fctzen vor neugierigen Blicke. 3 Dauerventilationen mit Abstandhalter f\u00fcr ein besseres Zeltklima und optimale Bel\u00fcftung. Gut sichtbarer neongr\u00fcner Bodenstreifen in der D\u00e4mmerung. Gest\u00e4nge Markierungen erleichtert den Aufbau<br \/>\nVario Vent Control Eingang l\u00e4sst sich das Bel\u00fcftungsfenster variabel je nach Klima bedienen. Optimale Bel\u00fcftung und M\u00fcckenschutz. Der Wannenboden verhindert Eindringen von N\u00e4sse und Schmutz. Innentaschen f\u00fcr diverser Utensilien Lampenhalter zum Aufh\u00e4ngen eine Camping- oder Taschenlampe<\/p>\n","protected":false},"featured_media":12505,"comment_status":"open","ping_status":"closed","template":"","meta":[],"product_cat":[70,19],"product_tag":[],"_links":{"self":[{"href":"http:\/\/campingland24.com\/index.php?rest_route=\/wp\/v2\/product\/12504"}],"collection":[{"href":"http:\/\/campingland24.com\/index.php?rest_route=\/wp\/v2\/product"}],"about":[{"href":"http:\/\/campingland24.com\/index.php?rest_route=\/wp\/v2\/types\/product"}],"replies":[{"embeddable":true,"href":"http:\/\/campingland24.com\/index.php?rest_route=%2Fwp%2Fv2%2Fcomments&post=12504"}],"version-history":[{"count":1,"href":"http:\/\/campingland24.com\/index.php?rest_route=\/wp\/v2\/product\/12504\/revisions"}],"predecessor-version":[{"id":14190,"href":"http:\/\/campingland24.com\/index.php?rest_route=\/wp\/v2\/product\/12504\/revisions\/14190"}],"wp:featuredmedia":[{"embeddable":true,"href":"http:\/\/campingland24.com\/index.php?rest_route=\/wp\/v2\/media\/12505"}],"wp:attachment":[{"href":"http:\/\/campingland24.com\/index.php?rest_route=%2Fwp%2Fv2%2Fmedia&parent=12504"}],"wp:term":[{"taxonomy":"product_cat","embeddable":true,"href":"http:\/\/campingland24.com\/index.php?rest_route=%2Fwp%2Fv2%2Fproduct_cat&post=12504"},{"taxonomy":"product_tag","embeddable":true,"href":"http:\/\/campingland24.com\/index.php?rest_route=%2Fwp%2Fv2%2Fproduct_tag&post=12504"}],"curies":[{"name":"wp","href":"https:\/\/api.w.org\/{rel}","templated":true}]}}