{"id":12544,"date":"2021-07-28T11:34:24","date_gmt":"2021-07-28T11:34:24","guid":{"rendered":"http:\/\/campingland24.com\/?product=campingzelt-igluzelt-zelt-kuppelzelt-fuer-2-personen"},"modified":"2023-02-23T18:39:22","modified_gmt":"2023-02-23T18:39:22","slug":"campingzelt-igluzelt-zelt-kuppelzelt-fuer-2-personen","status":"publish","type":"product","link":"http:\/\/campingland24.com\/?product=campingzelt-igluzelt-zelt-kuppelzelt-fuer-2-personen","title":{"rendered":"Campingzelt, Igluzelt, Zelt, Kuppelzelt f\u00fcr 2 Personen"},"content":{"rendered":"<p><!-- show up to 2 reviews by default --> <\/p>\n<p><b>Ob im Urlaub, Unterwegs, beim Camping, oder Trekking. Mit diesem Zelt sind Sie jeder Situation gewadmet. Das Campingzelt zeichnet sich durch ein gute Wetterbest\u00e4ndigkeit und einem Gewicht von nur 1750g aus. Somit ist das Zelt auf einer Reise ideal zu transportieren und zu verstauen. <br \/><\/b> <\/p>\n<p><b>Beschreibung:<\/b><\/p>\n<p> \u2022 Zwei Personen Zelt <br \/> \u2022 Schneller und einfacher Aufbau <br \/> \u2022 Wasserabweisendes Au\u00dfenzelt <br \/> \u2022 Moskitonetz vor dem Eingang <br \/> \u2022 Einfacher Transport <br \/> \u2022 Boden aus wasserdichter PE-Folie <br \/> \u2022 Schneller und einfacher Aufbau <\/p>\n<p><b>Technische Details:<\/b><\/p>\n<p> \u2022 Wassers\u00e4ule: bis zu 800 mm <br \/> \u2022 Material: Polyester, atmungsaktiv und wasserabweisend <br \/> \u2022 Farbe: Blau <br \/> \u2022 Ma\u00dfe: H\u00f6he ca. 105 cm, L\u00e4nge ca. 205 cm, Breite ca. 150 cm <br \/> \u2022 Gewicht: 1750g <\/p>\n<p><b>Lieferumfang:<\/b><\/p>\n<p> \u2022 1x Campingzelt f\u00fcr 2 Personen <br \/> \u2022 Inkl. Bodenn\u00e4gel <br \/> \u2022 1x Polyester Tasche <\/p>\n<p><b>Zustand:<\/b><\/p>\n<p> \u2022 NEU &amp; OVP <\/p>\n<p>Wasserabweisendes Au\u00dfenzelt<br \/>\nMoskitonetz vor dem Eingang<br \/>\nWassers\u00e4ule: bis zu 800 mm<br \/>\nMaterial: Polyester, atmungsaktiv und wasserabweisend<br \/>\nMa\u00dfe: H\u00f6he ca. 105 cm, L\u00e4nge ca. 205 cm, Breite ca. 150 cm<br \/>\n<div class=\"main-cross-sell\" data-asin=\"B004ZEM7X0\">\n\n\t<div class=\"WooZone-cross-sell-loader\">\n\t\t<div>\n\t\t\t<div id=\"floatingBarsG\">\n\t\t\t\t<div class=\"blockG\" id=\"rotateG_01\"><\/div>\n\t\t\t\t<div class=\"blockG\" id=\"rotateG_02\"><\/div>\n\t\t\t\t<div class=\"blockG\" id=\"rotateG_03\"><\/div>\n\t\t\t\t<div class=\"blockG\" id=\"rotateG_04\"><\/div>\n\t\t\t\t<div class=\"blockG\" id=\"rotateG_05\"><\/div>\n\t\t\t\t<div class=\"blockG\" id=\"rotateG_06\"><\/div>\n\t\t\t\t<div class=\"blockG\" id=\"rotateG_07\"><\/div>\n\t\t\t\t<div class=\"blockG\" id=\"rotateG_08\"><\/div>\n\t\t\t<\/div>\n\t\t\t<div class=\"WooZone-cross-sell-loader-text\"><\/div>\n\t\t<\/div>\n\t<\/div>\n\n\t\t\n<\/div>\n<div style=\"clear:both;\"><\/div><\/p>\n","protected":false},"excerpt":{"rendered":"<p>Wasserabweisendes Au\u00dfenzelt<br \/>\nMoskitonetz vor dem Eingang<br \/>\nWassers\u00e4ule: bis zu 800 mm<\/p>\n","protected":false},"featured_media":12545,"comment_status":"open","ping_status":"closed","template":"","meta":[],"product_cat":[70,19],"product_tag":[],"_links":{"self":[{"href":"http:\/\/campingland24.com\/index.php?rest_route=\/wp\/v2\/product\/12544"}],"collection":[{"href":"http:\/\/campingland24.com\/index.php?rest_route=\/wp\/v2\/product"}],"about":[{"href":"http:\/\/campingland24.com\/index.php?rest_route=\/wp\/v2\/types\/product"}],"replies":[{"embeddable":true,"href":"http:\/\/campingland24.com\/index.php?rest_route=%2Fwp%2Fv2%2Fcomments&post=12544"}],"version-history":[{"count":1,"href":"http:\/\/campingland24.com\/index.php?rest_route=\/wp\/v2\/product\/12544\/revisions"}],"predecessor-version":[{"id":14200,"href":"http:\/\/campingland24.com\/index.php?rest_route=\/wp\/v2\/product\/12544\/revisions\/14200"}],"wp:featuredmedia":[{"embeddable":true,"href":"http:\/\/campingland24.com\/index.php?rest_route=\/wp\/v2\/media\/12545"}],"wp:attachment":[{"href":"http:\/\/campingland24.com\/index.php?rest_route=%2Fwp%2Fv2%2Fmedia&parent=12544"}],"wp:term":[{"taxonomy":"product_cat","embeddable":true,"href":"http:\/\/campingland24.com\/index.php?rest_route=%2Fwp%2Fv2%2Fproduct_cat&post=12544"},{"taxonomy":"product_tag","embeddable":true,"href":"http:\/\/campingland24.com\/index.php?rest_route=%2Fwp%2Fv2%2Fproduct_tag&post=12544"}],"curies":[{"name":"wp","href":"https:\/\/api.w.org\/{rel}","templated":true}]}}