{"id":12746,"date":"2021-07-29T05:14:44","date_gmt":"2021-07-29T05:14:44","guid":{"rendered":"http:\/\/campingland24.com\/?product=explorer-zelt-luftzelt-trouper-aufblasbares-familienzelt-mobilzelt-300x300x210cm-9m%c2%b2-4-personen-3000mm-wassersaeule-freistehend-wettergeschuetzter-eingang-camping-outdoor-wandern-familie"},"modified":"2023-02-23T18:39:26","modified_gmt":"2023-02-23T18:39:26","slug":"explorer-zelt-luftzelt-trouper-aufblasbares-familienzelt-mobilzelt-300x300x210cm-9m%c2%b2-4-personen-3000mm-wassersaeule-freistehend-wettergeschuetzter-eingang-camping-outdoor-wandern-familie","status":"publish","type":"product","link":"http:\/\/campingland24.com\/?product=explorer-zelt-luftzelt-trouper-aufblasbares-familienzelt-mobilzelt-300x300x210cm-9m%c2%b2-4-personen-3000mm-wassersaeule-freistehend-wettergeschuetzter-eingang-camping-outdoor-wandern-familie","title":{"rendered":"EXPLORER Zelt Luftzelt Trouper aufblasbares Familienzelt Mobilzelt 300x300x210cm (9m\u00b2) 4 Personen 3000mm Wassers\u00e4ule\u2026"},"content":{"rendered":"<p><!-- show up to 2 reviews by default --> <\/p>\n<p>Mit dem Modell Trouper pr\u00e4sentiert Explorer ein aufblasbares Busvorzelt mit all den einzigartigen Eigenschaften der Aerotech Zelt- und Vorzeltkollektion. Mit seiner Verbindungsschleuse (H\u00f6henbereich 240-290 cm) ist es auch f\u00fcr den Einsatz an gr\u00f6\u00dferen Wohnmobile geeignet. Inspiriert durch das erfolgreiche Rambler-Mobilzelt \u00fcberzeugt das Trouper mit einer Vielzahl sinnvoller Details wie einer rundum eingen\u00e4hten Bodenplane, einer effizienten Dachl\u00fcftung und gro\u00dfen Panoramafenstern. <br \/>Die moderne Luftzelt-Bauweise des Trouper verwendet dreilagige Luftschl\u00e4uche, welche in Verbindung mit der neuartigen Crossbeam-Technologie f\u00fcr hohe Stabilit\u00e4t und Raumeffizienz sorgen. Eine praktische Tragetasche und Montagezubeh\u00f6r sind im Lieferumfang enthalten.<br \/>\u2022 Personen: 4<br \/>\u2022 Eingen\u00e4hte Bodenwanne<br \/>\u2022 Panoramafenster &amp; Mesh-T\u00fcr<br \/>\u2022 Inklusive Doppelhub-Pumpe mit \u00dcberdruckventil<br \/>\u2022 Crossbeam-Technologie &amp; zus\u00e4tzliche Dachl\u00fcftung<br \/>\u2022 Gest\u00e4nge: TPU Airtube-Fiberglas<br \/>\u2022 Ma\u00dfe Au\u00dfenzelt: 310 x 260 x 230 cm<br \/>\u2022 Anschlussh\u00f6he: 180-220 cm<br \/>\u2022 Material Au\u00dfenzelt: 100% Polyester, 150D Oxford<br \/>\u2022 Achtung: Ein Innenzelt ist nicht im Lieferumfang enthalten<br \/>\u2022 Wassers\u00e4ule: 3000 mm<br \/>\u2022 Gewicht: 19,4 kg<br \/>\u2022 Packma\u00df: 80 x \u00d8 35 cm <\/p>\n<p>Luftbuszelt; Mobilzelt \/ Panoramafenster &amp; Mesh-T\u00fcr \/ Anschlussh\u00f6he: 180-220 cm<br \/>\nMa\u00dfe Au\u00dfenzelt: 310 x 260 x 230 cm (Achtung: Ein Innenzelt ist nicht im Lieferumfang enthalten)<br \/>\nWassers\u00e4ule: 3000 mm \/ Material Au\u00dfenzelt: 100% Polyester, 150D Oxford<br \/>\nGewicht: 17 kg \/ Packma\u00df: 80 x 35 \u00d8 cm<br \/>\nGest\u00e4nge: TPU Airtube + Fiberglas<br \/>\n<div class=\"main-cross-sell\" data-asin=\"B01CK0Q3OE\">\n\n\t<div class=\"WooZone-cross-sell-loader\">\n\t\t<div>\n\t\t\t<div id=\"floatingBarsG\">\n\t\t\t\t<div class=\"blockG\" id=\"rotateG_01\"><\/div>\n\t\t\t\t<div class=\"blockG\" id=\"rotateG_02\"><\/div>\n\t\t\t\t<div class=\"blockG\" id=\"rotateG_03\"><\/div>\n\t\t\t\t<div class=\"blockG\" id=\"rotateG_04\"><\/div>\n\t\t\t\t<div class=\"blockG\" id=\"rotateG_05\"><\/div>\n\t\t\t\t<div class=\"blockG\" id=\"rotateG_06\"><\/div>\n\t\t\t\t<div class=\"blockG\" id=\"rotateG_07\"><\/div>\n\t\t\t\t<div class=\"blockG\" id=\"rotateG_08\"><\/div>\n\t\t\t<\/div>\n\t\t\t<div class=\"WooZone-cross-sell-loader-text\"><\/div>\n\t\t<\/div>\n\t<\/div>\n\n\t\t\n<\/div>\n<div style=\"clear:both;\"><\/div><\/p>\n","protected":false},"excerpt":{"rendered":"<p>Luftbuszelt; Mobilzelt \/ Panoramafenster &amp; Mesh-T\u00fcr \/ Anschlussh\u00f6he: 180-220 cm<br \/>\nMa\u00dfe Au\u00dfenzelt: 310 x 260 x 230 cm (Achtung: Ein Innenzelt ist nicht im Lieferumfang enthalten)<br \/>\nWassers\u00e4ule: 3000 mm \/ Material Au\u00dfenzelt: 100% Polyester, 150D Oxford<\/p>\n","protected":false},"featured_media":12747,"comment_status":"open","ping_status":"closed","template":"","meta":[],"product_cat":[1002,19],"product_tag":[],"_links":{"self":[{"href":"http:\/\/campingland24.com\/index.php?rest_route=\/wp\/v2\/product\/12746"}],"collection":[{"href":"http:\/\/campingland24.com\/index.php?rest_route=\/wp\/v2\/product"}],"about":[{"href":"http:\/\/campingland24.com\/index.php?rest_route=\/wp\/v2\/types\/product"}],"replies":[{"embeddable":true,"href":"http:\/\/campingland24.com\/index.php?rest_route=%2Fwp%2Fv2%2Fcomments&post=12746"}],"version-history":[{"count":1,"href":"http:\/\/campingland24.com\/index.php?rest_route=\/wp\/v2\/product\/12746\/revisions"}],"predecessor-version":[{"id":14246,"href":"http:\/\/campingland24.com\/index.php?rest_route=\/wp\/v2\/product\/12746\/revisions\/14246"}],"wp:featuredmedia":[{"embeddable":true,"href":"http:\/\/campingland24.com\/index.php?rest_route=\/wp\/v2\/media\/12747"}],"wp:attachment":[{"href":"http:\/\/campingland24.com\/index.php?rest_route=%2Fwp%2Fv2%2Fmedia&parent=12746"}],"wp:term":[{"taxonomy":"product_cat","embeddable":true,"href":"http:\/\/campingland24.com\/index.php?rest_route=%2Fwp%2Fv2%2Fproduct_cat&post=12746"},{"taxonomy":"product_tag","embeddable":true,"href":"http:\/\/campingland24.com\/index.php?rest_route=%2Fwp%2Fv2%2Fproduct_tag&post=12746"}],"curies":[{"name":"wp","href":"https:\/\/api.w.org\/{rel}","templated":true}]}}