{"id":12762,"date":"2021-07-29T05:14:49","date_gmt":"2021-07-29T05:14:49","guid":{"rendered":"http:\/\/campingland24.com\/?product=justcamp-freeport-duschzelt-2-m-hoehe-camping-duschkabine-umkleidekabine"},"modified":"2023-02-23T18:39:27","modified_gmt":"2023-02-23T18:39:27","slug":"justcamp-freeport-duschzelt-2-m-hoehe-camping-duschkabine-umkleidekabine","status":"publish","type":"product","link":"http:\/\/campingland24.com\/?product=justcamp-freeport-duschzelt-2-m-hoehe-camping-duschkabine-umkleidekabine","title":{"rendered":"JUSTCAMP Freeport Duschzelt (2 m H\u00f6he), Camping Duschkabine, Umkleidekabine"},"content":{"rendered":"<div class=\"celwidget aplus-module module-11 aplus-standard\">\n<div data-a-expander-name=\"aplus-module-expander\" data-a-expander-collapsed-height=\"360\" class=\"a-expander-collapsed-height a-row a-expander-container a-expander-partial-collapse-container\">\n<div class=\"a-expander-content a-expander-partial-collapse-content\">\n<div class=\"aplus-module-wrapper apm-spacing apm-floatnone apm-fixed-width\">\n<div class=\"apm-sidemodule aplus-module-content\">\n<div class=\"apm-hero-image\"> <img alt=\"Justcamp Freeport Duschzelt und Umkleidekabine\" src=\"https:\/\/images-na.ssl-images-amazon.com\/images\/G\/01\/x-locale\/common\/grey-pixel.gif\" class=\"a-lazy-loaded\" data-src=\"https:\/\/m.media-amazon.com\/images\/S\/aplus-media\/sc\/c08ad926-6c2e-440a-b8f5-b2908e0dc152.__CR0,0,970,300_PT0_SX970_V1___.jpg\"><img alt=\"Justcamp Freeport Duschzelt und Umkleidekabine\" src=\"https:\/\/m.media-amazon.com\/images\/S\/aplus-media\/sc\/c08ad926-6c2e-440a-b8f5-b2908e0dc152.__CR0,0,970,300_PT0_SX970_V1___.jpg\"> <\/div>\n<\/p><\/div>\n<\/p><\/div>\n<div><\/div>\n<\/p><\/div>\n<div class=\"a-expander-header a-expander-partial-collapse-header a-text-left\">\n<div class=\"a-expander-content-fade\"><\/div>\n<p><a href=\"void(0)\" data-action=\"a-expander-toggle\" class=\"a-declarative\" data-a-expander-toggle=\"{\"><i class=\"a-icon a-icon-extender-expand\"><\/i><span class=\"a-expander-prompt\">Mehr lesen<\/span><\/a><\/div>\n<\/p><\/div>\n<\/p><\/div>\n<div class=\"celwidget aplus-module module-1 aplus-standard\">\n<div data-a-expander-name=\"aplus-module-expander\" data-a-expander-collapsed-height=\"700\" class=\"a-expander-collapsed-height a-row a-expander-container a-expander-partial-collapse-container\">\n<div class=\"a-expander-content a-expander-partial-collapse-content\">\n<div class=\"aplus-module-wrapper apm-fixed-width\">\n<div class=\"apm-spacing apm-wrap\">\n<div class=\"apm-floatleft apm-wrap\">\n<div class=\"apm-leftimage\"> <img alt=\"Herausnehmbarer Boden\" src=\"https:\/\/images-na.ssl-images-amazon.com\/images\/G\/01\/x-locale\/common\/grey-pixel.gif\" class=\"a-spacing-mini a-lazy-loaded\" data-src=\"https:\/\/m.media-amazon.com\/images\/S\/aplus-media\/sc\/a991380e-5184-4938-9d62-c9fc6bb275e4.__CR0,0,300,400_PT0_SX300_V1___.jpg\"><img alt=\"Herausnehmbarer Boden\" src=\"https:\/\/m.media-amazon.com\/images\/S\/aplus-media\/sc\/a991380e-5184-4938-9d62-c9fc6bb275e4.__CR0,0,300,400_PT0_SX300_V1___.jpg\"> <\/p>\n<p> <span class=\"a-size-small a-color-secondary\"> Herausnehmbarer Boden <\/span> <\/p>\n<\/p><\/div>\n<div class=\"apm-rightthirdcol\">\n<div class=\"apm-rightthirdcol-inner\"> <img alt=\"Justcamp\" src=\"https:\/\/images-na.ssl-images-amazon.com\/images\/G\/01\/x-locale\/common\/grey-pixel.gif\" class=\"a-spacing-mini a-lazy-loaded\" data-src=\"https:\/\/m.media-amazon.com\/images\/S\/aplus-media\/sc\/399835cc-3a4f-4bd6-bd98-9a22c7c8570b.__CR0,0,350,175_PT0_SX350_V1___.jpg\"><img alt=\"Justcamp\" src=\"https:\/\/m.media-amazon.com\/images\/S\/aplus-media\/sc\/399835cc-3a4f-4bd6-bd98-9a22c7c8570b.__CR0,0,350,175_PT0_SX350_V1___.jpg\"> <\/p>\n<h5 class=\"a-color-secondary\"> Keep calm &#8211; just camp! <\/h5>\n<p class=\"a-spacing-small a-size-small a-color-secondary\"> JUSTCAMP ist eine junge, innovative Outdoormarke die preisbewusste Campingartikel und Campingzubeh\u00f6r herstellt. <\/p>\n<p class=\"a-spacing-small a-size-small a-color-secondary\"> Neben einer gro\u00dfen Auswahl an Campingzelten, Familienzelten und Schlafs\u00e4cken steht eine gut sortierte Auswahl an Zeltheringen f\u00fcr alle Einsatzbereiche zur Verf\u00fcgung. <\/p>\n<p class=\"a-spacing-small a-size-small a-color-secondary\"> Die breit gef\u00e4cherte Produktpalette aus dem Hause JUSTCAMP punktet vor allem durch ein \u00fcberragendes Preis-Leistungsverh\u00e4ltnis, und bietet so auch f\u00fcr den kleinen Geldbeutel professionelle und langlebige Campingausr\u00fcstung. <\/p>\n<\/p><\/div>\n<\/p><\/div>\n<div class=\"apm-centerthirdcol apm-wrap\">\n<h3 class=\"a-spacing-mini\"> Dusch- und Umkleidezelt mit einem einfachen Aufbau und vielen tollen Features <\/h3>\n<h4 class=\"a-spacing-mini a-color-secondary a-text-italic\"> Das JUSTCAMP Freeport ist ideal f\u00fcr alle Camper, die eine geschlossene Dusche bevorzugen <\/h4>\n<p class=\"a-spacing-base\"> Das Freeport Zelt ist das perfekte Zelt f\u00fcr alle Camper, die unterwegs nicht auf eine Dusch-, Umkleidekabine, Toilettenzelt oder \u00e4hnliches verzichten wollen und dadurch autark von Waschh\u00e4usern sind. Das Freeport Duschzelt ist leicht aufzubauen und bietet viele tolle Features, wie der mit Klett befestigte Boden, der ohne viel Aufwand herausgenommen werden kann, oder auch das Seil, an dem ein Handtuch Platz findet, sowie die 2 kleinen Taschen f\u00fcr Utensilien, die man ben\u00f6tigt. <\/p>\n<div class=\"amp-centerthirdcol-listbox\">\n<div class=\"a-box a-spacing-small a-color-alternate-background apm-listbox amp-centerthirdcol-listbox\">\n<div class=\"a-box-inner\">\n<ul class=\"a-unordered-list a-vertical\">\n<li><span class=\"a-list-item\"> <span class=\"a-size-base\"> Robustes Fiberglas-Gest\u00e4nge <\/span> <\/span><\/li>\n<li><span class=\"a-list-item\"> <span class=\"a-size-base\"> Leichter Auf- und Abbau <\/span> <\/span><\/li>\n<li><span class=\"a-list-item\"> <span class=\"a-size-base\"> Vielseitig nutzbar: Umkleidekabine, Duschzelt, Toilettenzelt oder \u00e4hnliches <\/span> <\/span><\/li>\n<li><span class=\"a-list-item\"> <span class=\"a-size-base\"> Inklusive Packtasche mit Tragegriffen <\/span> <\/span><\/li>\n<li><span class=\"a-list-item\"> <span class=\"a-size-base\"> Mit ca. 200 cm H\u00f6he, gute Stehh\u00f6he im Zelt <\/span> <\/span><\/li>\n<li><span class=\"a-list-item\"> <span class=\"a-size-base\"> 3000 mm Wassers\u00e4ule <\/span> <\/span><\/li>\n<li><span class=\"a-list-item\"> <span class=\"a-size-base\"> Einfach herausnehmbarer Boden <\/span> <\/span><\/li>\n<li><span class=\"a-list-item\"> <span class=\"a-size-base\"> 2 Organizer-Taschen, Seil f\u00fcr Handtuch und Klettvorrichtung f\u00fcr optionale Camping-Dusche <\/span> <\/span><\/li>\n<\/ul>\n<\/div>\n<\/div><\/div>\n<\/p><\/div>\n<\/p><\/div>\n<\/p><\/div>\n<\/p><\/div>\n<div><\/div>\n<\/p><\/div>\n<div class=\"a-expander-header a-expander-partial-collapse-header a-text-left\">\n<div class=\"a-expander-content-fade\"><\/div>\n<p><a href=\"void(0)\" data-action=\"a-expander-toggle\" class=\"a-declarative\" data-a-expander-toggle=\"{\"><i class=\"a-icon a-icon-extender-expand\"><\/i><span class=\"a-expander-prompt\">Mehr lesen<\/span><\/a><\/div>\n<\/p><\/div>\n<\/p><\/div>\n<div class=\"celwidget aplus-module module-9 aplus-standard\">\n<div data-a-expander-name=\"aplus-module-expander\" data-a-expander-collapsed-height=\"700\" class=\"a-expander-collapsed-height a-row a-expander-container a-expander-partial-collapse-container\">\n<div class=\"a-expander-content a-expander-partial-collapse-content\">\n<div class=\"aplus-module-wrapper apm-fixed-width\">\n<div class=\"apm-spacing apm-fixed-width\">\n<table class=\"apm-fixed-width apm-eventhirdcol-table\">\n<tbody>\n<tr>\n<th class=\"apm-center\">\n<div class=\"apm-eventhirdcol apm-floatleft\">\n<p> <img alt=\"Herausnehmbarer Boden\" src=\"https:\/\/images-na.ssl-images-amazon.com\/images\/G\/01\/x-locale\/common\/grey-pixel.gif\" class=\"a-spacing-mini a-lazy-loaded\" data-src=\"https:\/\/m.media-amazon.com\/images\/S\/aplus-media\/sc\/e05ecaa8-88fb-4845-8ab8-122ede29c535.__CR0,0,300,300_PT0_SX300_V1___.jpg\"><\/p>\n<p><img alt=\"Herausnehmbarer Boden\" src=\"https:\/\/m.media-amazon.com\/images\/S\/aplus-media\/sc\/e05ecaa8-88fb-4845-8ab8-122ede29c535.__CR0,0,300,300_PT0_SX300_V1___.jpg\"> <\/div>\n<\/th>\n<th class=\"apm-center\">\n<div class=\"apm-eventhirdcol apm-floatleft\">\n<p> <img alt=\"Leichter Aufbau\" src=\"https:\/\/images-na.ssl-images-amazon.com\/images\/G\/01\/x-locale\/common\/grey-pixel.gif\" class=\"a-spacing-mini a-lazy-loaded\" data-src=\"https:\/\/m.media-amazon.com\/images\/S\/aplus-media\/sc\/33e4149d-14cc-449b-89fc-2fd4bf18ffb7.__CR0,0,300,300_PT0_SX300_V1___.jpg\"><\/p>\n<p><img alt=\"Leichter Aufbau\" src=\"https:\/\/m.media-amazon.com\/images\/S\/aplus-media\/sc\/33e4149d-14cc-449b-89fc-2fd4bf18ffb7.__CR0,0,300,300_PT0_SX300_V1___.jpg\"> <\/div>\n<\/th>\n<th class=\"apm-center\">\n<div class=\"apm-eventhirdcol apm-floatleft\">\n<p> <img alt=\"Vormontierte Abspannleinen\" src=\"https:\/\/images-na.ssl-images-amazon.com\/images\/G\/01\/x-locale\/common\/grey-pixel.gif\" class=\"a-spacing-mini a-lazy-loaded\" data-src=\"https:\/\/m.media-amazon.com\/images\/S\/aplus-media\/sc\/9a1b5729-63de-4a71-a782-2ebd4b942123.__CR0,0,300,300_PT0_SX300_V1___.jpg\"><\/p>\n<p><img alt=\"Vormontierte Abspannleinen\" src=\"https:\/\/m.media-amazon.com\/images\/S\/aplus-media\/sc\/9a1b5729-63de-4a71-a782-2ebd4b942123.__CR0,0,300,300_PT0_SX300_V1___.jpg\"> <\/div>\n<\/th>\n<\/tr>\n<tr>\n<td class=\"apm-top\">\n<div class=\"apm-eventhirdcol apm-floatleft\">\n<h4 class=\"a-spacing-mini\"> Herausnehmbarer Boden <\/h4>\n<p> Der Boden des Freeport Duschzeltes ist an den Ecken mit Klett befestigt, so kann er schnell und einfach bei Bedarf entfernt werden. <\/p>\n<\/p><\/div>\n<\/td>\n<td class=\"apm-top\">\n<div class=\"apm-eventhirdcol apm-floatleft\">\n<h4 class=\"a-spacing-mini\"> Leichter Aufbau <\/h4>\n<p> Der Aufbau des kleinen Zeltes ist denkbar einfach: <\/p>\n<\/p>\n<ul class=\"a-unordered-list a-vertical\">\n<li><span class=\"a-list-item\">Gest\u00e4nge zusammenstecken<\/span><\/li>\n<li><span class=\"a-list-item\">Einf\u00e4deln<\/span><\/li>\n<li><span class=\"a-list-item\">Aufstellen<\/span><\/li>\n<li><span class=\"a-list-item\">Restliches Zelt mit Clips einhaken<\/span><\/li>\n<li><span class=\"a-list-item\">Abspannen<\/span><\/li>\n<\/ul>\n<\/p><\/div>\n<\/td>\n<td class=\"apm-top\">\n<div class=\"apm-eventhirdcol apm-floatleft\">\n<h4 class=\"a-spacing-mini\"> Vormontierte Abspannleinen <\/h4>\n<p> Zum Abspannen werden einfach die, bereits vormontierten, Abspannleinen aufgewickelt, gespannt und mit Heringen gesichert. Um die Abspannleinen nachtr\u00e4glich noch spannen oder lockern zu k\u00f6nnen befinden sich leicht zu bedienende Spanner an den Leinen. <\/p>\n<\/p><\/div>\n<\/td>\n<\/tr>\n<\/tbody>\n<\/table>\n<\/div><\/div>\n<div><\/div>\n<\/p><\/div>\n<div class=\"a-expander-header a-expander-partial-collapse-header a-text-left\">\n<div class=\"a-expander-content-fade\"><\/div>\n<p><a href=\"void(0)\" data-action=\"a-expander-toggle\" class=\"a-declarative\" data-a-expander-toggle=\"{\"><i class=\"a-icon a-icon-extender-expand\"><\/i><span class=\"a-expander-prompt\">Mehr lesen<\/span><\/a><\/div>\n<\/p><\/div>\n<\/p><\/div>\n<div class=\"celwidget aplus-module module-9 aplus-standard\">\n<div data-a-expander-name=\"aplus-module-expander\" data-a-expander-collapsed-height=\"700\" class=\"a-expander-collapsed-height a-row a-expander-container a-expander-partial-collapse-container\">\n<div class=\"a-expander-content a-expander-partial-collapse-content\">\n<div class=\"aplus-module-wrapper apm-fixed-width\">\n<div class=\"apm-spacing apm-fixed-width\">\n<table class=\"apm-fixed-width apm-eventhirdcol-table\">\n<tbody>\n<tr>\n<th class=\"apm-center\">\n<div class=\"apm-eventhirdcol apm-floatleft\">\n<p> <img alt=\"Klettb\u00e4nder f\u00fcr optionale Campingdusche\" src=\"https:\/\/images-na.ssl-images-amazon.com\/images\/G\/01\/x-locale\/common\/grey-pixel.gif\" class=\"a-spacing-mini a-lazy-loaded\" data-src=\"https:\/\/m.media-amazon.com\/images\/S\/aplus-media\/sc\/039d5751-1f74-4708-b9f4-1c42346dcd3c.__CR0,0,300,300_PT0_SX300_V1___.jpg\"><\/p>\n<p><img alt=\"Klettb\u00e4nder f\u00fcr optionale Campingdusche\" src=\"https:\/\/m.media-amazon.com\/images\/S\/aplus-media\/sc\/039d5751-1f74-4708-b9f4-1c42346dcd3c.__CR0,0,300,300_PT0_SX300_V1___.jpg\"> <\/div>\n<\/th>\n<th class=\"apm-center\">\n<div class=\"apm-eventhirdcol apm-floatleft\">\n<p> <img alt=\"Bel\u00fcftung\" src=\"https:\/\/images-na.ssl-images-amazon.com\/images\/G\/01\/x-locale\/common\/grey-pixel.gif\" class=\"a-spacing-mini a-lazy-loaded\" data-src=\"https:\/\/m.media-amazon.com\/images\/S\/aplus-media\/sc\/4dcf6aa3-b38a-412e-a781-73d3d2561bb7.__CR0,0,300,300_PT0_SX300_V1___.jpg\"><\/p>\n<p><img alt=\"Bel\u00fcftung\" src=\"https:\/\/m.media-amazon.com\/images\/S\/aplus-media\/sc\/4dcf6aa3-b38a-412e-a781-73d3d2561bb7.__CR0,0,300,300_PT0_SX300_V1___.jpg\"> <\/div>\n<\/th>\n<th class=\"apm-center\">\n<div class=\"apm-eventhirdcol apm-floatleft\">\n<p> <img alt=\"2 kleine Taschen\" src=\"https:\/\/images-na.ssl-images-amazon.com\/images\/G\/01\/x-locale\/common\/grey-pixel.gif\" class=\"a-spacing-mini a-lazy-loaded\" data-src=\"https:\/\/m.media-amazon.com\/images\/S\/aplus-media\/sc\/02bf35c0-4535-4eb8-9cf8-f1def0d1901b.__CR0,0,300,300_PT0_SX300_V1___.jpg\"><\/p>\n<p><img alt=\"2 kleine Taschen\" src=\"https:\/\/m.media-amazon.com\/images\/S\/aplus-media\/sc\/02bf35c0-4535-4eb8-9cf8-f1def0d1901b.__CR0,0,300,300_PT0_SX300_V1___.jpg\"> <\/div>\n<\/th>\n<\/tr>\n<tr>\n<td class=\"apm-top\">\n<div class=\"apm-eventhirdcol apm-floatleft\">\n<h4 class=\"a-spacing-mini\"> Klettb\u00e4nder f\u00fcr optionale Campingdusche <\/h4>\n<p> Falls Sie das Freeport als Duschzelt nutzen m\u00f6chten, k\u00f6nnen Sie es mit einer Campingdusche nachr\u00fcsten <span class=\"a-text-bold\">(nicht im Lieferumfang enthalten)<\/span>. Hierf\u00fcr befinden sich in einem Eck Klettverschl\u00fcsse, um daran die Camping-Dusche nach oben zu f\u00fchren. <\/p>\n<\/p><\/div>\n<\/td>\n<td class=\"apm-top\">\n<div class=\"apm-eventhirdcol apm-floatleft\">\n<h4 class=\"a-spacing-mini\"> Bel\u00fcftung f\u00fcr Wasserdampf <\/h4>\n<p> Damit beim Duschen der Wasserdampf auch entweichen kann, befindet sich im Dach eine abgedeckte Bel\u00fcftung. So kann warme Luft oder warmer Wasserdampf optimal entweichen. <\/p>\n<\/p><\/div>\n<\/td>\n<td class=\"apm-top\">\n<div class=\"apm-eventhirdcol apm-floatleft\">\n<h4 class=\"a-spacing-mini\"> 2 kleine Taschen <\/h4>\n<p> Im Freeport befinden sich 2 kleine Tasche f\u00fcr Utensilien, die man im Zelt ben\u00f6tigt. Zudem wurde ein Seil angebracht, um ein Handtuch oder \u00e4hnliches aufh\u00e4ngen zu k\u00f6nnen. <\/p>\n<\/p><\/div>\n<\/td>\n<\/tr>\n<\/tbody>\n<\/table>\n<\/div><\/div>\n<div><\/div>\n<\/p><\/div>\n<div class=\"a-expander-header a-expander-partial-collapse-header a-text-left\">\n<div class=\"a-expander-content-fade\"><\/div>\n<p><a href=\"void(0)\" data-action=\"a-expander-toggle\" class=\"a-declarative\" data-a-expander-toggle=\"{\"><i class=\"a-icon a-icon-extender-expand\"><\/i><span class=\"a-expander-prompt\">Mehr lesen<\/span><\/a><\/div>\n<\/p><\/div>\n<\/p><\/div>\n<div class=\"celwidget aplus-module module-11 aplus-standard\">\n<div data-a-expander-name=\"aplus-module-expander\" data-a-expander-collapsed-height=\"360\" class=\"a-expander-collapsed-height a-row a-expander-container a-expander-partial-collapse-container\">\n<div class=\"a-expander-content a-expander-partial-collapse-content\">\n<div class=\"aplus-module-wrapper apm-spacing apm-floatnone apm-fixed-width\">\n<div class=\"apm-sidemodule aplus-module-content\">\n<div class=\"apm-hero-image\"> <img alt=\"Justcamp Duschzelt\" src=\"https:\/\/images-na.ssl-images-amazon.com\/images\/G\/01\/x-locale\/common\/grey-pixel.gif\" class=\"a-lazy-loaded\" data-src=\"https:\/\/m.media-amazon.com\/images\/S\/aplus-media\/sc\/8ba6cc60-6e55-4f4f-895c-1c38df15f5e1.__CR0,0,970,300_PT0_SX970_V1___.jpg\"><img alt=\"Justcamp Duschzelt\" src=\"https:\/\/m.media-amazon.com\/images\/S\/aplus-media\/sc\/8ba6cc60-6e55-4f4f-895c-1c38df15f5e1.__CR0,0,970,300_PT0_SX970_V1___.jpg\"> <\/div>\n<\/p><\/div>\n<\/p><\/div>\n<div><\/div>\n<\/p><\/div>\n<div class=\"a-expander-header a-expander-partial-collapse-header a-text-left\">\n<div class=\"a-expander-content-fade\"><\/div>\n<p><a href=\"void(0)\" data-action=\"a-expander-toggle\" class=\"a-declarative\" data-a-expander-toggle=\"{\"><i class=\"a-icon a-icon-extender-expand\"><\/i><span class=\"a-expander-prompt\">Mehr lesen<\/span><\/a><\/div>\n<\/p><\/div>\n<\/p><\/div>\n<p>Justcamp Duschzelt und Umkleidezelt mit einfachem, aber robustem Aufbau<br \/>\nMobile Umkleidekabine oder Duschkabine f\u00fcr 1-2 Personen \/ gute Stehh\u00f6he mit ca. 200 cm<br \/>\nHandtuch-Ablage \/ Klett f\u00fcr eine optionale Dusche \/ Boden mit Klett entfernbar \/ Ablagetasche<br \/>\nRobustes und einfach aufzubauendes Fiberglas-Gest\u00e4nge \/ 3.000 mm Wassers\u00e4ule \/ L\u00fcftung mit Abdeckung im Dach<br \/>\nLieferung inkl. Packtasche \/ handliches Packma\u00df 63 x 14 x 14 cm \/ leichtes Gewicht von ca. 3,2 kg<br \/>\n<div class=\"main-cross-sell\" data-asin=\"B08CN585S6\">\n\n\t<div class=\"WooZone-cross-sell-loader\">\n\t\t<div>\n\t\t\t<div id=\"floatingBarsG\">\n\t\t\t\t<div class=\"blockG\" id=\"rotateG_01\"><\/div>\n\t\t\t\t<div class=\"blockG\" id=\"rotateG_02\"><\/div>\n\t\t\t\t<div class=\"blockG\" id=\"rotateG_03\"><\/div>\n\t\t\t\t<div class=\"blockG\" id=\"rotateG_04\"><\/div>\n\t\t\t\t<div class=\"blockG\" id=\"rotateG_05\"><\/div>\n\t\t\t\t<div class=\"blockG\" id=\"rotateG_06\"><\/div>\n\t\t\t\t<div class=\"blockG\" id=\"rotateG_07\"><\/div>\n\t\t\t\t<div class=\"blockG\" id=\"rotateG_08\"><\/div>\n\t\t\t<\/div>\n\t\t\t<div class=\"WooZone-cross-sell-loader-text\"><\/div>\n\t\t<\/div>\n\t<\/div>\n\n\t\t\n<\/div>\n<div style=\"clear:both;\"><\/div><\/p>\n","protected":false},"excerpt":{"rendered":"<p>Justcamp Duschzelt und Umkleidezelt mit einfachem, aber robustem Aufbau<br \/>\nMobile Umkleidekabine oder Duschkabine f\u00fcr 1-2 Personen \/ gute Stehh\u00f6he mit ca. 200 cm<br \/>\nHandtuch-Ablage \/ Klett f\u00fcr eine optionale Dusche \/ Boden mit Klett entfernbar \/ Ablagetasche<\/p>\n","protected":false},"featured_media":12763,"comment_status":"open","ping_status":"closed","template":"","meta":[],"product_cat":[1002,19],"product_tag":[],"_links":{"self":[{"href":"http:\/\/campingland24.com\/index.php?rest_route=\/wp\/v2\/product\/12762"}],"collection":[{"href":"http:\/\/campingland24.com\/index.php?rest_route=\/wp\/v2\/product"}],"about":[{"href":"http:\/\/campingland24.com\/index.php?rest_route=\/wp\/v2\/types\/product"}],"replies":[{"embeddable":true,"href":"http:\/\/campingland24.com\/index.php?rest_route=%2Fwp%2Fv2%2Fcomments&post=12762"}],"version-history":[{"count":3,"href":"http:\/\/campingland24.com\/index.php?rest_route=\/wp\/v2\/product\/12762\/revisions"}],"predecessor-version":[{"id":19493,"href":"http:\/\/campingland24.com\/index.php?rest_route=\/wp\/v2\/product\/12762\/revisions\/19493"}],"wp:featuredmedia":[{"embeddable":true,"href":"http:\/\/campingland24.com\/index.php?rest_route=\/wp\/v2\/media\/12763"}],"wp:attachment":[{"href":"http:\/\/campingland24.com\/index.php?rest_route=%2Fwp%2Fv2%2Fmedia&parent=12762"}],"wp:term":[{"taxonomy":"product_cat","embeddable":true,"href":"http:\/\/campingland24.com\/index.php?rest_route=%2Fwp%2Fv2%2Fproduct_cat&post=12762"},{"taxonomy":"product_tag","embeddable":true,"href":"http:\/\/campingland24.com\/index.php?rest_route=%2Fwp%2Fv2%2Fproduct_tag&post=12762"}],"curies":[{"name":"wp","href":"https:\/\/api.w.org\/{rel}","templated":true}]}}