{"id":12911,"date":"2021-07-29T05:23:44","date_gmt":"2021-07-29T05:23:44","guid":{"rendered":"http:\/\/campingland24.com\/?product=windesa-vorderwand-fuer-markise-markise-erweiterung-zusaetzlicher-camping-sonnenschutz-alphazwei"},"modified":"2023-02-23T18:39:30","modified_gmt":"2023-02-23T18:39:30","slug":"windesa-vorderwand-fuer-markise-markise-erweiterung-zusaetzlicher-camping-sonnenschutz-alphazwei","status":"publish","type":"product","link":"http:\/\/campingland24.com\/?product=windesa-vorderwand-fuer-markise-markise-erweiterung-zusaetzlicher-camping-sonnenschutz-alphazwei","title":{"rendered":"Vorderwand f\u00fcr Markise, Markise Erweiterung, zus\u00e4tzlicher Camping Sonnenschutz &#8211; ALPHAZWEI"},"content":{"rendered":"<p><!-- show up to 2 reviews by default --> <\/p>\n<p>Der Camping Sonnenschutz ALPHAZWEI ist die optimale Erg\u00e4nzung zu Ihrer Markise. Wer kennt es nicht? Sie haben Ihr Wohnmobil auf dem Campingplatz platziert, die Terrasse startklar gemacht, die Markise ausgefahren und genau dann, scheint die Sonne frontal auf Ihren Liegestuhl? Unser Camping Sonnenschutz erg\u00e4nzt die Funktionen der \u00fcblichen Markise perfekt. Genie\u00dfen Sie ausreichend Schatten, zus\u00e4tzlichen Wind- und Regenschutz dank unseres innovativen Produktes ALPHAZWEI. Auf- und abgebaut wird der Camping Sonnenschutz innerhalb weniger Minuten. Au\u00dferdem l\u00e4sst sich der Sonnenschutz einfach und platzsparend in der mitgelieferten Tasche verstauen. Wir verwenden f\u00fcr unsere Campingartikel ausschlie\u00dflich einen erstklassigen Sonnenschutzstoff. An einer Seite des Stoffes ist eine Kederschiene von 5,5mm eingen\u00e4ht, womit der Camping Sonnenschutz an der Wohnwagen- oder Wohnmobilmarkise eingezogen wird. Die robusten Metall\u00f6sen sind auf der anderen Seite im Kederband eingen\u00e4ht und garantieren eine stabile Befestigung durch drei Heringe im Boden <\/p>\n<p>Das Camping Sonnensegel dient optimal als Sonnen- und Hitzeschutz. PRODUKTMA\u00dfE: 3.000mm x 1.500mm<br \/>\nDieser Sonnenschutz erg\u00e4nzt Ihre Markise perfekt und ist federleicht<br \/>\nDas ALPHAZWEI Wohnwagen Sonnensegel kann Problemlos in der mitgelieferten Tasche verstaut werden<br \/>\nDurch die Kombination mit der herk\u00f6mmlichen Markise garantiert ALPHAZWEI einen zus\u00e4tzlichen Wind- und Sichtschutz<br \/>\nDeutlich bessere Privatsph\u00e4re dank der Erweiterung des Camping Sonnenschutzes. BEACHTEN SIE: KEDER 5,5 MM<br \/>\n<div class=\"main-cross-sell\" data-asin=\"B088GV2LVN\">\n\n\t<div class=\"WooZone-cross-sell-loader\">\n\t\t<div>\n\t\t\t<div id=\"floatingBarsG\">\n\t\t\t\t<div class=\"blockG\" id=\"rotateG_01\"><\/div>\n\t\t\t\t<div class=\"blockG\" id=\"rotateG_02\"><\/div>\n\t\t\t\t<div class=\"blockG\" id=\"rotateG_03\"><\/div>\n\t\t\t\t<div class=\"blockG\" id=\"rotateG_04\"><\/div>\n\t\t\t\t<div class=\"blockG\" id=\"rotateG_05\"><\/div>\n\t\t\t\t<div class=\"blockG\" id=\"rotateG_06\"><\/div>\n\t\t\t\t<div class=\"blockG\" id=\"rotateG_07\"><\/div>\n\t\t\t\t<div class=\"blockG\" id=\"rotateG_08\"><\/div>\n\t\t\t<\/div>\n\t\t\t<div class=\"WooZone-cross-sell-loader-text\"><\/div>\n\t\t<\/div>\n\t<\/div>\n\n\t\t\n<\/div>\n<div style=\"clear:both;\"><\/div><\/p>\n","protected":false},"excerpt":{"rendered":"<p>Das Camping Sonnensegel dient optimal als Sonnen- und Hitzeschutz. PRODUKTMA\u00dfE: 3.000mm x 1.500mm<br \/>\nDieser Sonnenschutz erg\u00e4nzt Ihre Markise perfekt und ist federleicht<br \/>\nDas ALPHAZWEI Wohnwagen Sonnensegel kann Problemlos in der mitgelieferten Tasche verstaut werden<\/p>\n","protected":false},"featured_media":12912,"comment_status":"open","ping_status":"closed","template":"","meta":[],"product_cat":[1002,19],"product_tag":[],"_links":{"self":[{"href":"http:\/\/campingland24.com\/index.php?rest_route=\/wp\/v2\/product\/12911"}],"collection":[{"href":"http:\/\/campingland24.com\/index.php?rest_route=\/wp\/v2\/product"}],"about":[{"href":"http:\/\/campingland24.com\/index.php?rest_route=\/wp\/v2\/types\/product"}],"replies":[{"embeddable":true,"href":"http:\/\/campingland24.com\/index.php?rest_route=%2Fwp%2Fv2%2Fcomments&post=12911"}],"version-history":[{"count":2,"href":"http:\/\/campingland24.com\/index.php?rest_route=\/wp\/v2\/product\/12911\/revisions"}],"predecessor-version":[{"id":19973,"href":"http:\/\/campingland24.com\/index.php?rest_route=\/wp\/v2\/product\/12911\/revisions\/19973"}],"wp:featuredmedia":[{"embeddable":true,"href":"http:\/\/campingland24.com\/index.php?rest_route=\/wp\/v2\/media\/12912"}],"wp:attachment":[{"href":"http:\/\/campingland24.com\/index.php?rest_route=%2Fwp%2Fv2%2Fmedia&parent=12911"}],"wp:term":[{"taxonomy":"product_cat","embeddable":true,"href":"http:\/\/campingland24.com\/index.php?rest_route=%2Fwp%2Fv2%2Fproduct_cat&post=12911"},{"taxonomy":"product_tag","embeddable":true,"href":"http:\/\/campingland24.com\/index.php?rest_route=%2Fwp%2Fv2%2Fproduct_tag&post=12911"}],"curies":[{"name":"wp","href":"https:\/\/api.w.org\/{rel}","templated":true}]}}