{"id":13434,"date":"2021-07-29T07:04:50","date_gmt":"2021-07-29T07:04:50","guid":{"rendered":"http:\/\/campingland24.com\/?product=kipida-campingdusche-solardusche-20l-duschsack-solar-heizung-camping-dusche-tasche-mit-duschkopf-on-off-switchable-gartendusche-pooldusche-warmwasser-shower-outdoor-camping-wandern-wassersack"},"modified":"2023-04-10T18:57:50","modified_gmt":"2023-04-10T18:57:50","slug":"kipida-campingdusche-solardusche-20l-duschsack-solar-heizung-camping-dusche-tasche-mit-duschkopf-on-off-switchable-gartendusche-pooldusche-warmwasser-shower-outdoor-camping-wandern-wassersack","status":"publish","type":"product","link":"http:\/\/campingland24.com\/?product=kipida-campingdusche-solardusche-20l-duschsack-solar-heizung-camping-dusche-tasche-mit-duschkopf-on-off-switchable-gartendusche-pooldusche-warmwasser-shower-outdoor-camping-wandern-wassersack","title":{"rendered":"KIPIDA Campingdusche Solardusche 20L Duschsack Solar Heizung Camping Dusche Tasche mit Duschkopf &amp; On-Off Switchable\u2026"},"content":{"rendered":"<div class=\"celwidget aplus-module 3p-module-b aplus-standard\">\n<div class=\"aplus-module-wrapper aplus-3p-fixed-width\"> <img alt=\"solardusche camping\" src=\"https:\/\/images-na.ssl-images-amazon.com\/images\/G\/01\/x-locale\/common\/grey-pixel.gif\" class=\"a-spacing-base a-lazy-loaded\" data-src=\"https:\/\/m.media-amazon.com\/images\/S\/aplus-media\/sc\/cd5d0e03-5377-4237-b1a7-b6aa7fdf1688.__CR0,0,970,600_PT0_SX970_V1___.png\"><img alt=\"solardusche camping\" src=\"https:\/\/m.media-amazon.com\/images\/S\/aplus-media\/sc\/cd5d0e03-5377-4237-b1a7-b6aa7fdf1688.__CR0,0,970,600_PT0_SX970_V1___.png\"> <\/p>\n<h3 class=\"a-spacing-mini\"> Hochwertige KIPIDA Solardusche Campingdusche <\/h3>\n<p class=\"a-spacing-base\"> Bist du besorgt es ist unbequemlichkeit zu Duschen draussen? <\/p>\n<p class=\"a-spacing-base\"> Ja, KIPIDA Solardusche Tasche l\u00f6ste alle deine Probleme, perfekt f\u00fcr outdoor \u00dcberleben Camping Wandern Backpacking Selbst-Fahren Angeln Schwimmen&#8230; <\/p>\n<p class=\"a-spacing-base\"> Spezifikationen: <\/p>\n<p class=\"a-spacing-base\">\n<ul class=\"a-unordered-list a-vertical\">\n<li><span class=\"a-list-item\">Wasser volumen: 20L\/5 Gallonen<\/span><\/li>\n<li><span class=\"a-list-item\">Offene Gr\u00f6\u00dfe der Duschtasche: 50&#215;46 cm<\/span><\/li>\n<li><span class=\"a-list-item\">L\u00e4nge des Wasserschlauchs: ca. 40 cm <\/span><\/li>\n<li><span class=\"a-list-item\">Nettogewicht: ca. 370g<\/span><\/li>\n<\/ul>\n<p class=\"a-spacing-base\"> Paket Enthalten: <\/p>\n<p class=\"a-spacing-base\">\n<ul class=\"a-unordered-list a-vertical\">\n<li><span class=\"a-list-item\">1 x Solardusche tasche 20L<\/span><\/li>\n<li><span class=\"a-list-item\">1 x Aufh\u00e4ngeriemen <\/span><\/li>\n<li><span class=\"a-list-item\">1 x Kunststoffrohr <\/span><\/li>\n<li><span class=\"a-list-item\">1 x Duschkop<\/span><\/li>\n<\/ul>\n<\/p><\/div>\n<\/p><\/div>\n<div class=\"celwidget aplus-module 3p-module-b aplus-standard\">\n<div class=\"aplus-module-wrapper aplus-3p-fixed-width\"> <img alt=\"campingdusche solar\" src=\"https:\/\/images-na.ssl-images-amazon.com\/images\/G\/01\/x-locale\/common\/grey-pixel.gif\" class=\"a-spacing-base a-lazy-loaded\" data-src=\"https:\/\/m.media-amazon.com\/images\/S\/aplus-media\/sc\/3408bf54-803d-4cc1-a4d1-e454f958bca4.__CR0,0,970,600_PT0_SX970_V1___.png\"><img alt=\"campingdusche solar\" src=\"https:\/\/m.media-amazon.com\/images\/S\/aplus-media\/sc\/3408bf54-803d-4cc1-a4d1-e454f958bca4.__CR0,0,970,600_PT0_SX970_V1___.png\"> <\/p>\n<h3 class=\"a-spacing-mini\"> Warm Beachten: <\/h3>\n<p class=\"a-spacing-base\"> 1. Waschen Sie den Badesack vor dem ersten Gebrauch. <\/p>\n<p class=\"a-spacing-base\"> 2. Bitte nicht trink das Wasser Holen erhalten aus der Duschtasche. <\/p>\n<p class=\"a-spacing-base\"> 3. Bitte nicht Lassen Wassertemperatur 50 Grad \u00fcberschreiten. <\/p>\n<p class=\"a-spacing-base\"> 4. Wasser ablassen wenn nicht verwenden. <\/p>\n<\/p><\/div>\n<\/p><\/div>\n<div class=\"celwidget aplus-module module-2 aplus-standard\">\n<div data-a-expander-name=\"aplus-module-expander\" data-a-expander-collapsed-height=\"700\" class=\"a-expander-collapsed-height a-row a-expander-container a-expander-partial-collapse-container\">\n<div class=\"a-expander-content a-expander-partial-collapse-content\">\n<div class=\"aplus-module-wrapper apm-floatnone apm-fixed-width\">\n<div class=\"apm-sidemodule apm-spacing\">\n<div class=\"apm-sidemodule-imageleft\"> <img alt=\"camping duschsack\" src=\"https:\/\/images-na.ssl-images-amazon.com\/images\/G\/01\/x-locale\/common\/grey-pixel.gif\" class=\"a-lazy-loaded\" data-src=\"https:\/\/m.media-amazon.com\/images\/S\/aplus-seller-content-images-us-east-1\/A1PA6795UKMFR9\/A9PGVAGVHJHMT\/729f684e-eeab-4fb5-b17d-600be19ed9ec._CR0,0,300,300_PT0_SX300__.jpg\"><img alt=\"camping duschsack\" src=\"https:\/\/m.media-amazon.com\/images\/S\/aplus-seller-content-images-us-east-1\/A1PA6795UKMFR9\/A9PGVAGVHJHMT\/729f684e-eeab-4fb5-b17d-600be19ed9ec._CR0,0,300,300_PT0_SX300__.jpg\"> <\/div>\n<div class=\"apm-sidemodule-textright\">\n<h3 class=\"a-spacing-mini\"> Eigenschaften: <\/h3>\n<\/p>\n<ul class=\"a-unordered-list a-vertical\">\n<li><span class=\"a-list-item\">Top Qualit\u00e4t und auslaufsicher EVA-Material Duschen Beutel.<\/span><\/li>\n<li><span class=\"a-list-item\">20 Liter grosse Kapazit\u00e4t Camping Duschtasche mit 40cm lange schlauch.<\/span><\/li>\n<li><span class=\"a-list-item\">Mit 3 Stunden Solarheizung, Wasserdose 40 Grad erreichen. \u00b0 C \/ \u00b0 F zwei Wege Wasser Temperatur Anzeige.<\/span><\/li>\n<li><span class=\"a-list-item\">Solar dusche tasche kommt mit ein abnehmbarer schlauch, duschkopf und wasserhahnkopf.<\/span><\/li>\n<li><span class=\"a-list-item\">Die Campingdusche tasche kann sein faltbar zu klein gr\u00f6\u00dfe, einfach zu portbale und Lagerung. <\/span><\/li>\n<li><span class=\"a-list-item\">Vorderseite Netztasche Design zu halt Seife, Shampoo und andere Zubeh\u00f6r.<\/span><\/li>\n<\/ul>\n<\/p><\/div>\n<\/p><\/div>\n<\/p><\/div>\n<div><\/div>\n<\/p><\/div>\n<div class=\"a-expander-header a-expander-partial-collapse-header a-text-left\">\n<div class=\"a-expander-content-fade\"><\/div>\n<p><a href=\"void(0)\" data-action=\"a-expander-toggle\" class=\"a-declarative\" data-a-expander-toggle=\"{\"><i class=\"a-icon a-icon-extender-expand\"><\/i><span class=\"a-expander-prompt\">Mehr lesen<\/span><\/a><\/div>\n<\/p><\/div>\n<\/p><\/div>\n<div class=\"celwidget aplus-module module-9 aplus-standard\">\n<div data-a-expander-name=\"aplus-module-expander\" data-a-expander-collapsed-height=\"700\" class=\"a-expander-collapsed-height a-row a-expander-container a-expander-partial-collapse-container\">\n<div class=\"a-expander-content a-expander-partial-collapse-content\">\n<div class=\"aplus-module-wrapper apm-fixed-width\">\n<div class=\"apm-spacing apm-fixed-width\">\n<table class=\"apm-fixed-width apm-eventhirdcol-table\">\n<tbody>\n<tr>\n<th class=\"apm-center\">\n<div class=\"apm-eventhirdcol apm-floatleft\">\n<p> <img alt=\"camping solardusche\" src=\"https:\/\/images-na.ssl-images-amazon.com\/images\/G\/01\/x-locale\/common\/grey-pixel.gif\" class=\"a-spacing-mini a-lazy-loaded\" data-src=\"https:\/\/m.media-amazon.com\/images\/S\/aplus-media\/sc\/93e2efe9-7987-4234-b483-d1076b35cc1c.__CR0,0,300,300_PT0_SX300_V1___.png\"><\/p>\n<p><img alt=\"camping solardusche\" src=\"https:\/\/m.media-amazon.com\/images\/S\/aplus-media\/sc\/93e2efe9-7987-4234-b483-d1076b35cc1c.__CR0,0,300,300_PT0_SX300_V1___.png\"> <\/div>\n<\/th>\n<th class=\"apm-center\">\n<div class=\"apm-eventhirdcol apm-floatleft\">\n<p> <img alt=\"camping dusche\" src=\"https:\/\/images-na.ssl-images-amazon.com\/images\/G\/01\/x-locale\/common\/grey-pixel.gif\" class=\"a-spacing-mini a-lazy-loaded\" data-src=\"https:\/\/m.media-amazon.com\/images\/S\/aplus-seller-content-images-us-east-1\/A1PA6795UKMFR9\/A9PGVAGVHJHMT\/cf3549d8-cafb-489f-8de5-5aa19804d4bc._CR0,0,300,300_PT0_SX300__.jpg\"><\/p>\n<p><img alt=\"camping dusche\" src=\"https:\/\/m.media-amazon.com\/images\/S\/aplus-seller-content-images-us-east-1\/A1PA6795UKMFR9\/A9PGVAGVHJHMT\/cf3549d8-cafb-489f-8de5-5aa19804d4bc._CR0,0,300,300_PT0_SX300__.jpg\"> <\/div>\n<\/th>\n<th class=\"apm-center\">\n<div class=\"apm-eventhirdcol apm-floatleft\">\n<p> <img alt=\"solardusche 20l\" src=\"https:\/\/images-na.ssl-images-amazon.com\/images\/G\/01\/x-locale\/common\/grey-pixel.gif\" class=\"a-spacing-mini a-lazy-loaded\" data-src=\"https:\/\/m.media-amazon.com\/images\/S\/aplus-media\/sc\/b2cdc32a-3335-4048-8b61-44c3a075be1d.__CR0,0,300,300_PT0_SX300_V1___.png\"><\/p>\n<p><img alt=\"solardusche 20l\" src=\"https:\/\/m.media-amazon.com\/images\/S\/aplus-media\/sc\/b2cdc32a-3335-4048-8b61-44c3a075be1d.__CR0,0,300,300_PT0_SX300_V1___.png\"> <\/div>\n<\/th>\n<\/tr>\n<tr>\n<td class=\"apm-top\">\n<div class=\"apm-eventhirdcol apm-floatleft\"> <\/div>\n<\/td>\n<td class=\"apm-top\">\n<div class=\"apm-eventhirdcol apm-floatleft\"> <\/div>\n<\/td>\n<td class=\"apm-top\">\n<div class=\"apm-eventhirdcol apm-floatleft\"> <\/div>\n<\/td>\n<\/tr>\n<\/tbody>\n<\/table>\n<\/div><\/div>\n<div><\/div>\n<\/p><\/div>\n<div class=\"a-expander-header a-expander-partial-collapse-header a-text-left\">\n<div class=\"a-expander-content-fade\"><\/div>\n<p><a href=\"void(0)\" data-action=\"a-expander-toggle\" class=\"a-declarative\" data-a-expander-toggle=\"{\"><i class=\"a-icon a-icon-extender-expand\"><\/i><span class=\"a-expander-prompt\">Mehr lesen<\/span><\/a><\/div>\n<\/p><\/div>\n<\/p><\/div>\n<div class=\"celwidget aplus-module module-5 aplus-standard\">\n<div class=\"aplus-module-wrapper apm-fixed-width\">\n<div class=\"apm-spacing aplus-module-content\">\n<div class=\"apm-tablemodule\">\n<table class=\"apm-tablemodule-table\" cellspacing=\"0\" cellpadding=\"0\">\n<tbody>\n<tr class=\"apm-tablemodule-imagerows\">\n<th class=\"apm-tablemodule-blankkeyhead\"> <\/th>\n<th class=\"apm-tablemodule-image \"> <a href=\"\/dp\/B07W7C86XZ\/ref=emc_b_5_i\"> <img alt=\"feuerzeug elektronisch\" src=\"https:\/\/m.media-amazon.com\/images\/S\/aplus-media\/sc\/9a38d046-8985-4b7d-95fd-2b1cea02a741.__CR0,0,150,300_PT0_SX150_V1___.png\" width=\"121.66666666666667px\"><\/a> <\/th>\n<th class=\"apm-tablemodule-image \"> <a href=\"\/dp\/B08DR9KZVW\/ref=emc_b_5_i\"> <img alt=\"Handstaubsauger Akku Beutellos Auto\" src=\"https:\/\/m.media-amazon.com\/images\/S\/aplus-media-library-service-media\/cdf25eaa-d040-48e4-848f-cb0be35cf3ed.__CR0,0,150,300_PT0_SX150_V1___.jpg\" width=\"121.66666666666667px\"><\/a> <\/th>\n<th class=\"apm-tablemodule-image \"> <a href=\"\/dp\/B091DK68LM\/ref=emc_b_5_i\"> <img alt=\"Lamping LED Leuchte\" src=\"https:\/\/m.media-amazon.com\/images\/S\/aplus-media-library-service-media\/e5744e1d-64a4-4301-ac89-caa7407ecef5.__CR0,0,150,300_PT0_SX150_V1___.png\" width=\"121.66666666666667px\"><\/a> <\/th>\n<th class=\"apm-tablemodule-image \"> <img alt=\"Unterwasser Licht\" src=\"https:\/\/m.media-amazon.com\/images\/S\/aplus-media-library-service-media\/6f68aa5d-74a6-4345-816b-fd54b92d3197.__CR0,0,370,741_PT0_SX150_V1___.png\" width=\"121.66666666666667px\"><\/th>\n<th class=\"apm-tablemodule-image \"> <a href=\"\/dp\/B07X6MLBV7\/ref=emc_b_5_i\"> <img alt=\"plasma feuerzeug\" src=\"https:\/\/m.media-amazon.com\/images\/S\/aplus-media\/sc\/82475217-c6b5-492b-a2e8-b1eee0827db5.__CR0,0,150,300_PT0_SX150_V1___.png\" width=\"121.66666666666667px\"><\/a> <\/th>\n<th class=\"apm-tablemodule-image \"> <a href=\"\/dp\/B083FFV8MC\/ref=emc_b_5_i\"> <img alt=\"wasserdichte Taschen\" src=\"https:\/\/m.media-amazon.com\/images\/S\/aplus-media\/sc\/bfe8c9e5-fe45-45fd-af35-f827928f611e.__CR0,0,150,300_PT0_SX150_V1___.jpg\" width=\"121.66666666666667px\"><\/a> <\/th>\n<\/tr>\n<tr class=\"apm-tablemodule-imagerows\">\n<th class=\"apm-tablemodule-blankkeyhead\"> <\/th>\n<th> <a href=\"\/dp\/B07W7C86XZ\/ref=emc_b_5_t\"> Feuerzeug Elektronisch USB <\/a> <\/th>\n<th> <a href=\"\/dp\/B08DR9KZVW\/ref=emc_b_5_t\"> Handstaubsauger Akku Beutellos Auto <\/a> <\/th>\n<th> <a href=\"\/dp\/B091DK68LM\/ref=emc_b_5_t\"> Lamping LED Leuchte <\/a> <\/th>\n<th> <\/th>\n<th> <a href=\"\/dp\/B07X6MLBV7\/ref=emc_b_5_t\"> Feuerzeug USB <\/a> <\/th>\n<th> <a href=\"\/dp\/B083FFV8MC\/ref=emc_b_5_t\"> Dry Bag <\/a> <\/th>\n<\/tr>\n<\/tbody>\n<\/table>\n<\/div><\/div>\n<\/p><\/div>\n<div><\/div>\n<\/p><\/div>\n<p>20L Solardusche Camping: Der praktische Duschbeutel kann problemlos bis zu 20 Liter Wasser aufnehmen, die genug Wasser zum Baden aufnehmen kann, eine sch\u00f6ne und erfrischende Dusche f\u00fcr jeden Ort. Diese Solar-Dusche erf\u00fcllt voll und ganz Ihre Bed\u00fcrfnisse f\u00fcr den Urlaub. Ideal f\u00fcr Rucks\u00e4cke und Outdoor-Aktivit\u00e4ten.<br \/>\nHochwertige Materialien: Der Duschbeutel besteht aus umweltfreundlichen auslaufsicheren Materialien und einer PVC-Beschichtung. Die verwendeten Materialien sind gesundheitlich unbedenklich. Das intelligente PVC-Material absorbiert die Sonnenenergie, um das Wasser im Inneren des Beutels effizient zu erhitzen.<br \/>\nFortschrittlicher Duschkopf: F\u00fcr ein wesentlich besseres Duscherlebnis. Dieser moderne Duschkopf bietet einen einfachen EIN \/ AUS-Schalter mit einem Wasserdurchfluss von NIEDRIG nach HOCH. Nachdem Sie Ihre Outdoor-Aktivit\u00e4ten genossen haben, h\u00e4ngen Sie sie zum Duschen auf das Zelt oder auf \u00c4ste, oder waschen Sie einfach Ihre H\u00e4nde und Ihr Gesicht.<br \/>\nTemperaturanzeige: Eine Temperaturanzeige (in \u00b0C und \u00b0F) befindet sich an der Au\u00dfenseite des Duschbeutels. Verschaffen Sie sich vor dem Duschen Klarheit \u00fcber die Wassertemperatur. Die R\u00fcckentemperaturleiste erm\u00f6glicht es Ihnen, die Wassertemperatur zu kennen und auf dem Laufenden zu bleiben.<br \/>\nEinfache Handhabung: Diese Campingdusche l\u00e4sst sich sehr klein zusammenlegen, einfach mitzunehmen und zu lagern. Diese Solar-Dusche erf\u00fcllt voll und ganz Ihre Bed\u00fcrfnisse f\u00fcr den Urlaub. Ideal f\u00fcr Outdoor und Camping, als Campingdusche, Gartendusche oder Pool sind die Solardusche eine gute Wahl.<br \/>\n<div class=\"main-cross-sell\" data-asin=\"B07PZ6SN66\">\n\n\t<div class=\"WooZone-cross-sell-loader\">\n\t\t<div>\n\t\t\t<div id=\"floatingBarsG\">\n\t\t\t\t<div class=\"blockG\" id=\"rotateG_01\"><\/div>\n\t\t\t\t<div class=\"blockG\" id=\"rotateG_02\"><\/div>\n\t\t\t\t<div class=\"blockG\" id=\"rotateG_03\"><\/div>\n\t\t\t\t<div class=\"blockG\" id=\"rotateG_04\"><\/div>\n\t\t\t\t<div class=\"blockG\" id=\"rotateG_05\"><\/div>\n\t\t\t\t<div class=\"blockG\" id=\"rotateG_06\"><\/div>\n\t\t\t\t<div class=\"blockG\" id=\"rotateG_07\"><\/div>\n\t\t\t\t<div class=\"blockG\" id=\"rotateG_08\"><\/div>\n\t\t\t<\/div>\n\t\t\t<div class=\"WooZone-cross-sell-loader-text\"><\/div>\n\t\t<\/div>\n\t<\/div>\n\n\t\t\n<\/div>\n<div style=\"clear:both;\"><\/div><\/p>\n","protected":false},"excerpt":{"rendered":"<p>20L Solardusche Camping: Der praktische Duschbeutel kann problemlos bis zu 20 Liter Wasser aufnehmen, die genug Wasser zum Baden aufnehmen kann, eine sch\u00f6ne und erfrischende Dusche f\u00fcr jeden Ort. Diese Solar-Dusche erf\u00fcllt voll und ganz Ihre Bed\u00fcrfnisse f\u00fcr den Urlaub. Ideal f\u00fcr Rucks\u00e4cke und Outdoor-Aktivit\u00e4ten.<br \/>\nHochwertige Materialien: Der Duschbeutel besteht aus umweltfreundlichen auslaufsicheren Materialien und einer PVC-Beschichtung. Die verwendeten Materialien sind gesundheitlich unbedenklich. Das intelligente PVC-Material absorbiert die Sonnenenergie, um das Wasser im Inneren des Beutels effizient zu erhitzen.<br \/>\nFortschrittlicher Duschkopf: F\u00fcr ein wesentlich besseres Duscherlebnis. Dieser moderne Duschkopf bietet einen einfachen EIN \/ AUS-Schalter mit einem Wasserdurchfluss von NIEDRIG nach HOCH. Nachdem Sie Ihre Outdoor-Aktivit\u00e4ten genossen haben, h\u00e4ngen Sie sie zum Duschen auf das Zelt oder auf \u00c4ste, oder waschen Sie einfach Ihre H\u00e4nde und Ihr Gesicht.<\/p>\n","protected":false},"featured_media":13435,"comment_status":"open","ping_status":"closed","template":"","meta":[],"product_cat":[2162,27],"product_tag":[],"_links":{"self":[{"href":"http:\/\/campingland24.com\/index.php?rest_route=\/wp\/v2\/product\/13434"}],"collection":[{"href":"http:\/\/campingland24.com\/index.php?rest_route=\/wp\/v2\/product"}],"about":[{"href":"http:\/\/campingland24.com\/index.php?rest_route=\/wp\/v2\/types\/product"}],"replies":[{"embeddable":true,"href":"http:\/\/campingland24.com\/index.php?rest_route=%2Fwp%2Fv2%2Fcomments&post=13434"}],"version-history":[{"count":1,"href":"http:\/\/campingland24.com\/index.php?rest_route=\/wp\/v2\/product\/13434\/revisions"}],"predecessor-version":[{"id":14419,"href":"http:\/\/campingland24.com\/index.php?rest_route=\/wp\/v2\/product\/13434\/revisions\/14419"}],"wp:featuredmedia":[{"embeddable":true,"href":"http:\/\/campingland24.com\/index.php?rest_route=\/wp\/v2\/media\/13435"}],"wp:attachment":[{"href":"http:\/\/campingland24.com\/index.php?rest_route=%2Fwp%2Fv2%2Fmedia&parent=13434"}],"wp:term":[{"taxonomy":"product_cat","embeddable":true,"href":"http:\/\/campingland24.com\/index.php?rest_route=%2Fwp%2Fv2%2Fproduct_cat&post=13434"},{"taxonomy":"product_tag","embeddable":true,"href":"http:\/\/campingland24.com\/index.php?rest_route=%2Fwp%2Fv2%2Fproduct_tag&post=13434"}],"curies":[{"name":"wp","href":"https:\/\/api.w.org\/{rel}","templated":true}]}}