{"id":13568,"date":"2021-07-29T07:08:20","date_gmt":"2021-07-29T07:08:20","guid":{"rendered":"http:\/\/campingland24.com\/?product=mfh-solar-dusche-deluxe-20-l-oliv-mit-transportbeutel"},"modified":"2023-04-10T18:57:53","modified_gmt":"2023-04-10T18:57:53","slug":"mfh-solar-dusche-deluxe-20-l-oliv-mit-transportbeutel","status":"publish","type":"product","link":"http:\/\/campingland24.com\/?product=mfh-solar-dusche-deluxe-20-l-oliv-mit-transportbeutel","title":{"rendered":"MFH Solar Dusche Deluxe ca 20 l mit Thermometer Solardusche Campingdusche Garten Brause Camping Thermometer"},"content":{"rendered":"<p><!-- show up to 2 reviews by default --> <\/p>\n<p>Praktische Solar Dusche, bef\u00fcllbar mit 20 Litern (Achtung: zu viel Wasser f\u00fchrt zum Platzen der Dusche). Nach Bef\u00fcllung wird die Dusche durch die Sonne aufgehitzt, mittels Thermometer kann dabei die Temperatur beobachtet werden. Mithilfe des Schlauchs kann nach Erreichen der gew\u00fcnschten Temperatur geduscht werden. Insgesamt ein praktischer und robuster Begleiter f\u00fcr Fahrradfahren, Outdoor, Arbeit, Angeln, Jagd und vieles mehr. Ideal auch f\u00fcr Securitymitarbeiter bzw. Wachschutz, Wanderer, J\u00e4ger und F\u00f6rster. <\/p>\n<p>Praktische Solar Dusche, bef\u00fcllbar mit 20 Litern Wasser (Achtung: zu viel Wasser f\u00fchrt zum Platzen der Dusche)<br \/>\nWasser wird durch Sonne erhitzt &#8211; je nach Sonneneinstrahlung bis zu 50\u00b0 m\u00f6glich<br \/>\nThermometer zur Wassertemperaturanzeige &#8211; stabile Aufh\u00e4ngung abnehmbarer Tragegurt<br \/>\nSchlauch mit Ventilduschkopf &#8211; klein und kompakt zusammenrollbar &#8211; Gewicht: ca. 540g &#8211; Material: 100% PVC vorne: Polyester PVC beschichtet Verschluss und Duschkopf: ABS<br \/>\nIdeal f\u00fcr den Alltag sowie alle Outdooraktivit\u00e4ten und Trekking- und Wandertouren<br \/>\n<div class=\"main-cross-sell\" data-asin=\"B06X9CBFLL\">\n\n\t<div class=\"WooZone-cross-sell-loader\">\n\t\t<div>\n\t\t\t<div id=\"floatingBarsG\">\n\t\t\t\t<div class=\"blockG\" id=\"rotateG_01\"><\/div>\n\t\t\t\t<div class=\"blockG\" id=\"rotateG_02\"><\/div>\n\t\t\t\t<div class=\"blockG\" id=\"rotateG_03\"><\/div>\n\t\t\t\t<div class=\"blockG\" id=\"rotateG_04\"><\/div>\n\t\t\t\t<div class=\"blockG\" id=\"rotateG_05\"><\/div>\n\t\t\t\t<div class=\"blockG\" id=\"rotateG_06\"><\/div>\n\t\t\t\t<div class=\"blockG\" id=\"rotateG_07\"><\/div>\n\t\t\t\t<div class=\"blockG\" id=\"rotateG_08\"><\/div>\n\t\t\t<\/div>\n\t\t\t<div class=\"WooZone-cross-sell-loader-text\"><\/div>\n\t\t<\/div>\n\t<\/div>\n\n\t\t\n<\/div>\n<div style=\"clear:both;\"><\/div><\/p>\n","protected":false},"excerpt":{"rendered":"<p>Praktische Solar Dusche, bef\u00fcllbar mit 20 Litern Wasser (Achtung: zu viel Wasser f\u00fchrt zum Platzen der Dusche)<br \/>\nWasser wird durch Sonne erhitzt &#8211; je nach Sonneneinstrahlung bis zu 50\u00b0 m\u00f6glich<br \/>\nThermometer zur Wassertemperaturanzeige &#8211; stabile Aufh\u00e4ngung abnehmbarer Tragegurt<\/p>\n","protected":false},"featured_media":13569,"comment_status":"open","ping_status":"closed","template":"","meta":[],"product_cat":[2162,27],"product_tag":[],"_links":{"self":[{"href":"http:\/\/campingland24.com\/index.php?rest_route=\/wp\/v2\/product\/13568"}],"collection":[{"href":"http:\/\/campingland24.com\/index.php?rest_route=\/wp\/v2\/product"}],"about":[{"href":"http:\/\/campingland24.com\/index.php?rest_route=\/wp\/v2\/types\/product"}],"replies":[{"embeddable":true,"href":"http:\/\/campingland24.com\/index.php?rest_route=%2Fwp%2Fv2%2Fcomments&post=13568"}],"version-history":[{"count":2,"href":"http:\/\/campingland24.com\/index.php?rest_route=\/wp\/v2\/product\/13568\/revisions"}],"predecessor-version":[{"id":19035,"href":"http:\/\/campingland24.com\/index.php?rest_route=\/wp\/v2\/product\/13568\/revisions\/19035"}],"wp:featuredmedia":[{"embeddable":true,"href":"http:\/\/campingland24.com\/index.php?rest_route=\/wp\/v2\/media\/13569"}],"wp:attachment":[{"href":"http:\/\/campingland24.com\/index.php?rest_route=%2Fwp%2Fv2%2Fmedia&parent=13568"}],"wp:term":[{"taxonomy":"product_cat","embeddable":true,"href":"http:\/\/campingland24.com\/index.php?rest_route=%2Fwp%2Fv2%2Fproduct_cat&post=13568"},{"taxonomy":"product_tag","embeddable":true,"href":"http:\/\/campingland24.com\/index.php?rest_route=%2Fwp%2Fv2%2Fproduct_tag&post=13568"}],"curies":[{"name":"wp","href":"https:\/\/api.w.org\/{rel}","templated":true}]}}