{"id":13732,"date":"2021-07-29T07:12:18","date_gmt":"2021-07-29T07:12:18","guid":{"rendered":"http:\/\/campingland24.com\/?product=zomake-pop-up-duschzelt-tragbare-camping-toilette-umkleidekabine-privatzelte-fuer-strand-im-freien"},"modified":"2023-04-10T18:57:57","modified_gmt":"2023-04-10T18:57:57","slug":"zomake-pop-up-duschzelt-tragbare-camping-toilette-umkleidekabine-privatzelte-fuer-strand-im-freien","status":"publish","type":"product","link":"http:\/\/campingland24.com\/?product=zomake-pop-up-duschzelt-tragbare-camping-toilette-umkleidekabine-privatzelte-fuer-strand-im-freien","title":{"rendered":"Pop Up Duschzelt Camping,Toilettenzelt Wurfzelt mit Fenster,Mobile Umkleidekabine f\u00fcr Camping Outdoor &#8211; 210 cm Camping\u2026"},"content":{"rendered":"<p><!-- show up to 2 reviews by default --><br \/>\nEINFACH EINRICHTEN UND FALTEN &#8211; Unser Instant-Pop-up-Zelt wurde f\u00fcr gr\u00f6\u00dftm\u00f6glichen Komfort entwickelt und l\u00e4sst sich ohne Verwendung von Stangen oder Werkzeugen in Sekundenschnelle aufbauen. Es l\u00e4sst sich schnell in eine Tragetasche von kompakter Gr\u00f6\u00dfe zusammenfalten, um die Mobilit\u00e4t zu erleichtern<br \/>\n<div class=\"main-cross-sell\" data-asin=\"B082SNBL5B\">\n\n\t<div class=\"WooZone-cross-sell-loader\">\n\t\t<div>\n\t\t\t<div id=\"floatingBarsG\">\n\t\t\t\t<div class=\"blockG\" id=\"rotateG_01\"><\/div>\n\t\t\t\t<div class=\"blockG\" id=\"rotateG_02\"><\/div>\n\t\t\t\t<div class=\"blockG\" id=\"rotateG_03\"><\/div>\n\t\t\t\t<div class=\"blockG\" id=\"rotateG_04\"><\/div>\n\t\t\t\t<div class=\"blockG\" id=\"rotateG_05\"><\/div>\n\t\t\t\t<div class=\"blockG\" id=\"rotateG_06\"><\/div>\n\t\t\t\t<div class=\"blockG\" id=\"rotateG_07\"><\/div>\n\t\t\t\t<div class=\"blockG\" id=\"rotateG_08\"><\/div>\n\t\t\t<\/div>\n\t\t\t<div class=\"WooZone-cross-sell-loader-text\"><\/div>\n\t\t<\/div>\n\t<\/div>\n\n\t\t\n<\/div>\n<div style=\"clear:both;\"><\/div><\/p>\n","protected":false},"excerpt":{"rendered":"<p>EINFACH EINRICHTEN UND FALTEN &#8211; Unser Instant-Pop-up-Zelt wurde f\u00fcr gr\u00f6\u00dftm\u00f6glichen Komfort entwickelt und l\u00e4sst sich ohne Verwendung von Stangen oder Werkzeugen in Sekundenschnelle aufbauen. Es l\u00e4sst sich schnell in eine Tragetasche von kompakter Gr\u00f6\u00dfe zusammenfalten, um die Mobilit\u00e4t zu erleichtern<\/p>\n","protected":false},"featured_media":13733,"comment_status":"open","ping_status":"closed","template":"","meta":[],"product_cat":[2162,27],"product_tag":[],"_links":{"self":[{"href":"http:\/\/campingland24.com\/index.php?rest_route=\/wp\/v2\/product\/13732"}],"collection":[{"href":"http:\/\/campingland24.com\/index.php?rest_route=\/wp\/v2\/product"}],"about":[{"href":"http:\/\/campingland24.com\/index.php?rest_route=\/wp\/v2\/types\/product"}],"replies":[{"embeddable":true,"href":"http:\/\/campingland24.com\/index.php?rest_route=%2Fwp%2Fv2%2Fcomments&post=13732"}],"version-history":[{"count":2,"href":"http:\/\/campingland24.com\/index.php?rest_route=\/wp\/v2\/product\/13732\/revisions"}],"predecessor-version":[{"id":19484,"href":"http:\/\/campingland24.com\/index.php?rest_route=\/wp\/v2\/product\/13732\/revisions\/19484"}],"wp:featuredmedia":[{"embeddable":true,"href":"http:\/\/campingland24.com\/index.php?rest_route=\/wp\/v2\/media\/13733"}],"wp:attachment":[{"href":"http:\/\/campingland24.com\/index.php?rest_route=%2Fwp%2Fv2%2Fmedia&parent=13732"}],"wp:term":[{"taxonomy":"product_cat","embeddable":true,"href":"http:\/\/campingland24.com\/index.php?rest_route=%2Fwp%2Fv2%2Fproduct_cat&post=13732"},{"taxonomy":"product_tag","embeddable":true,"href":"http:\/\/campingland24.com\/index.php?rest_route=%2Fwp%2Fv2%2Fproduct_tag&post=13732"}],"curies":[{"name":"wp","href":"https:\/\/api.w.org\/{rel}","templated":true}]}}