{"id":13792,"date":"2021-07-29T07:12:44","date_gmt":"2021-07-29T07:12:44","guid":{"rendered":"http:\/\/campingland24.com\/?product=solardusche-gartendusche-pool-dusche-schwarz-camping-35-liter"},"modified":"2023-04-10T18:58:53","modified_gmt":"2023-04-10T18:58:53","slug":"solardusche-gartendusche-pool-dusche-schwarz-camping-35-liter","status":"publish","type":"product","link":"http:\/\/campingland24.com\/?product=solardusche-gartendusche-pool-dusche-schwarz-camping-35-liter","title":{"rendered":"Solardusche Gartendusche Pool Dusche Schwarz Camping 35 Liter"},"content":{"rendered":"<p><!-- show up to 2 reviews by default --> <\/p>\n<p>Mit dieser Solardusche wird das Abbrausen zum Spa-Erlebnis. Der breite Regenduschkopf ist erh\u00f6ht angebracht und l\u00e4sst das Wasser massierend herunter pl\u00e4tschern. So wird aus einer Dusche eine Wellness-Behandlung. F\u00fcr vollste Entspannung sorgt auch der stufenlose Temperaturregler, mit der die favorisierte Wassertemperatur eingestellt werden kann. Der Wasserhahn mit Einhebelmischer erm\u00f6glicht eine leichte Bedienung. Dank eines zus\u00e4tzlichen Wasserhahns ist mit der Solardusche auch die Fu\u00dfw\u00e4sche m\u00f6glich. <br \/> Das Wasser wird in einem Tank im Inneren der Dusche gespeichert. Mittels direkter Sonneneinstrahlung auf die Dusche, wird das Wasser aufgew\u00e4rmt. Aufgrund der schwarzen Farbe wird die W\u00e4rme optimal gespeichert und an das Wasser weitergegeben. Somit ist die Dusche umweltfreundlich und das Aufw\u00e4rmen des Wassers kostenneutral. <\/p>\n<p> \u00dcber den 1\/2 Zoll Anschluss kann ein Gartenschlauch an die Dusche angeschlossen werden. Ein entsprechender Adapter befindet sich dazu bereits im Lieferumfang, so dass die Gartendusche direkt nach Installation in Betrieb genommen werden kann. <\/p>\n<p>Ma\u00dfe der S\u00e4ule 220 x 14,5 x 18 cm<br \/>\nVolumen Wassertank 35 L<br \/>\nWasserhahn mit Einhebelmischer<br \/>\nSteckkupplung und 1\/2 Zoll<br \/>\nMaterial Kunststoff mit verchromtem Duschkopf<br \/>\n<div class=\"main-cross-sell\" data-asin=\"B079ZXTXDT\">\n\n\t<div class=\"WooZone-cross-sell-loader\">\n\t\t<div>\n\t\t\t<div id=\"floatingBarsG\">\n\t\t\t\t<div class=\"blockG\" id=\"rotateG_01\"><\/div>\n\t\t\t\t<div class=\"blockG\" id=\"rotateG_02\"><\/div>\n\t\t\t\t<div class=\"blockG\" id=\"rotateG_03\"><\/div>\n\t\t\t\t<div class=\"blockG\" id=\"rotateG_04\"><\/div>\n\t\t\t\t<div class=\"blockG\" id=\"rotateG_05\"><\/div>\n\t\t\t\t<div class=\"blockG\" id=\"rotateG_06\"><\/div>\n\t\t\t\t<div class=\"blockG\" id=\"rotateG_07\"><\/div>\n\t\t\t\t<div class=\"blockG\" id=\"rotateG_08\"><\/div>\n\t\t\t<\/div>\n\t\t\t<div class=\"WooZone-cross-sell-loader-text\"><\/div>\n\t\t<\/div>\n\t<\/div>\n\n\t\t\n<\/div>\n<div style=\"clear:both;\"><\/div><\/p>\n","protected":false},"excerpt":{"rendered":"<p>Ma\u00dfe der S\u00e4ule 220 x 14,5 x 18 cm<br \/>\nVolumen Wassertank 35 L<br \/>\nWasserhahn mit Einhebelmischer<\/p>\n","protected":false},"featured_media":13793,"comment_status":"open","ping_status":"closed","template":"","meta":[],"product_cat":[2162,27],"product_tag":[],"_links":{"self":[{"href":"http:\/\/campingland24.com\/index.php?rest_route=\/wp\/v2\/product\/13792"}],"collection":[{"href":"http:\/\/campingland24.com\/index.php?rest_route=\/wp\/v2\/product"}],"about":[{"href":"http:\/\/campingland24.com\/index.php?rest_route=\/wp\/v2\/types\/product"}],"replies":[{"embeddable":true,"href":"http:\/\/campingland24.com\/index.php?rest_route=%2Fwp%2Fv2%2Fcomments&post=13792"}],"version-history":[{"count":1,"href":"http:\/\/campingland24.com\/index.php?rest_route=\/wp\/v2\/product\/13792\/revisions"}],"predecessor-version":[{"id":14510,"href":"http:\/\/campingland24.com\/index.php?rest_route=\/wp\/v2\/product\/13792\/revisions\/14510"}],"wp:featuredmedia":[{"embeddable":true,"href":"http:\/\/campingland24.com\/index.php?rest_route=\/wp\/v2\/media\/13793"}],"wp:attachment":[{"href":"http:\/\/campingland24.com\/index.php?rest_route=%2Fwp%2Fv2%2Fmedia&parent=13792"}],"wp:term":[{"taxonomy":"product_cat","embeddable":true,"href":"http:\/\/campingland24.com\/index.php?rest_route=%2Fwp%2Fv2%2Fproduct_cat&post=13792"},{"taxonomy":"product_tag","embeddable":true,"href":"http:\/\/campingland24.com\/index.php?rest_route=%2Fwp%2Fv2%2Fproduct_tag&post=13792"}],"curies":[{"name":"wp","href":"https:\/\/api.w.org\/{rel}","templated":true}]}}