{"id":13948,"date":"2021-07-29T07:21:32","date_gmt":"2021-07-29T07:21:32","guid":{"rendered":"http:\/\/campingland24.com\/?product=enders-campingtoilette-mobil-wc-chemietoilette"},"modified":"2023-04-10T18:58:56","modified_gmt":"2023-04-10T18:58:56","slug":"enders-campingtoilette-mobil-wc-chemietoilette","status":"publish","type":"product","link":"http:\/\/campingland24.com\/?product=enders-campingtoilette-mobil-wc-chemietoilette","title":{"rendered":"Enders Mobil-WC, 4942"},"content":{"rendered":"<p><!-- show up to 2 reviews by default --> <\/p>\n<p>Dank der extrem glatten Oberfl\u00e4che azs hygienischem Kunststoff sind die Enders-Mobil-WC\u00b4s sehr pflegeleicht. <\/p>\n<p>Frischwassertank 15 L \/ Abwassertank 17 L Volumen<br \/>\nschwenkbares Bef\u00fcllungsrohr, mit Entl\u00fcftungsventil<br \/>\nDeluxe<br \/>\nModellnummer: 4950<br \/>\nmit F\u00fcllstandsanzeige und kr\u00e4ftiger Kolbenpumpe zum Sp\u00fclen<br \/>\n<div class=\"main-cross-sell\" data-asin=\"B002BW43VC\">\n\n\t<div class=\"WooZone-cross-sell-loader\">\n\t\t<div>\n\t\t\t<div id=\"floatingBarsG\">\n\t\t\t\t<div class=\"blockG\" id=\"rotateG_01\"><\/div>\n\t\t\t\t<div class=\"blockG\" id=\"rotateG_02\"><\/div>\n\t\t\t\t<div class=\"blockG\" id=\"rotateG_03\"><\/div>\n\t\t\t\t<div class=\"blockG\" id=\"rotateG_04\"><\/div>\n\t\t\t\t<div class=\"blockG\" id=\"rotateG_05\"><\/div>\n\t\t\t\t<div class=\"blockG\" id=\"rotateG_06\"><\/div>\n\t\t\t\t<div class=\"blockG\" id=\"rotateG_07\"><\/div>\n\t\t\t\t<div class=\"blockG\" id=\"rotateG_08\"><\/div>\n\t\t\t<\/div>\n\t\t\t<div class=\"WooZone-cross-sell-loader-text\"><\/div>\n\t\t<\/div>\n\t<\/div>\n\n\t\t\n<\/div>\n<div style=\"clear:both;\"><\/div><\/p>\n","protected":false},"excerpt":{"rendered":"<p>Frischwassertank 15 L \/ Abwassertank 17 L Volumen<br \/>\nschwenkbares Bef\u00fcllungsrohr, mit Entl\u00fcftungsventil<br \/>\nDeluxe<\/p>\n","protected":false},"featured_media":13949,"comment_status":"open","ping_status":"closed","template":"","meta":[],"product_cat":[27,2163],"product_tag":[],"_links":{"self":[{"href":"http:\/\/campingland24.com\/index.php?rest_route=\/wp\/v2\/product\/13948"}],"collection":[{"href":"http:\/\/campingland24.com\/index.php?rest_route=\/wp\/v2\/product"}],"about":[{"href":"http:\/\/campingland24.com\/index.php?rest_route=\/wp\/v2\/types\/product"}],"replies":[{"embeddable":true,"href":"http:\/\/campingland24.com\/index.php?rest_route=%2Fwp%2Fv2%2Fcomments&post=13948"}],"version-history":[{"count":5,"href":"http:\/\/campingland24.com\/index.php?rest_route=\/wp\/v2\/product\/13948\/revisions"}],"predecessor-version":[{"id":19810,"href":"http:\/\/campingland24.com\/index.php?rest_route=\/wp\/v2\/product\/13948\/revisions\/19810"}],"wp:featuredmedia":[{"embeddable":true,"href":"http:\/\/campingland24.com\/index.php?rest_route=\/wp\/v2\/media\/13949"}],"wp:attachment":[{"href":"http:\/\/campingland24.com\/index.php?rest_route=%2Fwp%2Fv2%2Fmedia&parent=13948"}],"wp:term":[{"taxonomy":"product_cat","embeddable":true,"href":"http:\/\/campingland24.com\/index.php?rest_route=%2Fwp%2Fv2%2Fproduct_cat&post=13948"},{"taxonomy":"product_tag","embeddable":true,"href":"http:\/\/campingland24.com\/index.php?rest_route=%2Fwp%2Fv2%2Fproduct_tag&post=13948"}],"curies":[{"name":"wp","href":"https:\/\/api.w.org\/{rel}","templated":true}]}}