{"id":15162,"date":"2021-07-29T18:46:02","date_gmt":"2021-07-29T18:46:02","guid":{"rendered":"http:\/\/campingland24.com\/?product=mobicool-fr40-elektrische-kompressor-kuehlbox-mit-38-liter-fassungsvermoegen-12-24-v-und-230-v-fuer-auto-lkw-boot-reisemobil-und-steckdose"},"modified":"2023-02-23T18:46:39","modified_gmt":"2023-02-23T18:46:39","slug":"mobicool-fr40-elektrische-kompressor-kuehlbox-mit-38-liter-fassungsvermoegen-12-24-v-und-230-v-fuer-auto-lkw-boot-reisemobil-und-steckdose","status":"publish","type":"product","link":"http:\/\/campingland24.com\/?product=mobicool-fr40-elektrische-kompressor-kuehlbox-mit-38-liter-fassungsvermoegen-12-24-v-und-230-v-fuer-auto-lkw-boot-reisemobil-und-steckdose","title":{"rendered":"Mobicool FR40, elektrische Kompressor-K\u00fchlbox mit 38 Liter Fassungsverm\u00f6gen, 12\/24 V und 230 V f\u00fcr Auto, Lkw, Boot\u2026"},"content":{"rendered":"<p><!-- show up to 2 reviews by default --> <\/p>\n<p>MOBICOOL FR40 AC\/DC Kompressork\u00fchlbox Nettoinhalt: ca. 38 Liter Anschlussspannung: 12\/24 V DC, 100 &#8211; 240 V AC, Energieklasse A+ K\u00fchlsystem: Vollhermetischer Kompressor mit integrierter Steuerelektronik, Unterspannungsschutz, Alumimium Rollbond-Verdampfer Qualit\u00e4tsmerkmale: Leichtes Verdampfergeh\u00e4use, abnehmbarer Deckel, Stehh\u00f6he f\u00fcr 1,5-Liter-Flaschen, Temperaturbereich: +10 \u00b0C bis -10 \u00b0C, digitales Display, Innenbeleuchtung <\/p>\n<p>Exzellente Tief-K\u00fchlergebnisse einstellbar von +10 \u00b0C bis -10 \u00b0C<br \/>\nFrei w\u00e4hlbare Soll-Temperatur \u00fcber Display<br \/>\nAbnehmbarer Deckel f\u00fcr einfachen Zugriff, LED Innenbeleuchtung<br \/>\nAutomatischer, mehrstufiger Batterieschutz, Anschluss an12\/24 V DC oder 230 V AC, A++ f\u00fcr Auto, Truck, Camping, Boot und Freizeit<br \/>\nNutzinhalt: ca. 38 Liter, Stehh\u00f6he f\u00fcr 1.5-Liter-Flaschen<br \/>\n<div class=\"main-cross-sell\" data-asin=\"B019EVY9WU\">\n\n\t<div class=\"WooZone-cross-sell-loader\">\n\t\t<div>\n\t\t\t<div id=\"floatingBarsG\">\n\t\t\t\t<div class=\"blockG\" id=\"rotateG_01\"><\/div>\n\t\t\t\t<div class=\"blockG\" id=\"rotateG_02\"><\/div>\n\t\t\t\t<div class=\"blockG\" id=\"rotateG_03\"><\/div>\n\t\t\t\t<div class=\"blockG\" id=\"rotateG_04\"><\/div>\n\t\t\t\t<div class=\"blockG\" id=\"rotateG_05\"><\/div>\n\t\t\t\t<div class=\"blockG\" id=\"rotateG_06\"><\/div>\n\t\t\t\t<div class=\"blockG\" id=\"rotateG_07\"><\/div>\n\t\t\t\t<div class=\"blockG\" id=\"rotateG_08\"><\/div>\n\t\t\t<\/div>\n\t\t\t<div class=\"WooZone-cross-sell-loader-text\"><\/div>\n\t\t<\/div>\n\t<\/div>\n\n\t\t\n<\/div>\n<div style=\"clear:both;\"><\/div><\/p>\n","protected":false},"excerpt":{"rendered":"<p>Exzellente Tief-K\u00fchlergebnisse einstellbar von +10 \u00b0C bis -10 \u00b0C<br \/>\nFrei w\u00e4hlbare Soll-Temperatur \u00fcber Display<br \/>\nAbnehmbarer Deckel f\u00fcr einfachen Zugriff, LED Innenbeleuchtung<\/p>\n","protected":false},"featured_media":15163,"comment_status":"open","ping_status":"closed","template":"","meta":[],"product_cat":[4125],"product_tag":[],"_links":{"self":[{"href":"http:\/\/campingland24.com\/index.php?rest_route=\/wp\/v2\/product\/15162"}],"collection":[{"href":"http:\/\/campingland24.com\/index.php?rest_route=\/wp\/v2\/product"}],"about":[{"href":"http:\/\/campingland24.com\/index.php?rest_route=\/wp\/v2\/types\/product"}],"replies":[{"embeddable":true,"href":"http:\/\/campingland24.com\/index.php?rest_route=%2Fwp%2Fv2%2Fcomments&post=15162"}],"version-history":[{"count":1,"href":"http:\/\/campingland24.com\/index.php?rest_route=\/wp\/v2\/product\/15162\/revisions"}],"predecessor-version":[{"id":18244,"href":"http:\/\/campingland24.com\/index.php?rest_route=\/wp\/v2\/product\/15162\/revisions\/18244"}],"wp:featuredmedia":[{"embeddable":true,"href":"http:\/\/campingland24.com\/index.php?rest_route=\/wp\/v2\/media\/15163"}],"wp:attachment":[{"href":"http:\/\/campingland24.com\/index.php?rest_route=%2Fwp%2Fv2%2Fmedia&parent=15162"}],"wp:term":[{"taxonomy":"product_cat","embeddable":true,"href":"http:\/\/campingland24.com\/index.php?rest_route=%2Fwp%2Fv2%2Fproduct_cat&post=15162"},{"taxonomy":"product_tag","embeddable":true,"href":"http:\/\/campingland24.com\/index.php?rest_route=%2Fwp%2Fv2%2Fproduct_tag&post=15162"}],"curies":[{"name":"wp","href":"https:\/\/api.w.org\/{rel}","templated":true}]}}