{"id":15353,"date":"2021-07-29T19:01:03","date_gmt":"2021-07-29T19:01:03","guid":{"rendered":"http:\/\/campingland24.com\/?product=dometic-9600000584-pl65311-grey-normal"},"modified":"2023-02-23T18:46:44","modified_gmt":"2023-02-23T18:46:44","slug":"dometic-9600000584-pl65311-grey-normal","status":"publish","type":"product","link":"http:\/\/campingland24.com\/?product=dometic-9600000584-pl65311-grey-normal","title":{"rendered":"DOMETIC WAECO 9105303458 CoolFreeze CDF 36 K\u00fchl und Gefrierbox, 12\/24 Volt DC"},"content":{"rendered":"<p><!-- show up to 2 reviews by default --> <\/p>\n<p><b>WAECO CoolFreeze CDF 36<\/b><\/p>\n<p>Die erstaunlich leichte K\u00fchlbox der Serie WAECO CoolFreeze CDF ist im Handling genauso unkompliziert wie thermoelektrische Boxen. Tragegriffe machen sie zu jedem Ortswechsel bereit. Die Unterbringung ist erst recht kein Problem: Superschlank gebaut erweist sie sich als perfekte \u201eNischenl\u00f6sung&#8220;. Weitere Pluspunkte sammelt sie, wenn es um Leistung und Ausstattung geht: Normal- und Tiefk\u00fchlung bis \u201315 \u00b0C bei minimalem Stromverbrauch, unabh\u00e4ngig von der Au\u00dfentemperatur. Elektronischer Thermostat mit digitaler Temperaturanzeige und LED-Innenbeleuchtung.<\/p>\n<p><b>WAECO CoolFreeze CDF 36 &#8211; technische Details<\/b><\/p>\n<ul>\n<li>Nutzinhalt: 31 Liter<\/li>\n<li>Anschlussspannung: 12\/24 Volt DC<\/li>\n<li>Temperaturbereich: +10 \u00b0C bis -15 \u00b0C<\/li>\n<li>Leistungsaufnahme: 45 Watt<\/li>\n<li>Stromverbrauch: 0,75 Ah\/h bei +20 \u00b0C Umgebungstemperatur, 1,13 Ah\/h bei +32 \u00b0C Umgebungstemperatur, jeweils bei +5 \u00b0C Ger\u00e4te-Innentemperatur<\/li>\n<li>Isolierung: Polyurethan (PU)-Vollaussch\u00e4umung<\/li>\n<li>System: Aluminium-Rollbond-Verdampfer, Dynamisch bel\u00fcfteter Drahtrohrkondensator, Elektronische Sicherung \/ automatischer Verpolungsschutz, Kompressor mit integrierter Steuerelektronik, Unterspannungsschutz mit Schiebeschalter einstellbar f\u00fcr Verbraucher- oder Starterbatterie, W\u00e4rmeableitung nach au\u00dfen durch b\u00fcrstenlosen, verschlei\u00dffreien Ventilator<\/li>\n<li>Material: Deckel: PP, Geh\u00e4use: PP<\/li>\n<li>Farbe: Hellgrau \/ Dunkelgrau<\/li>\n<li>Abmessungen (B x H x T): 560 x 380 x 340 mm<\/li>\n<li>Gewicht (ca.): 17 kg<\/li>\n<li>Pr\u00fcfzeichen: e-zertifiziert (EMV-Richtlinien f\u00fcr Kfz) T\u00dcV\/GS<\/li>\n<\/ul>\n<p>Nutzinhalt: ca. 31 Liter<br \/>\nTemperaturbereich +10\u00b0C bis -15\u00b0C<br \/>\nSpezialelektronik mit digitaler Temperaturanzeige, 3-stufiger Batteriew\u00e4chter<br \/>\nStehh\u00f6he f\u00fcr 2-Liter-Mehrwegflaschen<br \/>\nAbnehmbarer Deckel, LED Innenbeleuchtung<br \/>\n<div class=\"main-cross-sell\" data-asin=\"B00SATJR20\">\n\n\t<div class=\"WooZone-cross-sell-loader\">\n\t\t<div>\n\t\t\t<div id=\"floatingBarsG\">\n\t\t\t\t<div class=\"blockG\" id=\"rotateG_01\"><\/div>\n\t\t\t\t<div class=\"blockG\" id=\"rotateG_02\"><\/div>\n\t\t\t\t<div class=\"blockG\" id=\"rotateG_03\"><\/div>\n\t\t\t\t<div class=\"blockG\" id=\"rotateG_04\"><\/div>\n\t\t\t\t<div class=\"blockG\" id=\"rotateG_05\"><\/div>\n\t\t\t\t<div class=\"blockG\" id=\"rotateG_06\"><\/div>\n\t\t\t\t<div class=\"blockG\" id=\"rotateG_07\"><\/div>\n\t\t\t\t<div class=\"blockG\" id=\"rotateG_08\"><\/div>\n\t\t\t<\/div>\n\t\t\t<div class=\"WooZone-cross-sell-loader-text\"><\/div>\n\t\t<\/div>\n\t<\/div>\n\n\t\t\n<\/div>\n<div style=\"clear:both;\"><\/div><\/p>\n","protected":false},"excerpt":{"rendered":"<p>Nutzinhalt: ca. 31 Liter<br \/>\nTemperaturbereich +10\u00b0C bis -15\u00b0C<br \/>\nSpezialelektronik mit digitaler Temperaturanzeige, 3-stufiger Batteriew\u00e4chter<\/p>\n","protected":false},"featured_media":15354,"comment_status":"open","ping_status":"closed","template":"","meta":[],"product_cat":[4125],"product_tag":[],"_links":{"self":[{"href":"http:\/\/campingland24.com\/index.php?rest_route=\/wp\/v2\/product\/15353"}],"collection":[{"href":"http:\/\/campingland24.com\/index.php?rest_route=\/wp\/v2\/product"}],"about":[{"href":"http:\/\/campingland24.com\/index.php?rest_route=\/wp\/v2\/types\/product"}],"replies":[{"embeddable":true,"href":"http:\/\/campingland24.com\/index.php?rest_route=%2Fwp%2Fv2%2Fcomments&post=15353"}],"version-history":[{"count":2,"href":"http:\/\/campingland24.com\/index.php?rest_route=\/wp\/v2\/product\/15353\/revisions"}],"predecessor-version":[{"id":19673,"href":"http:\/\/campingland24.com\/index.php?rest_route=\/wp\/v2\/product\/15353\/revisions\/19673"}],"wp:featuredmedia":[{"embeddable":true,"href":"http:\/\/campingland24.com\/index.php?rest_route=\/wp\/v2\/media\/15354"}],"wp:attachment":[{"href":"http:\/\/campingland24.com\/index.php?rest_route=%2Fwp%2Fv2%2Fmedia&parent=15353"}],"wp:term":[{"taxonomy":"product_cat","embeddable":true,"href":"http:\/\/campingland24.com\/index.php?rest_route=%2Fwp%2Fv2%2Fproduct_cat&post=15353"},{"taxonomy":"product_tag","embeddable":true,"href":"http:\/\/campingland24.com\/index.php?rest_route=%2Fwp%2Fv2%2Fproduct_tag&post=15353"}],"curies":[{"name":"wp","href":"https:\/\/api.w.org\/{rel}","templated":true}]}}