{"id":16669,"date":"2021-07-29T21:30:41","date_gmt":"2021-07-29T21:30:41","guid":{"rendered":"http:\/\/campingland24.com\/?product=bartscher-insektenvernichter-iv-36-85437090-art-300314"},"modified":"2023-02-23T18:50:51","modified_gmt":"2023-02-23T18:50:51","slug":"bartscher-insektenvernichter-iv-36-85437090-art-300314","status":"publish","type":"product","link":"http:\/\/campingland24.com\/?product=bartscher-insektenvernichter-iv-36-85437090-art-300314","title":{"rendered":"Bartscher Insektenvernichter IV 36 300314"},"content":{"rendered":"<div class=\"disclaim\"> Gr\u00f6\u00dfe:<strong>W 390 x D 95 x H 305 mm<\/strong> <\/div>\n<p> <!-- show up to 2 reviews by default --> <\/p>\n<h3>Produktbeschreibungen<\/h3>\n<p>&#8211; Einsetzbar als Decken- und Standger\u00e4t<br \/> &#8211; Ohne Chemie werden Insekten<br \/> &#8211; elektrisch get\u00f6tet und fallen in eine<br \/> &#8211; leicht herausnehmbare Schublade.<br \/> &#8211; Kunststoffgeh\u00e4use<br \/> &#8211; Wirkradius: 10 m<br \/> &#8211; Gitterspannung: 2500 V<br \/> &#8211; <\/p>\n<h3>Rechtliche Hinweise<\/h3>\n<p>Die enthaltenen Speziallampen dienen nur zum Anlocken von Insekten in Verbindung mit den genannten Insektenfallen und sind weder zur Raumbeleuchtung im Haushalt geeignet, noch f\u00fcr die Verwendung in anderen Anwendungen bestimmt. ACHTUNG! Einsatz nur in geschlossenen R\u00e4umen zul\u00e4ssig. Die Ger\u00e4te d\u00fcrfen nicht im Freien eingesetzt werden, da nicht-selektive Insektenf\u00e4nger (Ger\u00e4te mit UV-Licht als Lockmittel) dort nicht nur Sch\u00e4dlinge, sondern auch n\u00fctzliche und gesch\u00fctzte Insekten fangen und die Artenvielfalt bedrohen. Das Anlocken, Fangen und T\u00f6ten von besonders gesch\u00fctzten Tieren mit k\u00fcnstlichen Lichtquellen oder elektronischen Ger\u00e4ten ist gesetzlich verboten! <\/p>\n<p>Ma\u00dfe: 95 x 390 x 305mm \/ Gewicht: 2,840 kg<br \/>\nEinsetzbar als Decken- und Standger\u00e4t<br \/>\nOhne Chemie werden Insekten<br \/>\nelektrisch get\u00f6tet und fallen in eine<br \/>\n<div class=\"main-cross-sell\" data-asin=\"B005G0LWB0\">\n\n\t<div class=\"WooZone-cross-sell-loader\">\n\t\t<div>\n\t\t\t<div id=\"floatingBarsG\">\n\t\t\t\t<div class=\"blockG\" id=\"rotateG_01\"><\/div>\n\t\t\t\t<div class=\"blockG\" id=\"rotateG_02\"><\/div>\n\t\t\t\t<div class=\"blockG\" id=\"rotateG_03\"><\/div>\n\t\t\t\t<div class=\"blockG\" id=\"rotateG_04\"><\/div>\n\t\t\t\t<div class=\"blockG\" id=\"rotateG_05\"><\/div>\n\t\t\t\t<div class=\"blockG\" id=\"rotateG_06\"><\/div>\n\t\t\t\t<div class=\"blockG\" id=\"rotateG_07\"><\/div>\n\t\t\t\t<div class=\"blockG\" id=\"rotateG_08\"><\/div>\n\t\t\t<\/div>\n\t\t\t<div class=\"WooZone-cross-sell-loader-text\"><\/div>\n\t\t<\/div>\n\t<\/div>\n\n\t\t\n<\/div>\n<div style=\"clear:both;\"><\/div><\/p>\n","protected":false},"excerpt":{"rendered":"<p>Ma\u00dfe: 95 x 390 x 305mm \/ Gewicht: 2,840 kg<br \/>\nEinsetzbar als Decken- und Standger\u00e4t<br \/>\nOhne Chemie werden Insekten<\/p>\n","protected":false},"featured_media":16670,"comment_status":"open","ping_status":"closed","template":"","meta":[],"product_cat":[69],"product_tag":[],"_links":{"self":[{"href":"http:\/\/campingland24.com\/index.php?rest_route=\/wp\/v2\/product\/16669"}],"collection":[{"href":"http:\/\/campingland24.com\/index.php?rest_route=\/wp\/v2\/product"}],"about":[{"href":"http:\/\/campingland24.com\/index.php?rest_route=\/wp\/v2\/types\/product"}],"replies":[{"embeddable":true,"href":"http:\/\/campingland24.com\/index.php?rest_route=%2Fwp%2Fv2%2Fcomments&post=16669"}],"version-history":[{"count":2,"href":"http:\/\/campingland24.com\/index.php?rest_route=\/wp\/v2\/product\/16669\/revisions"}],"predecessor-version":[{"id":19391,"href":"http:\/\/campingland24.com\/index.php?rest_route=\/wp\/v2\/product\/16669\/revisions\/19391"}],"wp:featuredmedia":[{"embeddable":true,"href":"http:\/\/campingland24.com\/index.php?rest_route=\/wp\/v2\/media\/16670"}],"wp:attachment":[{"href":"http:\/\/campingland24.com\/index.php?rest_route=%2Fwp%2Fv2%2Fmedia&parent=16669"}],"wp:term":[{"taxonomy":"product_cat","embeddable":true,"href":"http:\/\/campingland24.com\/index.php?rest_route=%2Fwp%2Fv2%2Fproduct_cat&post=16669"},{"taxonomy":"product_tag","embeddable":true,"href":"http:\/\/campingland24.com\/index.php?rest_route=%2Fwp%2Fv2%2Fproduct_tag&post=16669"}],"curies":[{"name":"wp","href":"https:\/\/api.w.org\/{rel}","templated":true}]}}