{"id":16908,"date":"2021-07-29T21:32:42","date_gmt":"2021-07-29T21:32:42","guid":{"rendered":"http:\/\/campingland24.com\/?product=kerbl-fliegenvernichter-ecokill-inox"},"modified":"2023-02-23T18:50:55","modified_gmt":"2023-02-23T18:50:55","slug":"kerbl-fliegenvernichter-ecokill-inox","status":"publish","type":"product","link":"http:\/\/campingland24.com\/?product=kerbl-fliegenvernichter-ecokill-inox","title":{"rendered":"KERBL Fliegenvernichter EcoKill Inox"},"content":{"rendered":"<p><!-- show up to 2 reviews by default --> <\/p>\n<p>Die neuen elektrischen Fliegenvernichter mit hochwertigem Edelstahlgeh\u00e4use. Alle EcoKill Inox Modelle sind T\u00dcV-GS gepr\u00fcft und mit langlebigen UV-Lampen ausgestattet. Das hochwertige Edelstahlgeh\u00e4use in matter Optik kann optimal gereinigt werden und beh\u00e4lt \u00fcber Jahre seine ansprechende Oberfl\u00e4che. Die schlanke Bauart mit dem ausgestellten Gitter sorgt f\u00fcr optimale Fangeigenschaften. <br \/> extrem robust durch Edelstahlgeh\u00e4use <br \/> inkl. Aufh\u00e4ngekette und Auffangschale <br \/> ausgezeichnetes Preis-\/Leistungsverh\u00e4ltnis <br \/> korrossionsbest\u00e4ndig und kratzfest <br \/> spezielle UVA-Lampe mit hoher Attraktivit\u00e4t auf Insekten <\/p>\n<p>Alle EcoKill Inox Modelle sind T\u00dcV-GS gepr\u00fcft und mit langlebigen UV-Lampen ausgestattet<br \/>\nDie schlanke Bauart mit dem ausgestellten Gitter sorgt f\u00fcr optimale Fangeigenschaften.<br \/>\nextrem robust durch Edelstahlgeh\u00e4use<br \/>\ninkl. Aufh\u00e4ngekette und Auffangschale ausgezeichnetes Preis-\/Leistungsverh\u00e4ltnis<br \/>\nspezielle UVA-Lampe mit hoher Attraktivit\u00e4t auf Insekten<br \/>\n<div class=\"main-cross-sell\" data-asin=\"B006TR3R58\">\n\n\t<div class=\"WooZone-cross-sell-loader\">\n\t\t<div>\n\t\t\t<div id=\"floatingBarsG\">\n\t\t\t\t<div class=\"blockG\" id=\"rotateG_01\"><\/div>\n\t\t\t\t<div class=\"blockG\" id=\"rotateG_02\"><\/div>\n\t\t\t\t<div class=\"blockG\" id=\"rotateG_03\"><\/div>\n\t\t\t\t<div class=\"blockG\" id=\"rotateG_04\"><\/div>\n\t\t\t\t<div class=\"blockG\" id=\"rotateG_05\"><\/div>\n\t\t\t\t<div class=\"blockG\" id=\"rotateG_06\"><\/div>\n\t\t\t\t<div class=\"blockG\" id=\"rotateG_07\"><\/div>\n\t\t\t\t<div class=\"blockG\" id=\"rotateG_08\"><\/div>\n\t\t\t<\/div>\n\t\t\t<div class=\"WooZone-cross-sell-loader-text\"><\/div>\n\t\t<\/div>\n\t<\/div>\n\n\t\t\n<\/div>\n<div style=\"clear:both;\"><\/div><\/p>\n","protected":false},"excerpt":{"rendered":"<p>Alle EcoKill Inox Modelle sind T\u00dcV-GS gepr\u00fcft und mit langlebigen UV-Lampen ausgestattet<br \/>\nDie schlanke Bauart mit dem ausgestellten Gitter sorgt f\u00fcr optimale Fangeigenschaften.<br \/>\nextrem robust durch Edelstahlgeh\u00e4use<\/p>\n","protected":false},"featured_media":16909,"comment_status":"open","ping_status":"closed","template":"","meta":[],"product_cat":[69],"product_tag":[],"_links":{"self":[{"href":"http:\/\/campingland24.com\/index.php?rest_route=\/wp\/v2\/product\/16908"}],"collection":[{"href":"http:\/\/campingland24.com\/index.php?rest_route=\/wp\/v2\/product"}],"about":[{"href":"http:\/\/campingland24.com\/index.php?rest_route=\/wp\/v2\/types\/product"}],"replies":[{"embeddable":true,"href":"http:\/\/campingland24.com\/index.php?rest_route=%2Fwp%2Fv2%2Fcomments&post=16908"}],"version-history":[{"count":1,"href":"http:\/\/campingland24.com\/index.php?rest_route=\/wp\/v2\/product\/16908\/revisions"}],"predecessor-version":[{"id":18684,"href":"http:\/\/campingland24.com\/index.php?rest_route=\/wp\/v2\/product\/16908\/revisions\/18684"}],"wp:featuredmedia":[{"embeddable":true,"href":"http:\/\/campingland24.com\/index.php?rest_route=\/wp\/v2\/media\/16909"}],"wp:attachment":[{"href":"http:\/\/campingland24.com\/index.php?rest_route=%2Fwp%2Fv2%2Fmedia&parent=16908"}],"wp:term":[{"taxonomy":"product_cat","embeddable":true,"href":"http:\/\/campingland24.com\/index.php?rest_route=%2Fwp%2Fv2%2Fproduct_cat&post=16908"},{"taxonomy":"product_tag","embeddable":true,"href":"http:\/\/campingland24.com\/index.php?rest_route=%2Fwp%2Fv2%2Fproduct_tag&post=16908"}],"curies":[{"name":"wp","href":"https:\/\/api.w.org\/{rel}","templated":true}]}}