{"id":16955,"date":"2021-07-29T21:40:16","date_gmt":"2021-07-29T21:40:16","guid":{"rendered":"http:\/\/campingland24.com\/?product=brandit-m65-standard-outdoor-jacke-parka-m65-b-3108"},"modified":"2023-02-23T18:50:56","modified_gmt":"2023-02-23T18:50:56","slug":"brandit-m65-standard-outdoor-jacke-parka-m65-b-3108","status":"publish","type":"product","link":"http:\/\/campingland24.com\/?product=brandit-m65-standard-outdoor-jacke-parka-m65-b-3108","title":{"rendered":"Brandit M65 Standard Outdoor Jacke Parka M65 B-3108"},"content":{"rendered":"<p><!-- show up to 2 reviews by default --> <\/p>\n<p>Die M-65 ist eine h\u00fcftlange Feldjacke der US-Streitkr\u00e4fte. Ihre Robustheit und der bequeme Schnitt sind legend\u00e4r. Seit 1965 gesch\u00e4tzt, wirkte sie \u00fcber Jahrzehnte stilbildend auf die Mode ihrer Zeit und wurde zu einer Art pers\u00f6nlichem Markenzeichen mit Wiedererkennungswert. Die warme Innenjacke aus Polyester ist gesteppt und auskn\u00f6pfbar. Die Aussenjacke aus Baumwolle kann ohne Futter auch an k\u00fchlen Sommertagen getragen werden. Zudem befindet sich eine versteckte Baumwollkapuze im Kragen. F\u00fcr die perfekte Passform gibt es innenliegende H\u00fcftb\u00e4nder zur Weitenregulierung. Jede Menge Stauraum bieten je zwei Brust\/H\u00fcftpattentaschen mit Druckknopfverschluss. Nat\u00fcrlich sind die Schulterklappen mit Knopfverschluss und der \u00c4rmelabschluss mit verstellbarem Klett bei der M-65 unabk\u00f6mmlich. Produktinformation\/Material:Obermaterial: 65% Polyester, 35% BaumwolleFuttermaterial: 100% Polyester Gr\u00f6\u00dfe\/Ma\u00dfe: S &#8211; Brustweite (halber Umfang,von Achsel zu Achsel) 54 cm &#8211; Gesamtl\u00e4nge ab Schulter 74 cm &#8211; Arml\u00e4nge ab Schulter 61 cm M &#8211; Brustweite (halber Umfang,von Achsel zu Achsel) 58 cm &#8211; Gesamtl\u00e4nge ab Schulter 74 cm &#8211; Arml\u00e4nge ab Schulter 62 cm L &#8211; Brustweite (halber Umfang,von Achsel zu Achsel) 62 cm &#8211; Gesamtl\u00e4nge ab Schulter 74 cm &#8211; Arml\u00e4nge ab Schulter 63 cm XL &#8211; Brustweite (halber Umfang,von Achsel zu Achsel) 66 cm &#8211; Gesamtl\u00e4nge ab Schulter 76 cm &#8211; Arml\u00e4nge ab Schulter 64 cm XXL &#8211; Brustweite (halber Umfang,von Achsel zu Achsel) 71 cm &#8211; Gesamtl\u00e4nge ab Schulter 78 cm &#8211; Arml\u00e4nge ab Schulter 66 cm 3XL &#8211; Brustweite (halber Umfang,von Achsel zu Achsel) 75 cm &#8211; Gesamtl\u00e4nge ab Schulter 80 cm &#8211; Arml\u00e4nge ab Schulter 68 cm 4XL &#8211; Brustweite (halber Umfang,von Achsel zu Achsel) 78 cm &#8211; Gesamtl\u00e4nge ab Schulter 80 cm &#8211; Arml\u00e4nge ab Schulter 68 cm 5XL &#8211; Brustweite (halber Umfang,von Achsel zu Achsel) 81 cm &#8211; Gesamtl\u00e4nge ab Schulter 80 cm &#8211; Arml\u00e4nge ab Schulter 68 cm <\/p>\n<p>Klassischer Nachbau der legend\u00e4ren US Feldjacke<br \/>\npflegeleichtes und dennoch robustes Material<br \/>\nLangarm<br \/>\nVerschluss: Rei\u00dfverschluss<br \/>\n80% Polyester, 20% Baumwolle<br \/>\nBlouson<br \/>\nPflegehinweis: Maschinenw\u00e4sche linksrum 30\u00b0<br \/>\nModellnummer: 3108<br \/>\nauskn\u00f6pfbares Innenfutter<br \/>\nviel Stauraum durch mehrere Taschen<br \/>\nangenehmer Trage-Komfort<br \/>\n<div class=\"main-cross-sell\" data-asin=\"B01N76RURK\">\n\n\t<div class=\"WooZone-cross-sell-loader\">\n\t\t<div>\n\t\t\t<div id=\"floatingBarsG\">\n\t\t\t\t<div class=\"blockG\" id=\"rotateG_01\"><\/div>\n\t\t\t\t<div class=\"blockG\" id=\"rotateG_02\"><\/div>\n\t\t\t\t<div class=\"blockG\" id=\"rotateG_03\"><\/div>\n\t\t\t\t<div class=\"blockG\" id=\"rotateG_04\"><\/div>\n\t\t\t\t<div class=\"blockG\" id=\"rotateG_05\"><\/div>\n\t\t\t\t<div class=\"blockG\" id=\"rotateG_06\"><\/div>\n\t\t\t\t<div class=\"blockG\" id=\"rotateG_07\"><\/div>\n\t\t\t\t<div class=\"blockG\" id=\"rotateG_08\"><\/div>\n\t\t\t<\/div>\n\t\t\t<div class=\"WooZone-cross-sell-loader-text\"><\/div>\n\t\t<\/div>\n\t<\/div>\n\n\t\t\n<\/div>\n<div style=\"clear:both;\"><\/div><\/p>\n","protected":false},"excerpt":{"rendered":"<p>Klassischer Nachbau der legend\u00e4ren US Feldjacke<br \/>\npflegeleichtes und dennoch robustes Material<br \/>\nLangarm<\/p>\n","protected":false},"featured_media":16956,"comment_status":"open","ping_status":"closed","template":"","meta":[],"product_cat":[37],"product_tag":[],"_links":{"self":[{"href":"http:\/\/campingland24.com\/index.php?rest_route=\/wp\/v2\/product\/16955"}],"collection":[{"href":"http:\/\/campingland24.com\/index.php?rest_route=\/wp\/v2\/product"}],"about":[{"href":"http:\/\/campingland24.com\/index.php?rest_route=\/wp\/v2\/types\/product"}],"replies":[{"embeddable":true,"href":"http:\/\/campingland24.com\/index.php?rest_route=%2Fwp%2Fv2%2Fcomments&post=16955"}],"version-history":[{"count":3,"href":"http:\/\/campingland24.com\/index.php?rest_route=\/wp\/v2\/product\/16955\/revisions"}],"predecessor-version":[{"id":19842,"href":"http:\/\/campingland24.com\/index.php?rest_route=\/wp\/v2\/product\/16955\/revisions\/19842"}],"wp:featuredmedia":[{"embeddable":true,"href":"http:\/\/campingland24.com\/index.php?rest_route=\/wp\/v2\/media\/16956"}],"wp:attachment":[{"href":"http:\/\/campingland24.com\/index.php?rest_route=%2Fwp%2Fv2%2Fmedia&parent=16955"}],"wp:term":[{"taxonomy":"product_cat","embeddable":true,"href":"http:\/\/campingland24.com\/index.php?rest_route=%2Fwp%2Fv2%2Fproduct_cat&post=16955"},{"taxonomy":"product_tag","embeddable":true,"href":"http:\/\/campingland24.com\/index.php?rest_route=%2Fwp%2Fv2%2Fproduct_tag&post=16955"}],"curies":[{"name":"wp","href":"https:\/\/api.w.org\/{rel}","templated":true}]}}