{"id":17055,"date":"2021-07-29T21:40:59","date_gmt":"2021-07-29T21:40:59","guid":{"rendered":"http:\/\/campingland24.com\/?product=vaude-herren-hose-mens-farley-stretch-t-zip-pants-ii"},"modified":"2023-02-23T18:52:06","modified_gmt":"2023-02-23T18:52:06","slug":"vaude-herren-hose-mens-farley-stretch-t-zip-pants-ii","status":"publish","type":"product","link":"http:\/\/campingland24.com\/?product=vaude-herren-hose-mens-farley-stretch-t-zip-pants-ii","title":{"rendered":"VAUDE Herren Hose Men&#8217;s Farley Stretch T-Zip Pants Ii"},"content":{"rendered":"<p><!-- show up to 2 reviews by default --> <\/p>\n<p>Unser Klassiker mit T-Zips! \u00c4u\u00dferst bequeme Wander- und Trekkinghose mit abnehmbaren Beinen aus umweltfreundlichem, bluesign zertifiziertem Material. Macht auf jeder Reise eine gute Figur. Der bequeme Hosenbund, der hohe Stretchanteil und die vorgeformten Kniepartien bieten sehr hohen Tragekomfort. Der pflegeleichte, schnelltrocknende Stoff sorgt f\u00fcr zuverl\u00e4ssige Funktionalit\u00e4t. Mit Rei\u00dfverschlusstaschen f\u00fcr mehr Sicherheit gegen Langfinger. Dieses Produkt ist mit Eco Finish umweltfreundlich wasserabweisend ohne Fluorcarbone (PFC) hergestellt. Green Shape ist Deine VAUDE Garantie f\u00fcr umweltfreundliche Produkte &#8211; aus nachhaltigen Materialien und ressourcen-schonender Herstellung. <\/p>\n<p>Men&#8217;s Farley Stretch T-Zip Pants II<br \/>\nElastische, abzippbare Hose zum Wandern: pflegeleicht, trocknet schnell<br \/>\nVerschluss: Rei\u00dfverschluss<br \/>\nHauptstoff: 89% Polyamid, 11% Elastan<br \/>\nMen&#8217;s Farley Stretch T-Zip Pants II<br \/>\nModellnummer: 4575<br \/>\nSehr bequeme Wanderhose: \u00c4u\u00dferst bequeme Wander- und Trekkinghose mit abnehmbaren Beinen aus umweltfreundlichem, bluesign zertifiziertem Material<br \/>\nHoher Tragekomfort: Der bequeme Hosenbund, der hohe Stretchanteil und die vorgeformten Kniepartien bieten sehr hohen Tragekomfort<br \/>\nZuverl\u00e4ssige Funktionalit\u00e4t: Der pflegeleichte, schnelltrocknende Stoff sorgt f\u00fcr zuverl\u00e4ssige Funktionalit\u00e4t<br \/>\nDas VAUDE Green Shape-Label steht f\u00fcr ein umweltfreundliches, funktionelles Produkt aus nachhaltigen Materialien.<br \/>\n<div class=\"main-cross-sell\" data-asin=\"B00CWVAWWQ\">\n\n\t<div class=\"WooZone-cross-sell-loader\">\n\t\t<div>\n\t\t\t<div id=\"floatingBarsG\">\n\t\t\t\t<div class=\"blockG\" id=\"rotateG_01\"><\/div>\n\t\t\t\t<div class=\"blockG\" id=\"rotateG_02\"><\/div>\n\t\t\t\t<div class=\"blockG\" id=\"rotateG_03\"><\/div>\n\t\t\t\t<div class=\"blockG\" id=\"rotateG_04\"><\/div>\n\t\t\t\t<div class=\"blockG\" id=\"rotateG_05\"><\/div>\n\t\t\t\t<div class=\"blockG\" id=\"rotateG_06\"><\/div>\n\t\t\t\t<div class=\"blockG\" id=\"rotateG_07\"><\/div>\n\t\t\t\t<div class=\"blockG\" id=\"rotateG_08\"><\/div>\n\t\t\t<\/div>\n\t\t\t<div class=\"WooZone-cross-sell-loader-text\"><\/div>\n\t\t<\/div>\n\t<\/div>\n\n\t\t\n<\/div>\n<div style=\"clear:both;\"><\/div><\/p>\n","protected":false},"excerpt":{"rendered":"<p>Men&#8217;s Farley Stretch T-Zip Pants II<br \/>\nElastische, abzippbare Hose zum Wandern: pflegeleicht, trocknet schnell<br \/>\nVerschluss: Rei\u00dfverschluss<\/p>\n","protected":false},"featured_media":17056,"comment_status":"open","ping_status":"closed","template":"","meta":[],"product_cat":[37],"product_tag":[],"_links":{"self":[{"href":"http:\/\/campingland24.com\/index.php?rest_route=\/wp\/v2\/product\/17055"}],"collection":[{"href":"http:\/\/campingland24.com\/index.php?rest_route=\/wp\/v2\/product"}],"about":[{"href":"http:\/\/campingland24.com\/index.php?rest_route=\/wp\/v2\/types\/product"}],"replies":[{"embeddable":true,"href":"http:\/\/campingland24.com\/index.php?rest_route=%2Fwp%2Fv2%2Fcomments&post=17055"}],"version-history":[{"count":3,"href":"http:\/\/campingland24.com\/index.php?rest_route=\/wp\/v2\/product\/17055\/revisions"}],"predecessor-version":[{"id":20153,"href":"http:\/\/campingland24.com\/index.php?rest_route=\/wp\/v2\/product\/17055\/revisions\/20153"}],"wp:featuredmedia":[{"embeddable":true,"href":"http:\/\/campingland24.com\/index.php?rest_route=\/wp\/v2\/media\/17056"}],"wp:attachment":[{"href":"http:\/\/campingland24.com\/index.php?rest_route=%2Fwp%2Fv2%2Fmedia&parent=17055"}],"wp:term":[{"taxonomy":"product_cat","embeddable":true,"href":"http:\/\/campingland24.com\/index.php?rest_route=%2Fwp%2Fv2%2Fproduct_cat&post=17055"},{"taxonomy":"product_tag","embeddable":true,"href":"http:\/\/campingland24.com\/index.php?rest_route=%2Fwp%2Fv2%2Fproduct_tag&post=17055"}],"curies":[{"name":"wp","href":"https:\/\/api.w.org\/{rel}","templated":true}]}}