{"id":17185,"date":"2021-07-29T21:45:35","date_gmt":"2021-07-29T21:45:35","guid":{"rendered":"http:\/\/campingland24.com\/?product=name-it-jungen-nkmsweat-pant-unb-noos-trainingshose"},"modified":"2023-02-23T18:52:09","modified_gmt":"2023-02-23T18:52:09","slug":"name-it-jungen-nkmsweat-pant-unb-noos-trainingshose","status":"publish","type":"product","link":"http:\/\/campingland24.com\/?product=name-it-jungen-nkmsweat-pant-unb-noos-trainingshose","title":{"rendered":"NAME IT Baby-Jungen Nkmsweat Pant Unb Noos Jogginghose"},"content":{"rendered":"<p><!-- show up to 2 reviews by default --> <\/p>\n<p>Nachhaltige Jogginghose aus Bio Baumwolle mit elastischem Tunnelzug von NAME IT. <\/p>\n<p>S\u00fc\u00dfe Jacke in dunkelblau, die mit einem t\u00fckisfarbenem Stern versehen. Mit weichem Baumwolljersey sind Kapuze und Rumpf der NAME IT Jacke f\u00fcr Jungen gef\u00fcttert und verw\u00f6hnen so die Haut.<br \/>\nabkn\u00f6pfbare Kapuze<br \/>\nVerschluss: Elastischer Bund<br \/>\n80% Baumwolle, 20% Polyester<br \/>\nModellnummer: 13153684<br \/>\nRaglan\u00e4rmel mit reflektierender Paspel<br \/>\nmit K\u00e4ngurutasche<br \/>\n\u00c4rmelsaum mit innenliegenden Rippb\u00fcndchen<br \/>\n<div class=\"main-cross-sell\" data-asin=\"B075N76LG4\">\n\n\t<div class=\"WooZone-cross-sell-loader\">\n\t\t<div>\n\t\t\t<div id=\"floatingBarsG\">\n\t\t\t\t<div class=\"blockG\" id=\"rotateG_01\"><\/div>\n\t\t\t\t<div class=\"blockG\" id=\"rotateG_02\"><\/div>\n\t\t\t\t<div class=\"blockG\" id=\"rotateG_03\"><\/div>\n\t\t\t\t<div class=\"blockG\" id=\"rotateG_04\"><\/div>\n\t\t\t\t<div class=\"blockG\" id=\"rotateG_05\"><\/div>\n\t\t\t\t<div class=\"blockG\" id=\"rotateG_06\"><\/div>\n\t\t\t\t<div class=\"blockG\" id=\"rotateG_07\"><\/div>\n\t\t\t\t<div class=\"blockG\" id=\"rotateG_08\"><\/div>\n\t\t\t<\/div>\n\t\t\t<div class=\"WooZone-cross-sell-loader-text\"><\/div>\n\t\t<\/div>\n\t<\/div>\n\n\t\t\n<\/div>\n<div style=\"clear:both;\"><\/div><\/p>\n","protected":false},"excerpt":{"rendered":"<p>S\u00fc\u00dfe Jacke in dunkelblau, die mit einem t\u00fckisfarbenem Stern versehen. Mit weichem Baumwolljersey sind Kapuze und Rumpf der NAME IT Jacke f\u00fcr Jungen gef\u00fcttert und verw\u00f6hnen so die Haut.<br \/>\nabkn\u00f6pfbare Kapuze<br \/>\nVerschluss: Elastischer Bund<\/p>\n","protected":false},"featured_media":17186,"comment_status":"open","ping_status":"closed","template":"","meta":[],"product_cat":[37],"product_tag":[],"_links":{"self":[{"href":"http:\/\/campingland24.com\/index.php?rest_route=\/wp\/v2\/product\/17185"}],"collection":[{"href":"http:\/\/campingland24.com\/index.php?rest_route=\/wp\/v2\/product"}],"about":[{"href":"http:\/\/campingland24.com\/index.php?rest_route=\/wp\/v2\/types\/product"}],"replies":[{"embeddable":true,"href":"http:\/\/campingland24.com\/index.php?rest_route=%2Fwp%2Fv2%2Fcomments&post=17185"}],"version-history":[{"count":5,"href":"http:\/\/campingland24.com\/index.php?rest_route=\/wp\/v2\/product\/17185\/revisions"}],"predecessor-version":[{"id":20147,"href":"http:\/\/campingland24.com\/index.php?rest_route=\/wp\/v2\/product\/17185\/revisions\/20147"}],"wp:featuredmedia":[{"embeddable":true,"href":"http:\/\/campingland24.com\/index.php?rest_route=\/wp\/v2\/media\/17186"}],"wp:attachment":[{"href":"http:\/\/campingland24.com\/index.php?rest_route=%2Fwp%2Fv2%2Fmedia&parent=17185"}],"wp:term":[{"taxonomy":"product_cat","embeddable":true,"href":"http:\/\/campingland24.com\/index.php?rest_route=%2Fwp%2Fv2%2Fproduct_cat&post=17185"},{"taxonomy":"product_tag","embeddable":true,"href":"http:\/\/campingland24.com\/index.php?rest_route=%2Fwp%2Fv2%2Fproduct_tag&post=17185"}],"curies":[{"name":"wp","href":"https:\/\/api.w.org\/{rel}","templated":true}]}}