{"id":17486,"date":"2021-07-29T21:56:17","date_gmt":"2021-07-29T21:56:17","guid":{"rendered":"http:\/\/campingland24.com\/?product=philips-sdv8622-aktive-dvb-t-aussen-antenne-40db"},"modified":"2023-02-23T18:53:29","modified_gmt":"2023-02-23T18:53:29","slug":"philips-sdv8622-aktive-dvb-t-aussen-antenne-40db","status":"publish","type":"product","link":"http:\/\/campingland24.com\/?product=philips-sdv8622-aktive-dvb-t-aussen-antenne-40db","title":{"rendered":"Philips SDV8622 Aktive DVB-T Au\u00dfen Antenne (40dB)"},"content":{"rendered":"<p><!-- show up to 2 reviews by default --> <\/p>\n<h3>Produktbeschreibung<\/h3>\n<\/p>\n<div class=\"aplus\">\n<div class=\"rightImage\"><a href=\"https:\/\/images-eu.ssl-images-amazon.com\/images\/G\/03\/electronics\/detail-page\/philips\/SDV8622_1_L.jpg\"><img loading=\"lazy\" src=\"https:\/\/images-eu.ssl-images-amazon.com\/images\/G\/03\/electronics\/detail-page\/philips\/SDV8622_1_S.jpg\" width=\"300\" height=\"212\" alt=\"This antenna has a weatherproof, paintable surface, making it perfect for mounting indoors or outside.\"><\/a> <\/p>\n<div class=\"imageCaption\">Diese Antenne hat eine witterungsbest\u00e4ndige, lackierbare Oberfl\u00e4che und kann leicht drinnen und drau\u00dfen eingesetzt werden. <a href=\"https:\/\/images-eu.ssl-images-amazon.com\/images\/G\/03\/electronics\/detail-page\/philips\/SDV8622_1_L.jpg\">Klicken Sie hier f\u00fcr ein gr\u00f6\u00dferes Bild<\/a>.<\/div>\n<\/p><\/div>\n<h4>Verbesserter digitaler Empfang 40-dB-Verst\u00e4rkerantenne<\/h4>\n<p>Diese Innen-\/Au\u00dfenantenne mit Verst\u00e4rker bietet ausgezeichneten analogen und digitalen Empfang. Das kompakte Design und die verschiedenen Befestigungsm\u00f6glichkeiten sorgen f\u00fcr eine einfache Installation. Informationen zu Anschlussoptionen finden Sie im Benutzerhandbuch der Set-Top-Box.<\/p>\n<h5>40 dB Verst\u00e4rkung <\/h5>\n<p>Schwache Signale werden mit bis zu 40 dB verst\u00e4rkt. Damit erweitert sich Ihr Empfangsbereich, und Sie k\u00f6nnen mehr Signale aus gr\u00f6\u00dferer Entfernung gut empfangen.<\/p>\n<h5>Besonders kompaktes Design <\/h5>\n<p>Das kompakte Panel-Design dieser Antenne erm\u00f6glicht eine einfache Positionierung im Innen- oder Au\u00dfenbereich, damit Sie den optimalen Standort f\u00fcr die Antenne verwenden k\u00f6nnen.<\/p>\n<h5>Verschiedene Montageoptionen <\/h5>\n<p>Diese Antenne kann auf drei Arten befestigt werden: an einem Mast, an der Wand oder an Gel\u00e4ndern. Sie sind voll flexibel bei der Platzierung der Antenne, sodass Sie die Position finden, an der Sie das bestm\u00f6gliche Signal erhalten und Ihr Ger\u00e4t perfekt aufgestellt ist.<\/p>\n<h5>Witterungsbest\u00e4ndig und bemalbar <\/h5>\n<p>Die Antenne kann sich einfach in Ihr Zuhause und Ihre M\u00f6bel einf\u00fcgen. Sie hat eine witterungsbest\u00e4ndige und lackierbare Oberfl\u00e4che, sodass sie leicht in verschiedensten Umgebungen aufgebaut werden kann, sowohl drinnen als auch drau\u00dfen.<\/p>\n<h5>Filter zur Rauschreduzierung <\/h5>\n<p>Diese Antenne verf\u00fcgt \u00fcber einen Signalfilter. Dieser hilft bei der Entfernung des Hintergrundrauschens aus \u00dcbertragungen, damit Sie auch in Bereichen mit schwachem Empfang immer ein klares Bild haben.<\/p>\n<h5>Ohne PVC und bromierte Flammschutzmittel <\/h5>\n<p>Dieses Produkt enth\u00e4lt zum Schutz der Umwelt kein PVC und keine bromierten Flammschutzmittel.<\/p>\n<h4>Weitere Informationen finden Sie im Philips Store<\/h4>\n<p>Beachten Sie auch den <a href=\"http:\/\/www.amazon.de\/Philips\/b\/?ie=UTF8&amp;node=225598031&amp;pf_rd_m=A3JWKAKR8XB7XF&amp;pf_rd_s=left-1&amp;pf_rd_r=0PVD30P2SKA1CDR2PGYE&amp;pf_rd_t=101&amp;pf_rd_p=248126627&amp;pf_rd_i=562066\">Philips Electronics Store<\/a> bei Amazon.de, um weitere fantastische Ideen f\u00fcr <a href=\"http:\/\/www.amazon.de\/s\/?ie=UTF8&amp;rh=n%3A1197292%2Cp_4%3APhilips&amp;pf_rd_m=A3JWKAKR8XB7XF&amp;pf_rd_s=center-2&amp;pf_rd_r=0QW3HNTS4R51Q7G6690R&amp;pf_rd_t=101&amp;pf_rd_p=473240473&amp;pf_rd_i=225598031#\/ref=sr_nr_p_6_0?rh=n%3A562066%2Cn%3A!569604%2Cn%3A761254%2Cn%3A294236011%2Cn%3A1197292%2Cp_4%3APhilips%2Cp_6%3AA3JWKAKR8XB7XF&amp;bbn=1197292&amp;ie=UTF8&amp;qid=1312294864&amp;rnid=367783011\">TV<\/a>, <a href=\"http:\/\/www.amazon.de\/s\/?ie=UTF8&amp;rh=n%3A562066%2Cp_4%3APhilips%2Cp_50%3A(browse%3A359543011%20or%20761258%20or%20359542011%20or%20571792)&amp;pf_rd_m=A3JWKAKR8XB7XF&amp;pf_rd_s=center-2&amp;pf_rd_r=0QW3HNTS4R51Q7G6690R&amp;pf_rd_t=101&amp;pf_rd_p=473240473&amp;pf_rd_i=225598031\">Video<\/a> und <a href=\"http:\/\/www.amazon.de\/s\/?ie=UTF8&amp;rh=n%3A562066%2Cp_4%3APhilips%2Cp_50%3A(browse%3A571712%20or%20571760)&amp;pf_rd_m=A3JWKAKR8XB7XF&amp;pf_rd_s=center-2&amp;pf_rd_r=0QW3HNTS4R51Q7G6690R&amp;pf_rd_t=101&amp;pf_rd_p=473240473&amp;pf_rd_i=225598031#\/ref=sr_nr_p_6_0?rh=n%3A562066%2Cp_4%3APhilips%2Cp_50%3A(browse%3A571712+or+571760)%2Cp_6%3AA3JWKAKR8XB7XF&amp;bbn=562066&amp;ie=UTF8&amp;qid=1312294944&amp;rnid=367783011\">Audio<\/a> zu finden. Sehen Sie sich die vollst\u00e4ndige Auswahl an <a href=\"http:\/\/www.amazon.de\/s\/?ie=UTF8&amp;rh=n%3A571752%2Cp_4%3APhilips&amp;pf_rd_m=A3JWKAKR8XB7XF&amp;pf_rd_s=center-2&amp;pf_rd_r=0QW3HNTS4R51Q7G6690R&amp;pf_rd_t=101&amp;pf_rd_p=473240473&amp;pf_rd_i=225598031#\/ref=sr_nr_p_6_0?rh=n%3A562066%2Cn%3A!569604%2Cn%3A569866%2Cn%3A316956011%2Cn%3A571752%2Cp_4%3APhilips%2Cp_6%3AA3JWKAKR8XB7XF&amp;bbn=571752&amp;ie=UTF8&amp;qid=1312296871&amp;rnid=367783011\">Universal-Fernbedienungen<\/a> an, um das f\u00fcr Sie am besten geeignete Ger\u00e4t zu finden. Sind Sie auf der Suche nach etwas anderem? Probieren Sie es doch einmal mit einem <a href=\"http:\/\/www.amazon.de\/s\/?ie=UTF8&amp;rh=n%3A571752%2Cp_4%3APhilips&amp;pf_rd_m=A3JWKAKR8XB7XF&amp;pf_rd_s=center-2&amp;pf_rd_r=0QW3HNTS4R51Q7G6690R&amp;pf_rd_t=101&amp;pf_rd_p=473240473&amp;pf_rd_i=225598031#\/ref=sr_nr_p_6_0?rh=n%3A562066%2Cn%3A!569604%2Cn%3A569866%2Cn%3A316956011%2Cn%3A571752%2Cp_4%3APhilips%2Cp_6%3AA3JWKAKR8XB7XF&amp;bbn=571752&amp;ie=UTF8&amp;qid=1312296871&amp;rnid=367783011\">5.1 Heimkinosystem<\/a> f\u00fcr noch besseres Filmerlebnis Zuhause, oder machen Sie das Beste aus Ihrer Musik mit einer <a href=\"http:\/\/www.amazon.de\/gp\/feature.html\/?ie=UTF8&amp;docId=1000465213&amp;pf_rd_m=A3JWKAKR8XB7XF&amp;pf_rd_s=right-2&amp;pf_rd_r=0QW3HNTS4R51Q7G6690R&amp;pf_rd_t=101&amp;pf_rd_p=230523007&amp;pf_rd_i=225598031\">iPod\/iPhone Docking Station<\/a>.<\/p>\n<\/p><\/div>\n<\/p>\n<h3>Rechtliche Hinweise<\/h3>\n<p>Neuware vom Fachh\u00e4ndler <\/p>\n<p>Geben Sie Ihr Modell ein, um sicherzustellen, dass dieser Artikel passt.<br \/>\nF\u00fcr eine optimale Signalst\u00e4rke: Verst\u00e4rkung von bis zu 40 dB<br \/>\nBesonders kompaktes Design f\u00fcr einfache Installation<br \/>\nVerschiedene Montageoptionen f\u00fcr einfache Installation<br \/>\nWitterungsbest\u00e4ndige, bemalbare Oberfl\u00e4che zur individuellen Gestaltung<br \/>\nIm Lieferumfang enthalten: Benutzerhandbuch<br \/>\n<div class=\"main-cross-sell\" data-asin=\"B004NROUNE\">\n\n\t<div class=\"WooZone-cross-sell-loader\">\n\t\t<div>\n\t\t\t<div id=\"floatingBarsG\">\n\t\t\t\t<div class=\"blockG\" id=\"rotateG_01\"><\/div>\n\t\t\t\t<div class=\"blockG\" id=\"rotateG_02\"><\/div>\n\t\t\t\t<div class=\"blockG\" id=\"rotateG_03\"><\/div>\n\t\t\t\t<div class=\"blockG\" id=\"rotateG_04\"><\/div>\n\t\t\t\t<div class=\"blockG\" id=\"rotateG_05\"><\/div>\n\t\t\t\t<div class=\"blockG\" id=\"rotateG_06\"><\/div>\n\t\t\t\t<div class=\"blockG\" id=\"rotateG_07\"><\/div>\n\t\t\t\t<div class=\"blockG\" id=\"rotateG_08\"><\/div>\n\t\t\t<\/div>\n\t\t\t<div class=\"WooZone-cross-sell-loader-text\"><\/div>\n\t\t<\/div>\n\t<\/div>\n\n\t\t\n<\/div>\n<div style=\"clear:both;\"><\/div><\/p>\n","protected":false},"excerpt":{"rendered":"<p>Geben Sie Ihr Modell ein, um sicherzustellen, dass dieser Artikel passt.<br \/>\nF\u00fcr eine optimale Signalst\u00e4rke: Verst\u00e4rkung von bis zu 40 dB<br \/>\nBesonders kompaktes Design f\u00fcr einfache Installation<\/p>\n","protected":false},"featured_media":17487,"comment_status":"open","ping_status":"closed","template":"","meta":[],"product_cat":[6948],"product_tag":[],"_links":{"self":[{"href":"http:\/\/campingland24.com\/index.php?rest_route=\/wp\/v2\/product\/17486"}],"collection":[{"href":"http:\/\/campingland24.com\/index.php?rest_route=\/wp\/v2\/product"}],"about":[{"href":"http:\/\/campingland24.com\/index.php?rest_route=\/wp\/v2\/types\/product"}],"replies":[{"embeddable":true,"href":"http:\/\/campingland24.com\/index.php?rest_route=%2Fwp%2Fv2%2Fcomments&post=17486"}],"version-history":[{"count":1,"href":"http:\/\/campingland24.com\/index.php?rest_route=\/wp\/v2\/product\/17486\/revisions"}],"predecessor-version":[{"id":18834,"href":"http:\/\/campingland24.com\/index.php?rest_route=\/wp\/v2\/product\/17486\/revisions\/18834"}],"wp:featuredmedia":[{"embeddable":true,"href":"http:\/\/campingland24.com\/index.php?rest_route=\/wp\/v2\/media\/17487"}],"wp:attachment":[{"href":"http:\/\/campingland24.com\/index.php?rest_route=%2Fwp%2Fv2%2Fmedia&parent=17486"}],"wp:term":[{"taxonomy":"product_cat","embeddable":true,"href":"http:\/\/campingland24.com\/index.php?rest_route=%2Fwp%2Fv2%2Fproduct_cat&post=17486"},{"taxonomy":"product_tag","embeddable":true,"href":"http:\/\/campingland24.com\/index.php?rest_route=%2Fwp%2Fv2%2Fproduct_tag&post=17486"}],"curies":[{"name":"wp","href":"https:\/\/api.w.org\/{rel}","templated":true}]}}