{"id":17639,"date":"2021-07-29T22:02:34","date_gmt":"2021-07-29T22:02:34","guid":{"rendered":"http:\/\/campingland24.com\/?product=megasat-1500170-sat-anlage-campingman-portable-2"},"modified":"2023-02-23T18:53:33","modified_gmt":"2023-02-23T18:53:33","slug":"megasat-1500170-sat-anlage-campingman-portable-2","status":"publish","type":"product","link":"http:\/\/campingland24.com\/?product=megasat-1500170-sat-anlage-campingman-portable-2","title":{"rendered":"Megasat 1500170 Sat-Anlage Campingman Portable 2"},"content":{"rendered":"<p><!-- show up to 2 reviews by default --> <\/p>\n<p>Vollautomatische mobile Sat-Anlage mit Auto Skew und Twin-LNB zum Anschluss eines 2. Receivers. Durch ihre mobile und kleine Bauweise &#8211; sie ist jetzt noch kleiner und leichter als das Vorg\u00e4ngermodell Campingman Portable erm\u00f6glicht sie einen flexiblen Einsatz und kann an jedem beliebigen Platz mit freier Sicht zum Satelliten aufgestellt werden. B\u00e4ume und andere im Weg stehende Hindernisse lassen sich somit problemlos umgehen. Der Transport erfolgt einfach durch den am Geh\u00e4use angebrachten Tragegriff. Der Anschluss erfolgt mit nur einem Kabel, auf Knopfdruck findet die Anlage innerhalb von 1-2 Minuten den eingestellten Satelliten und liefert mit ihrem 38 cm Spiegel hervorragenden Empfang. Das Steuerger\u00e4t ist vorprogrammiert auf Astra 1, Astra 2, Astra 3, Astra 4, Hotbird, Thor, Hispasat und T\u00fcrksat. Technische Daten: Universal-Twin-LNB Elevation \/ Neigungswinkel 0\u00b0 &#8211; 90\u00b0 Azimuth \/ Suchwinkel 360\u00b0 Stromversorgung 12 Volt Verbrauch im Suchmodus max. 33 Watt Betriebstemperatur -20 \u00b0C &#8211; +70 \u00b0C Abmessungen \u00f8 45 x H 39 cm Gewicht der Au\u00dfeneinheit 4,5 kg Abmessungen Steuerbox B 20 x T 13,4 x H 4,5 cm Lieferumfang: Au\u00dfeneinheit mit 2 Anschlusskabeln (L\u00e4nge 2 x 10 m) Steuerbox Diebstahlsicherung Verbindungskabel zwischen Steuerger\u00e4t und Receiver (L\u00e4nge 1 m). <\/p>\n<p>1 St\u00fcck<br \/>\nSehr effizient<br \/>\nEinfach zu verwenden<br \/>\n<div class=\"main-cross-sell\" data-asin=\"B076VTH2NV\">\n\n\t<div class=\"WooZone-cross-sell-loader\">\n\t\t<div>\n\t\t\t<div id=\"floatingBarsG\">\n\t\t\t\t<div class=\"blockG\" id=\"rotateG_01\"><\/div>\n\t\t\t\t<div class=\"blockG\" id=\"rotateG_02\"><\/div>\n\t\t\t\t<div class=\"blockG\" id=\"rotateG_03\"><\/div>\n\t\t\t\t<div class=\"blockG\" id=\"rotateG_04\"><\/div>\n\t\t\t\t<div class=\"blockG\" id=\"rotateG_05\"><\/div>\n\t\t\t\t<div class=\"blockG\" id=\"rotateG_06\"><\/div>\n\t\t\t\t<div class=\"blockG\" id=\"rotateG_07\"><\/div>\n\t\t\t\t<div class=\"blockG\" id=\"rotateG_08\"><\/div>\n\t\t\t<\/div>\n\t\t\t<div class=\"WooZone-cross-sell-loader-text\"><\/div>\n\t\t<\/div>\n\t<\/div>\n\n\t\t\n<\/div>\n<div style=\"clear:both;\"><\/div><\/p>\n","protected":false},"excerpt":{"rendered":"<p>1 St\u00fcck<br \/>\nSehr effizient<br \/>\nEinfach zu verwenden<\/p>\n","protected":false},"featured_media":17640,"comment_status":"open","ping_status":"closed","template":"","meta":[],"product_cat":[6949],"product_tag":[],"_links":{"self":[{"href":"http:\/\/campingland24.com\/index.php?rest_route=\/wp\/v2\/product\/17639"}],"collection":[{"href":"http:\/\/campingland24.com\/index.php?rest_route=\/wp\/v2\/product"}],"about":[{"href":"http:\/\/campingland24.com\/index.php?rest_route=\/wp\/v2\/types\/product"}],"replies":[{"embeddable":true,"href":"http:\/\/campingland24.com\/index.php?rest_route=%2Fwp%2Fv2%2Fcomments&post=17639"}],"version-history":[{"count":1,"href":"http:\/\/campingland24.com\/index.php?rest_route=\/wp\/v2\/product\/17639\/revisions"}],"predecessor-version":[{"id":18874,"href":"http:\/\/campingland24.com\/index.php?rest_route=\/wp\/v2\/product\/17639\/revisions\/18874"}],"wp:featuredmedia":[{"embeddable":true,"href":"http:\/\/campingland24.com\/index.php?rest_route=\/wp\/v2\/media\/17640"}],"wp:attachment":[{"href":"http:\/\/campingland24.com\/index.php?rest_route=%2Fwp%2Fv2%2Fmedia&parent=17639"}],"wp:term":[{"taxonomy":"product_cat","embeddable":true,"href":"http:\/\/campingland24.com\/index.php?rest_route=%2Fwp%2Fv2%2Fproduct_cat&post=17639"},{"taxonomy":"product_tag","embeddable":true,"href":"http:\/\/campingland24.com\/index.php?rest_route=%2Fwp%2Fv2%2Fproduct_tag&post=17639"}],"curies":[{"name":"wp","href":"https:\/\/api.w.org\/{rel}","templated":true}]}}