{"id":17953,"date":"2021-07-30T08:35:38","date_gmt":"2021-07-30T08:35:38","guid":{"rendered":"http:\/\/campingland24.com\/?product=cmp-herren-rigel-mid-shoe-wp-trekking-wanderstiefel"},"modified":"2023-02-23T18:54:33","modified_gmt":"2023-02-23T18:54:33","slug":"cmp-herren-rigel-mid-shoe-wp-trekking-wanderstiefel","status":"publish","type":"product","link":"http:\/\/campingland24.com\/?product=cmp-herren-rigel-mid-shoe-wp-trekking-wanderstiefel","title":{"rendered":"CMP Herren Rigel Mid Wp Trekking-&amp; Wanderstiefel"},"content":{"rendered":"<p><!-- show up to 2 reviews by default --> <\/p>\n<p>Rigel ist ein wasserfester Bergwanderschuh, sportlich und modisch auch durch farblich abgesetzte Details. Eignet sich f\u00fcr nasse und trockene B\u00f6den dank der Konstruktion und Materialmischung der Sohle CMP fullon Grip. Garantiert maximalen Komfort und Stabilit\u00e4t durch die besondere St\u00fctze im Kn\u00f6chelbereich, abriebfeste Streifen aus Kevlar, zwischen sole aus EVA mit Ortholite und Fersen Schutz aus TPU auf der Innenseite. Die neue Ausf\u00fchrung der wasserdichten Membran Clima Protect ist jetzt noch widerstandsf\u00e4higer und atmungsaktiver. <\/p>\n<p>Obermaterial: Leder<br \/>\nInnenmaterial: Synthetik<br \/>\nSohle: Gummi<br \/>\nVerschluss: Schn\u00fcrsenkel<br \/>\nAbsatzh\u00f6he: 4.2 cm<br \/>\nAbsatzform: Flach<br \/>\nMaterialzusammensetzung: Leder,Textil<br \/>\nSchuhweite: Schmal<br \/>\nWasserabweisend<br \/>\n<div class=\"main-cross-sell\" data-asin=\"B07MN9M7TL\">\n\n\t<div class=\"WooZone-cross-sell-loader\">\n\t\t<div>\n\t\t\t<div id=\"floatingBarsG\">\n\t\t\t\t<div class=\"blockG\" id=\"rotateG_01\"><\/div>\n\t\t\t\t<div class=\"blockG\" id=\"rotateG_02\"><\/div>\n\t\t\t\t<div class=\"blockG\" id=\"rotateG_03\"><\/div>\n\t\t\t\t<div class=\"blockG\" id=\"rotateG_04\"><\/div>\n\t\t\t\t<div class=\"blockG\" id=\"rotateG_05\"><\/div>\n\t\t\t\t<div class=\"blockG\" id=\"rotateG_06\"><\/div>\n\t\t\t\t<div class=\"blockG\" id=\"rotateG_07\"><\/div>\n\t\t\t\t<div class=\"blockG\" id=\"rotateG_08\"><\/div>\n\t\t\t<\/div>\n\t\t\t<div class=\"WooZone-cross-sell-loader-text\"><\/div>\n\t\t<\/div>\n\t<\/div>\n\n\t\t\n<\/div>\n<div style=\"clear:both;\"><\/div><\/p>\n","protected":false},"excerpt":{"rendered":"<p>Obermaterial: Leder<br \/>\nInnenmaterial: Synthetik<br \/>\nSohle: Gummi<\/p>\n","protected":false},"featured_media":17954,"comment_status":"open","ping_status":"closed","template":"","meta":[],"product_cat":[7072,7073],"product_tag":[],"_links":{"self":[{"href":"http:\/\/campingland24.com\/index.php?rest_route=\/wp\/v2\/product\/17953"}],"collection":[{"href":"http:\/\/campingland24.com\/index.php?rest_route=\/wp\/v2\/product"}],"about":[{"href":"http:\/\/campingland24.com\/index.php?rest_route=\/wp\/v2\/types\/product"}],"replies":[{"embeddable":true,"href":"http:\/\/campingland24.com\/index.php?rest_route=%2Fwp%2Fv2%2Fcomments&post=17953"}],"version-history":[{"count":6,"href":"http:\/\/campingland24.com\/index.php?rest_route=\/wp\/v2\/product\/17953\/revisions"}],"predecessor-version":[{"id":20134,"href":"http:\/\/campingland24.com\/index.php?rest_route=\/wp\/v2\/product\/17953\/revisions\/20134"}],"wp:featuredmedia":[{"embeddable":true,"href":"http:\/\/campingland24.com\/index.php?rest_route=\/wp\/v2\/media\/17954"}],"wp:attachment":[{"href":"http:\/\/campingland24.com\/index.php?rest_route=%2Fwp%2Fv2%2Fmedia&parent=17953"}],"wp:term":[{"taxonomy":"product_cat","embeddable":true,"href":"http:\/\/campingland24.com\/index.php?rest_route=%2Fwp%2Fv2%2Fproduct_cat&post=17953"},{"taxonomy":"product_tag","embeddable":true,"href":"http:\/\/campingland24.com\/index.php?rest_route=%2Fwp%2Fv2%2Fproduct_tag&post=17953"}],"curies":[{"name":"wp","href":"https:\/\/api.w.org\/{rel}","templated":true}]}}