{"id":17977,"date":"2021-07-30T08:35:46","date_gmt":"2021-07-30T08:35:46","guid":{"rendered":"http:\/\/campingland24.com\/?product=salomon-herren-xa-pro-3d-v8-trail-running-schuhe"},"modified":"2023-02-23T18:54:33","modified_gmt":"2023-02-23T18:54:33","slug":"salomon-herren-xa-pro-3d-v8-trail-running-schuhe","status":"publish","type":"product","link":"http:\/\/campingland24.com\/?product=salomon-herren-xa-pro-3d-v8-trail-running-schuhe","title":{"rendered":"Salomon Herren Xa Pro 3D V8 Traillaufschuhe"},"content":{"rendered":"<p><!-- show up to 2 reviews by default --> <\/p>\n<p>Erleben Sie eine leichtere Variante des legend\u00e4ren XA Pro 3D. Der Schuh XA PRO 3D v8 ist ein Beispiel f\u00fcr einen treuen Begleiter auf all Ihren Outdoor-Abenteuern in jedem Gel\u00e4nde. Genie\u00dfen Sie langanhaltende Stabilit\u00e4t. &#8211; LEICHTIGKEIT &#8211; Erleben Sie einen leichten Schuh (340 g) f\u00fcr Ihr t\u00e4gliches Training. &#8211; D\u00c4MPFUNG &#8211; Die EnergyCell-Technologie in der Zwischensohle sowie die Ortholite-Sohle sorgen f\u00fcr maximalen Komfort \u00fcber den ganzen Tag. &#8211; SCHNELLSCHN\u00dcRSYSTEM &#8211; Das Quicklace-Schn\u00fcrsystem erm\u00f6glicht es Ihnen, Ihre Schuhe schnell an- und wieder ausziehen, ohne Knoten und Anstrengung. &#8211; PASSFORM UND SCHUTZ &#8211; Das Sensifit-System umschlie\u00dft den Fu\u00df optimal und bietet einen perfekten und festen Sitz. &#8211; SOHLE &#8211; Die Contagrip-Premium-Sohle besteht aus einem leichten und robusten Gummi, der Griffigkeit und Stabilit\u00e4t f\u00fcr sicheres Laufen auf nassen Oberfl\u00e4chen bietet. &#8211; STABILIT\u00c4T &#8211; Gr\u00f6\u00dferer seitlicher Halt dank des 3D-Chassis. <\/p>\n<p>Obermaterial: Synthetik<br \/>\nInnenmaterial: Synthetic<br \/>\nSohle: Gummi<br \/>\nVerschluss: Schnellverschluss<br \/>\nGr\u00f6\u00dfenhinweis: Regul\u00e4re Passform<br \/>\nSchuhweite: Schmal<br \/>\nNicht wasserdicht<br \/>\n<div class=\"main-cross-sell\" data-asin=\"B07WHDFKJF\">\n\n\t<div class=\"WooZone-cross-sell-loader\">\n\t\t<div>\n\t\t\t<div id=\"floatingBarsG\">\n\t\t\t\t<div class=\"blockG\" id=\"rotateG_01\"><\/div>\n\t\t\t\t<div class=\"blockG\" id=\"rotateG_02\"><\/div>\n\t\t\t\t<div class=\"blockG\" id=\"rotateG_03\"><\/div>\n\t\t\t\t<div class=\"blockG\" id=\"rotateG_04\"><\/div>\n\t\t\t\t<div class=\"blockG\" id=\"rotateG_05\"><\/div>\n\t\t\t\t<div class=\"blockG\" id=\"rotateG_06\"><\/div>\n\t\t\t\t<div class=\"blockG\" id=\"rotateG_07\"><\/div>\n\t\t\t\t<div class=\"blockG\" id=\"rotateG_08\"><\/div>\n\t\t\t<\/div>\n\t\t\t<div class=\"WooZone-cross-sell-loader-text\"><\/div>\n\t\t<\/div>\n\t<\/div>\n\n\t\t\n<\/div>\n<div style=\"clear:both;\"><\/div><\/p>\n","protected":false},"excerpt":{"rendered":"<p>Obermaterial: Synthetik<br \/>\nInnenmaterial: Synthetic<br \/>\nSohle: Gummi<\/p>\n","protected":false},"featured_media":17978,"comment_status":"open","ping_status":"closed","template":"","meta":[],"product_cat":[7072,7073],"product_tag":[],"_links":{"self":[{"href":"http:\/\/campingland24.com\/index.php?rest_route=\/wp\/v2\/product\/17977"}],"collection":[{"href":"http:\/\/campingland24.com\/index.php?rest_route=\/wp\/v2\/product"}],"about":[{"href":"http:\/\/campingland24.com\/index.php?rest_route=\/wp\/v2\/types\/product"}],"replies":[{"embeddable":true,"href":"http:\/\/campingland24.com\/index.php?rest_route=%2Fwp%2Fv2%2Fcomments&post=17977"}],"version-history":[{"count":4,"href":"http:\/\/campingland24.com\/index.php?rest_route=\/wp\/v2\/product\/17977\/revisions"}],"predecessor-version":[{"id":20048,"href":"http:\/\/campingland24.com\/index.php?rest_route=\/wp\/v2\/product\/17977\/revisions\/20048"}],"wp:featuredmedia":[{"embeddable":true,"href":"http:\/\/campingland24.com\/index.php?rest_route=\/wp\/v2\/media\/17978"}],"wp:attachment":[{"href":"http:\/\/campingland24.com\/index.php?rest_route=%2Fwp%2Fv2%2Fmedia&parent=17977"}],"wp:term":[{"taxonomy":"product_cat","embeddable":true,"href":"http:\/\/campingland24.com\/index.php?rest_route=%2Fwp%2Fv2%2Fproduct_cat&post=17977"},{"taxonomy":"product_tag","embeddable":true,"href":"http:\/\/campingland24.com\/index.php?rest_route=%2Fwp%2Fv2%2Fproduct_tag&post=17977"}],"curies":[{"name":"wp","href":"https:\/\/api.w.org\/{rel}","templated":true}]}}